-- https://www.phpmyadmin.net/
--
-- Gegenereerd op: 13 feb 2018 om 17:13
-- Serverversie: 10.1.28-MariaDB
-- PHP-versie: 5.6.32

START TRANSACTION;



--
-- Database: `blueco_mpd_fleet_manager`
--
CREATE DATABASE IF NOT EXISTS `blueco_mpd_fleet_manager` DEFAULT CHARACTER SET utf8 COLLATE utf8_general_ci;
USE `blueco_mpd_fleet_manager`;

-- --------------------------------------------------------

--
-- Tabelstructuur voor tabel `company`
--

CREATE TABLE `company` (
  `company_id` int(10) UNSIGNED NOT NULL,
  `name` varchar(255) COLLATE utf8_unicode_ci NOT NULL,
  `is_deleted` tinyint(1) DEFAULT '0'
) ENGINE=InnoDB DEFAULT CHARSET=utf8 COLLATE=utf8_unicode_ci;

--
-- Gegevens worden geëxporteerd voor tabel `company`
--

INSERT INTO `company` (`company_id`, `name`, `is_deleted`) VALUES
(1, 'Blueco', 0),
(2, 'DevelopMen', 0),
(3, 'Imperial', 0),
(4, 'Jorritsma Scheepvaart', 0),
(5, 'Vof Flora', 0),
(6, 'De Klerk Waterbouw', 0),
(7, 'Ms Jolien', 0),
(8, 'Vof Seine en Zoon', 0),
(9, 'Vof Scheepvaartbedrijf Aqua', 0),
(10, 'Rederij Cement Tankvaart BV', 0),
(11, 'Gebr. M. en K. van der Pol', 0),
(12, 'Duraship BV', 0),
(13, 'ERIKS Econosto', 0),
(14, 'Stefan', 1),
(15, 'Condor Ship BV', 0),
(16, 'Couach', 0),
(17, 'Dari BV', 0),
(18, 'Vof Van den Brink - Pals', 0),
(19, 'Van Oord Nederland BV', 0),
(20, 'Kilstroom BV', 0),
(21, 'independent', 1),
(22, 'Nedcargo', 0),
(23, 'Marine Power Drechtsteden BV', 0),
(24, 'Marine Power Drechtsteden BV', 1),
(25, 'Verschure Shipping BV', 0);

-- --------------------------------------------------------

--
-- Tabelstructuur voor tabel `crew`
--

CREATE TABLE `crew` (
  `crew_id` int(10) UNSIGNED NOT NULL,
  `name` varchar(255) COLLATE utf8_unicode_ci NOT NULL,
  `members` text COLLATE utf8_unicode_ci NOT NULL,
  `company_id` int(10) UNSIGNED NOT NULL,
  `is_deleted` tinyint(1) DEFAULT '0'
) ENGINE=InnoDB DEFAULT CHARSET=utf8 COLLATE=utf8_unicode_ci;

--
-- Gegevens worden geëxporteerd voor tabel `crew`
--

INSERT INTO `crew` (`crew_id`, `name`, `members`, `company_id`, `is_deleted`) VALUES
(1, ' rs', 'Robert en Sandra', 4, 0),
(2, 'ms-Flora', 'W.H. de Vries', 5, 0),
(3, 'ms-Flora', 'M.P. de Graaf', 5, 0),
(4, 'ms- Flora', 'T.G. Vink', 5, 0),
(5, 'Leo Verburg', '', 9, 0),
(6, 'MTS Calamus', 'Wout Visser\r\nRaymon Brand', 25, 0);

-- --------------------------------------------------------

--
-- Tabelstructuur voor tabel `crew_activity`
--

CREATE TABLE `crew_activity` (
  `trip_crew_id` int(11) NOT NULL,
  `ship_id` int(11) NOT NULL,
  `crew_id` int(10) UNSIGNED DEFAULT NULL,
  `crew_name_from_tripmanager` varchar(255) COLLATE utf8_unicode_ci NOT NULL,
  `date_start` datetime DEFAULT NULL,
  `date_stop` datetime DEFAULT NULL
) ENGINE=InnoDB DEFAULT CHARSET=utf8 COLLATE=utf8_unicode_ci;

--
-- Gegevens worden geëxporteerd voor tabel `crew_activity`
--

INSERT INTO `crew_activity` (`trip_crew_id`, `ship_id`, `crew_id`, `crew_name_from_tripmanager`, `date_start`, `date_stop`) VALUES
(2, 1, NULL, '2', '2016-01-20 05:56:48', '2016-06-06 12:57:48'),
(3, 1, NULL, '2', '2016-01-20 13:45:56', '2016-06-06 12:57:48'),
(4, 1, NULL, '2', '2016-01-21 08:28:36', '2016-06-06 12:57:48'),
(5, 1, NULL, '1', '2016-01-22 01:51:33', '2016-06-06 12:57:48'),
(6, 1, NULL, '2', '2016-01-22 15:52:26', '2016-06-06 12:57:48'),
(7, 1, NULL, '2', '2016-01-23 04:36:37', '2016-06-06 12:57:48'),
(8, 1, NULL, '2', '2016-01-23 13:29:24', '2016-06-06 12:57:48'),
(9, 1, NULL, '..1', '2016-01-23 21:06:07', '2016-06-06 12:57:48'),
(10, 1, NULL, '2', '2016-01-24 09:03:21', '2016-06-06 12:57:48'),
(11, 1, NULL, '1', '2016-01-24 20:45:44', '2016-06-06 12:57:48'),
(12, 1, NULL, '2', '2016-01-25 16:09:13', '2016-06-06 12:57:48'),
(13, 1, NULL, '2', '2016-01-26 07:55:45', '2016-06-06 12:57:48'),
(14, 1, NULL, '2', '2016-01-26 17:32:24', '2016-06-06 12:57:48'),
(15, 1, NULL, '1', '2016-01-27 01:12:53', '2016-06-06 12:57:48'),
(16, 1, NULL, '2', '2016-02-01 11:51:57', '2016-06-06 12:57:48'),
(17, 1, NULL, '2', '2016-02-01 20:22:55', '2016-06-06 12:57:48'),
(18, 1, NULL, '2', '2016-02-02 13:09:43', '2016-06-06 12:57:48'),
(19, 1, NULL, '2', '2016-02-02 21:48:13', '2016-06-06 12:57:48'),
(20, 1, NULL, '2', '2016-02-03 14:39:10', '2016-06-06 12:57:48'),
(21, 1, NULL, '1', '2016-02-03 23:02:07', '2016-06-06 12:57:48'),
(22, 1, NULL, '2', '2016-02-04 14:56:08', '2016-06-06 12:57:48'),
(23, 1, NULL, '1', '2016-02-05 01:17:36', '2016-06-06 12:57:48'),
(24, 1, NULL, '2', '2016-02-05 15:39:05', '2016-06-06 12:57:48'),
(25, 1, NULL, 'robert', '2016-02-06 00:50:14', '2016-06-06 12:57:48'),
(26, 1, NULL, '2', '2016-02-06 14:44:04', '2016-06-06 12:57:48'),
(27, 1, NULL, '1', '2016-02-07 00:29:51', '2016-06-06 12:57:48'),
(28, 1, NULL, '2', '2016-02-07 09:33:25', '2016-06-06 12:57:48'),
(29, 1, NULL, '1', '2016-02-07 21:02:37', '2016-06-06 12:57:48'),
(30, 1, NULL, '2', '2016-02-09 08:32:23', '2016-06-06 12:57:48'),
(31, 1, NULL, '2', '2016-02-09 20:24:09', '2016-06-06 12:57:48'),
(32, 1, NULL, '2', '2016-02-15 14:52:08', '2016-06-06 12:57:48'),
(33, 1, NULL, '1', '2016-02-16 04:52:17', '2016-06-06 12:57:48'),
(34, 1, NULL, '1', '2016-02-16 16:38:31', '2016-06-06 12:57:48'),
(35, 1, NULL, '2', '2016-02-17 10:24:17', '2016-06-06 12:57:48'),
(36, 1, NULL, '1', '2016-02-18 11:29:15', '2016-06-06 12:57:48'),
(37, 1, NULL, '1', '2016-02-19 00:11:01', '2016-06-06 12:57:48'),
(38, 1, NULL, '2', '2016-02-19 12:10:23', '2016-06-06 12:57:48'),
(39, 1, NULL, '1', '2016-02-20 00:17:41', '2016-06-06 12:57:48'),
(40, 1, NULL, '2', '2016-02-20 12:41:45', '2016-06-06 12:57:48'),
(41, 1, NULL, '1', '2016-02-21 04:06:59', '2016-06-06 12:57:48'),
(42, 1, NULL, '2', '2016-02-21 15:30:12', '2016-06-06 12:57:48'),
(43, 1, NULL, '2', '2016-02-22 04:03:57', '2016-06-06 12:57:48'),
(44, 1, NULL, '2', '2016-02-22 17:28:55', '2016-06-06 12:57:48'),
(45, 1, NULL, '1', '2016-02-23 00:56:12', '2016-06-06 12:57:48'),
(46, 1, NULL, '2', '2016-02-23 15:48:07', '2016-06-06 12:57:48'),
(47, 1, NULL, '2', '2016-02-24 13:07:16', '2016-06-06 12:57:48'),
(48, 1, NULL, '2', '2016-02-29 13:54:16', '2016-06-06 12:57:48'),
(49, 1, NULL, '2', '2016-03-01 10:08:28', '2016-06-06 12:57:48'),
(50, 1, NULL, '2', '2016-03-02 10:55:44', '2016-06-06 12:57:48'),
(51, 1, NULL, '2', '2016-03-03 15:00:23', '2016-06-06 12:57:48'),
(52, 1, NULL, '1', '2016-03-04 02:05:48', '2016-06-06 12:57:48'),
(53, 1, NULL, '2', '2016-03-04 09:29:38', '2016-06-06 12:57:48'),
(54, 1, NULL, '2', '2016-03-04 18:58:25', '2016-06-06 12:57:48'),
(55, 1, NULL, '2', '2016-03-05 15:57:21', '2016-06-06 12:57:48'),
(56, 1, NULL, '2', '2016-03-06 05:46:45', '2016-06-06 12:57:48'),
(57, 1, NULL, '2', '2016-03-06 17:47:04', '2016-06-06 12:57:48'),
(58, 1, NULL, '2', '2016-03-07 12:10:33', '2016-06-06 12:57:48'),
(59, 1, NULL, '2', '2016-03-08 05:02:32', '2016-06-06 12:57:48'),
(60, 1, NULL, '2', '2016-03-08 17:53:13', '2016-06-06 12:57:48'),
(61, 1, NULL, '2', '2016-03-09 02:12:35', '2016-06-06 12:57:48'),
(62, 4, NULL, '1', '2016-03-11 11:26:50', '2016-06-30 13:58:22'),
(63, 1, NULL, '2', '2016-03-14 12:53:39', '2016-06-06 12:57:48'),
(64, 1, NULL, '2', '2016-03-15 04:51:50', '2016-06-06 12:57:48'),
(65, 4, NULL, '1', '2016-03-15 09:52:36', '2016-06-30 13:58:22'),
(66, 1, NULL, '2', '2016-03-15 17:21:12', '2016-06-06 12:57:48'),
(67, 1, NULL, '2', '2016-03-16 04:04:48', '2016-06-06 12:57:48'),
(68, 1, NULL, '2', '2016-03-16 17:25:56', '2016-06-06 12:57:48'),
(69, 1, NULL, '2', '2016-03-17 10:33:17', '2016-06-06 12:57:48'),
(70, 1, NULL, '2', '2016-03-18 03:34:39', '2016-06-06 12:57:48'),
(71, 1, NULL, '2', '2016-03-18 16:47:39', '2016-06-06 12:57:48'),
(72, 4, NULL, 'Test', '2016-03-18 19:50:47', '2016-06-30 13:58:22'),
(73, 4, NULL, 'test', '2016-03-18 20:17:05', '2016-06-30 13:58:22'),
(74, 1, NULL, '1', '2016-03-19 01:14:19', '2016-06-06 12:57:48'),
(75, 1, NULL, '2', '2016-03-20 10:43:41', '2016-06-06 12:57:48'),
(76, 1, NULL, '2', '2016-03-20 17:48:40', '2016-06-06 12:57:48'),
(77, 1, NULL, '2', '2016-03-21 03:58:37', '2016-06-06 12:57:48'),
(78, 1, NULL, '2', '2016-03-21 18:41:05', '2016-06-06 12:57:48'),
(79, 1, NULL, '2', '2016-03-22 08:46:51', '2016-06-06 12:57:48'),
(80, 1, NULL, '2', '2016-03-22 17:57:45', '2016-06-06 12:57:48'),
(81, 1, NULL, '2', '2016-03-23 05:10:50', '2016-06-06 12:57:48'),
(82, 4, NULL, '1', '2016-03-24 13:21:08', '2016-06-30 13:58:22'),
(83, 7, NULL, 'test', '2016-03-25 11:19:07', '2016-06-03 12:48:03'),
(84, 7, NULL, 'test 1', '2016-03-26 12:44:17', '2016-06-03 12:48:03'),
(85, 1, NULL, '1', '2016-03-30 01:13:48', '2016-06-06 12:57:48'),
(86, 7, NULL, 'test2', '2016-03-30 13:33:35', '2016-06-03 12:48:03'),
(87, 1, NULL, '2', '2016-03-30 15:24:13', '2016-06-06 12:57:48'),
(88, 1, NULL, '1', '2016-03-30 22:02:23', '2016-06-06 12:57:48'),
(89, 1, NULL, '2', '2016-03-31 11:53:19', '2016-06-06 12:57:48'),
(90, 1, NULL, '2', '2016-04-01 03:51:58', '2016-06-06 12:57:48'),
(91, 7, NULL, 'test2', '2016-04-01 07:24:19', '2016-06-03 12:48:03'),
(92, 2, NULL, 'test', '2016-04-01 09:14:17', '2016-06-24 06:12:50'),
(93, 1, NULL, '2', '2016-04-01 16:43:01', '2016-06-06 12:57:48'),
(94, 1, NULL, '2', '2016-04-02 05:39:06', '2016-06-06 12:57:48'),
(95, 1, NULL, '2', '2016-04-02 13:38:08', '2016-06-06 12:57:48'),
(96, 1, NULL, '2', '2016-04-04 01:30:15', '2016-06-06 12:57:48'),
(97, 4, NULL, '1', '2016-04-04 09:48:14', '2016-06-30 13:58:22'),
(98, 1, NULL, '2', '2016-04-04 16:16:34', '2016-06-06 12:57:48'),
(99, 1, NULL, '2', '2016-04-05 04:19:57', '2016-06-06 12:57:48'),
(100, 1, NULL, '2', '2016-04-11 15:45:49', '2016-06-06 12:57:48'),
(101, 1, NULL, '2', '2016-04-12 04:28:45', '2016-06-06 12:57:48'),
(102, 1, NULL, '2', '2016-04-12 15:41:21', '2016-06-06 12:57:48'),
(103, 1, NULL, '2', '2016-04-13 07:06:20', '2016-06-06 12:57:48'),
(104, 1, NULL, '2', '2016-04-13 15:52:39', '2016-06-06 12:57:48'),
(105, 1, NULL, '2', '2016-04-14 06:44:05', '2016-06-06 12:57:48'),
(106, 1, NULL, '2', '2016-04-14 17:59:37', '2016-06-06 12:57:48'),
(107, 7, NULL, '1', '2016-04-20 10:30:13', '2016-06-03 12:48:03'),
(108, 8, NULL, 'seine', '2016-04-21 06:46:53', '2016-06-02 21:31:05'),
(109, 8, NULL, 'seine', '2016-04-25 20:18:59', '2016-06-02 21:31:05'),
(110, 7, NULL, 'dord-almelo', '2016-04-26 03:22:11', '2016-06-03 12:48:03'),
(111, 8, NULL, 'seine', '2016-04-27 13:30:52', '2016-06-02 21:31:05'),
(112, 8, NULL, 'seine', '2016-04-28 18:37:29', '2016-06-02 21:31:05'),
(113, 8, NULL, 'seine', '2016-04-28 18:37:29', '2016-06-02 21:31:05'),
(114, 8, NULL, 'seine', '2016-04-28 18:37:34', '2016-06-02 21:31:05'),
(115, 8, NULL, 'seine', '2016-04-28 18:37:44', '2016-06-02 21:31:05'),
(116, 8, NULL, 'seine', '2016-04-28 09:17:38', '2016-06-02 21:31:05'),
(117, 8, NULL, 'seine', '2016-04-27 10:02:29', '2016-06-02 21:31:05'),
(118, 8, NULL, 'seine', '2016-04-27 10:02:29', '2016-06-02 21:31:05'),
(119, 2, NULL, 'test', '2016-04-01 09:14:17', '2016-06-24 06:12:50'),
(120, 2, NULL, 'test', '2016-04-01 09:14:17', '2016-06-24 06:12:50'),
(121, 2, NULL, 'test', '2016-04-01 09:14:17', '2016-06-24 06:12:50'),
(122, 8, NULL, 'seine', '2016-05-03 19:46:48', '2016-06-02 21:31:05'),
(123, 8, NULL, 'seine', '2016-05-06 10:19:44', '2016-06-02 21:31:05'),
(124, 8, NULL, 'seine', '2016-05-09 15:55:12', '2016-06-02 21:31:05'),
(125, 7, NULL, 'henglo-Adam', '2016-05-10 04:21:38', '2016-06-03 12:48:03'),
(126, 8, NULL, 'seine', '2016-05-11 14:25:55', '2016-06-02 21:31:05'),
(127, 8, NULL, 'seine', '2016-05-19 07:19:56', '2016-06-02 21:31:05'),
(128, 8, NULL, 'seine', '2016-05-19 16:55:43', '2016-06-02 21:31:05'),
(129, 8, NULL, 'seine', '2016-05-19 16:55:44', '2016-06-02 21:31:05'),
(130, 8, NULL, 'seine', '2016-05-23 09:32:27', '2016-06-02 21:31:05'),
(131, 8, NULL, 'seine', '2016-05-23 16:37:40', '2016-06-02 21:31:05'),
(132, 8, NULL, 'seine', '2016-05-24 12:10:30', '2016-06-02 21:31:05'),
(133, 8, NULL, 'seine', '2016-05-27 09:25:07', '2016-06-02 21:31:05'),
(134, 9, NULL, '1', '2016-05-31 20:17:56', '2016-06-04 18:04:04'),
(135, 8, NULL, 'seine', '2016-06-02 21:31:30', '2016-06-02 21:31:31'),
(136, 8, NULL, 'seine', '2016-06-02 21:31:31', '2016-06-03 18:54:23'),
(137, 7, NULL, 'test', '2016-06-03 12:48:03', '2016-06-08 16:15:00'),
(138, 8, NULL, 'seine', '2016-06-03 18:54:45', '2016-06-13 11:17:35'),
(139, 1, NULL, '1', '2016-06-06 12:57:48', '2016-06-06 19:34:51'),
(140, 1, NULL, '2', '2016-06-07 10:31:49', '2016-06-07 20:51:22'),
(141, 9, NULL, '1', '2016-06-07 11:13:40', '2016-06-07 11:14:18'),
(142, 9, NULL, 'Leo', '2016-06-07 11:14:18', '2016-06-10 17:43:48'),
(143, 1, NULL, '1', '2016-06-07 20:52:32', '2016-06-08 07:38:45'),
(144, 1, NULL, '2', '2016-06-08 09:44:51', '2016-06-08 18:09:41'),
(145, 10, NULL, '1', '2016-06-08 19:21:12', '2016-06-08 19:22:30'),
(146, 10, NULL, 'ct', '2016-06-08 19:58:28', '2016-06-10 05:33:12'),
(147, 1, NULL, '2', '2016-06-09 13:19:43', '2016-06-24 21:19:15'),
(148, 10, NULL, 'ct', '2016-06-10 05:33:41', '2016-06-15 07:46:42'),
(149, 9, NULL, 'Leo', '2016-06-12 07:47:11', '2016-06-26 12:08:51'),
(150, 8, NULL, 'Seine', '2016-06-13 11:18:03', '2016-06-13 11:18:07'),
(151, 8, NULL, 'Seine', '2016-06-13 11:18:07', '2016-06-17 17:18:31'),
(152, 7, NULL, 'test5', '2016-06-15 03:19:07', '2016-06-17 09:22:23'),
(153, 10, NULL, 'cth', '2016-06-15 07:47:06', '2016-06-17 07:31:21'),
(154, 10, NULL, 'cth', '2016-06-17 07:31:48', '2016-06-21 07:38:29'),
(155, 8, NULL, 'Seine', '2016-06-18 11:33:34', '2016-06-24 15:29:24'),
(156, 10, NULL, 'cth', '2016-06-21 07:38:58', '2016-06-23 06:04:59'),
(157, 10, NULL, 'cth', '2016-06-23 06:05:25', '2016-06-29 06:59:00'),
(158, 2, NULL, 'test', '2016-06-24 06:12:50', '2016-06-24 07:14:23'),
(159, 8, NULL, 'eine', '2016-06-24 15:29:48', '2016-06-29 11:11:12'),
(160, 1, NULL, '2', '2016-06-24 21:19:49', '2016-06-25 06:55:27'),
(161, 1, NULL, '2', '2016-06-25 06:55:50', '2016-06-25 19:26:45'),
(162, 1, NULL, '2', '2016-06-25 20:03:43', '2016-06-26 09:55:06'),
(163, 1, NULL, '2', '2016-06-26 11:53:19', '2016-06-27 03:13:45'),
(164, 9, NULL, 'Leo', '2016-06-26 12:10:55', '2016-07-01 10:23:11'),
(165, 8, NULL, 'seine', '2016-06-03 21:00:00', '2016-06-10 11:20:00'),
(166, 1, NULL, '2', '2016-06-27 14:42:59', '2016-06-27 20:58:43'),
(167, 1, NULL, '2', '2016-06-28 10:22:49', '2016-06-28 10:22:49'),
(168, 1, NULL, '2', '2016-06-28 10:22:49', '2016-06-28 20:34:31'),
(169, 1, NULL, '2', '2016-06-28 20:36:00', '2016-06-29 04:03:11'),
(170, 10, NULL, 'cth', '2016-06-29 06:59:25', '2016-07-05 13:39:10'),
(171, 8, NULL, 'Seine', '2016-06-29 11:11:12', '2016-06-29 11:11:16'),
(172, 8, NULL, 'Seine', '2016-06-29 11:11:16', '2016-06-29 11:11:22'),
(173, 8, NULL, 'Seine', '2016-06-29 11:11:22', '2016-07-04 19:22:38'),
(174, 2, NULL, '1', '2016-06-30 12:32:31', '2016-06-30 13:55:44'),
(175, 4, NULL, '1', '2016-06-30 13:58:22', '2016-07-02 11:45:44'),
(176, 9, NULL, 'Leo', '2016-07-01 10:23:46', '2016-07-08 06:46:09'),
(177, 2, NULL, '2', '2016-07-01 21:45:35', '2016-07-04 20:32:58'),
(178, 4, NULL, '1', '2016-07-02 11:46:20', '2016-07-03 10:13:07'),
(179, 4, NULL, '1', '2016-07-03 10:13:27', '2016-07-04 14:59:38'),
(180, 1, NULL, '2', '2016-07-04 17:42:02', '2016-07-05 07:24:33'),
(181, 8, NULL, 'Seine', '2016-07-04 19:38:22', '2016-07-12 08:08:58'),
(182, 1, NULL, '2', '2016-07-05 07:24:50', '2016-07-05 16:37:56'),
(183, 10, NULL, 'cth', '2016-07-05 13:40:01', '2016-07-11 05:01:59'),
(184, 1, NULL, '2', '2016-07-05 16:38:19', '2016-07-06 06:52:54'),
(185, 2, NULL, '2', '2016-07-06 06:05:33', '2016-07-13 06:11:32'),
(186, 1, NULL, '2', '2016-07-06 06:55:33', '2016-07-06 17:38:56'),
(187, 4, NULL, '1', '2016-07-06 10:45:08', '2016-07-07 13:09:25'),
(188, 1, NULL, '2', '2016-07-06 17:39:14', '2016-07-07 08:39:27'),
(189, 4, NULL, '1', '2016-07-07 13:10:07', '2016-07-07 13:28:39'),
(190, 4, NULL, 'W.H. de Vries', '2016-07-07 13:28:39', '2016-07-11 07:32:19'),
(191, 1, NULL, '2', '2016-07-07 15:42:52', '2016-07-08 04:45:41'),
(192, 1, NULL, '2', '2016-07-08 04:46:08', '2016-07-08 11:07:24'),
(193, 1, NULL, '2', '2016-07-08 18:25:58', '2016-07-09 10:46:37'),
(194, 1, NULL, '2', '2016-07-09 10:46:54', '2016-07-09 19:15:47'),
(195, 1, NULL, '2', '2016-07-10 04:01:34', '2016-07-10 09:42:47'),
(196, 1, NULL, '2', '2016-07-10 11:39:39', '2016-07-10 19:08:13'),
(197, 10, NULL, 'cth', '2016-07-11 05:03:26', '2016-07-14 06:57:43'),
(198, 1, NULL, '2', '2016-07-11 16:29:02', '2016-07-11 21:59:00'),
(199, 1, NULL, '2', '2016-07-12 04:30:51', '2016-07-12 11:43:57'),
(200, 8, NULL, 'seine', '2016-07-12 08:10:43', '2016-07-12 08:10:43'),
(201, 8, NULL, 'seine', '2016-07-12 08:10:43', '2016-07-15 14:06:11'),
(202, 4, NULL, '1', '2016-07-12 11:45:14', '2016-08-03 14:03:33'),
(203, 2, NULL, '1', '2016-07-13 08:46:39', '2016-07-13 10:19:09'),
(204, 2, NULL, '2', '2016-07-13 10:19:55', '2016-07-13 16:56:28'),
(205, 2, NULL, '1', '2016-07-13 16:57:05', '2016-07-19 12:04:52'),
(206, 10, NULL, 'cth', '2016-07-14 06:58:37', '2016-07-21 08:07:31'),
(207, 8, NULL, 'Seine', '2016-07-15 14:07:07', '2016-07-22 09:47:26'),
(208, 2, NULL, '1', '2016-07-19 12:05:48', '2016-07-22 11:34:02'),
(209, 9, NULL, 'Leo', '2016-07-19 11:37:48', '2016-07-25 00:51:03'),
(210, 10, NULL, 'cth', '2016-07-21 08:07:56', '2016-07-25 15:24:22'),
(211, 8, NULL, 'SEINE', '2016-07-22 09:48:05', '2016-07-26 19:51:56'),
(212, 2, NULL, '1', '2016-07-22 11:34:02', '2016-07-22 11:34:07'),
(213, 2, NULL, '1', '2016-07-22 11:34:07', '2016-08-18 07:21:59'),
(214, 9, NULL, 'Leo', '2016-07-25 00:52:09', '2016-08-02 17:15:44'),
(215, 10, NULL, 'cth', '2016-07-25 15:24:43', '2016-07-28 12:13:57'),
(216, 8, NULL, 'SEINE', '2016-07-26 19:52:44', '2016-08-01 07:35:19'),
(217, 10, NULL, 'cth', '2016-07-28 12:14:21', '2016-08-01 11:51:02'),
(218, 8, NULL, 'seine', '2016-08-01 07:36:55', '2016-08-01 07:36:56'),
(219, 8, NULL, 'seine', '2016-08-01 07:36:56', '2016-08-01 07:37:09'),
(220, 8, NULL, 'seine', '2016-08-01 07:37:09', '2016-08-01 07:37:09'),
(221, 8, NULL, 'seine', '2016-08-01 07:37:09', '2016-08-06 10:31:55'),
(222, 10, NULL, 'cth', '2016-08-01 11:51:23', '2016-08-02 08:13:30'),
(223, 10, NULL, 'cth', '2016-08-02 08:13:58', '2016-08-05 08:20:28'),
(224, 9, NULL, 'Leo', '2016-08-02 17:16:17', '2016-08-18 13:55:51'),
(225, 4, NULL, '2', '2016-08-03 14:04:11', '2016-08-05 14:51:17'),
(226, 10, NULL, 'cth', '2016-08-05 08:21:28', '2016-08-08 08:55:24'),
(227, 8, NULL, 'seine', '2016-08-06 10:33:12', '2016-08-06 10:33:13'),
(228, 8, NULL, 'seine', '2016-08-06 10:33:13', '2016-08-12 13:12:01'),
(229, 10, NULL, 'cth', '2016-08-08 08:56:12', '2016-08-09 09:36:00'),
(230, 4, NULL, '1', '2016-08-08 10:20:31', '2016-08-09 08:04:20'),
(231, 4, NULL, '1', '2016-08-09 08:08:48', '2016-08-10 11:38:33'),
(232, 10, NULL, 'cth', '2016-08-09 09:36:21', '2016-08-10 13:29:05'),
(233, 4, NULL, '1', '2016-08-10 11:38:58', '2016-08-11 15:41:59'),
(234, 10, NULL, 'cth', '2016-08-10 13:29:28', '2016-08-11 14:33:57'),
(235, 10, NULL, 'cth', '2016-08-11 14:34:18', '2016-08-31 10:09:17'),
(236, 4, NULL, '2', '2016-08-11 15:42:44', '2016-08-14 13:17:50'),
(237, 8, NULL, 'seine', '2016-08-12 13:13:59', '2016-08-12 13:13:59'),
(238, 8, NULL, 'seine', '2016-08-12 13:13:59', '2016-08-24 14:34:19'),
(239, 4, NULL, '1', '2016-08-16 06:08:42', '2016-08-16 17:19:25'),
(240, 4, NULL, '1', '2016-08-16 17:19:48', '2016-08-19 09:49:15'),
(241, 4, NULL, '1', '2016-08-19 09:49:43', '2016-08-29 15:32:02'),
(242, 2, NULL, '2', '2016-08-23 13:34:10', '2016-09-04 15:26:40'),
(243, 8, NULL, 'seine', '2016-08-24 14:35:09', '2016-08-24 14:35:11'),
(244, 8, NULL, 'seine', '2016-08-24 14:35:11', '2016-08-27 14:24:15'),
(245, 9, NULL, 'Leo', '2016-08-24 19:39:23', '2016-09-04 09:41:40'),
(246, 8, NULL, 'seine', '2016-08-27 15:06:18', '2016-08-27 15:06:24'),
(247, 8, NULL, 'seine', '2016-08-27 15:06:24', '2016-08-27 15:06:24'),
(248, 8, NULL, 'seine', '2016-08-27 15:06:24', '2016-08-27 15:06:24'),
(249, 8, NULL, 'seine', '2016-08-27 15:06:24', '2016-08-30 18:23:36'),
(250, 4, NULL, '1', '2016-08-29 15:33:10', '2016-09-01 14:42:08'),
(251, 8, NULL, 'seine', '2016-08-30 18:25:03', '2016-08-30 18:25:07'),
(252, 8, NULL, 'seine', '2016-08-30 18:25:07', '2016-08-30 18:25:07'),
(253, 8, NULL, 'seine', '2016-08-30 18:25:07', '2016-09-05 05:35:39'),
(254, 10, NULL, 'cth', '2016-08-31 10:09:39', '2016-09-06 14:27:31'),
(255, 4, NULL, '1', '2016-09-01 14:42:31', '2016-09-04 14:57:24'),
(256, 9, NULL, 'Leo', '2016-09-04 09:42:13', '2016-09-20 23:44:10'),
(257, 4, NULL, '1', '2016-09-04 14:57:53', '2016-09-08 10:31:11'),
(258, 2, NULL, '4', '2016-09-04 15:26:40', '2016-09-04 15:28:26'),
(259, 2, NULL, '4', '2016-09-04 15:28:26', '2016-09-22 14:21:45'),
(260, 8, NULL, 'seine', '2016-09-05 05:37:22', '2016-09-05 05:37:31'),
(261, 8, NULL, 'seine', '2016-09-05 05:37:31', '2016-09-05 05:37:31'),
(262, 8, NULL, 'seine', '2016-09-05 05:37:31', '2016-09-15 18:55:39'),
(263, 10, NULL, 'cth', '2016-09-06 14:28:34', '2016-09-12 12:55:56'),
(264, 4, NULL, '1', '2016-09-08 10:31:38', '2016-09-14 06:05:52'),
(265, 10, NULL, 'cth', '2016-09-12 12:56:27', '2016-09-15 19:22:15'),
(266, 4, NULL, '1', '2016-09-14 06:06:16', '2016-09-14 18:27:22'),
(267, 4, NULL, '1', '2016-09-15 16:34:25', '2016-09-20 07:58:10'),
(268, 8, NULL, 'seine', '2016-09-15 18:56:33', '2016-09-19 09:47:49'),
(269, 10, NULL, 'cth', '2016-09-15 19:22:50', '2016-09-27 07:16:58'),
(270, 8, NULL, 'seine', '2016-09-19 09:48:34', '2016-10-11 05:41:55'),
(271, 4, NULL, '1', '2016-09-20 07:58:28', '2016-09-20 15:35:44'),
(272, 4, NULL, '1', '2016-09-20 15:36:08', '2016-09-22 08:36:36'),
(273, 9, NULL, 'Leo', '2016-09-20 23:45:04', '2016-09-25 11:40:55'),
(274, 16, NULL, '1', '2016-09-21 09:52:12', '2016-09-21 09:54:26'),
(275, 16, NULL, '1', '2016-09-21 10:21:17', '2017-01-20 14:13:20'),
(276, 15, NULL, '0', '2016-09-21 12:46:36', '2016-11-22 17:44:38'),
(277, 4, NULL, '1', '2016-09-22 08:37:04', '2016-09-23 15:07:21'),
(278, 2, NULL, '1', '2016-09-22 14:22:25', '2016-10-01 16:33:55'),
(279, 11, NULL, '1', '2016-09-23 03:06:22', '2016-10-10 09:01:25'),
(280, 4, NULL, '1', '2016-09-23 15:07:48', '2016-09-28 08:10:13'),
(281, 9, NULL, 'Leo', '2016-09-25 11:41:17', '2016-10-01 05:37:26'),
(282, 10, NULL, 'cth', '2016-09-27 07:17:26', '2016-09-28 05:48:07'),
(283, 10, NULL, 'cth', '2016-09-28 05:48:36', '2016-09-30 07:14:42'),
(284, 4, NULL, '1', '2016-09-28 12:35:22', '2016-10-03 17:01:53'),
(285, 10, NULL, 'cth', '2016-09-30 07:15:26', '2016-10-04 07:22:38'),
(286, 9, NULL, 'Leo', '2016-10-01 05:38:06', '2016-10-05 05:39:57'),
(287, 2, NULL, '4', '2016-10-02 16:33:27', '2017-01-12 14:04:16'),
(288, 10, NULL, 'cth', '2016-10-04 07:22:56', '2016-10-06 08:48:20'),
(289, 9, NULL, 'Leo', '2016-10-05 05:40:31', '2016-10-15 21:47:14'),
(290, 4, NULL, '1', '2016-10-05 08:06:03', '2016-10-06 13:32:01'),
(291, 10, NULL, 'cth', '2016-10-06 08:48:50', '2016-10-07 12:15:25'),
(292, 4, NULL, '1', '2016-10-06 13:33:17', '2016-10-14 19:51:30'),
(293, 17, NULL, '1', '2016-10-07 06:58:29', NULL),
(294, 10, NULL, 'cth', '2016-10-07 12:15:47', '2016-10-17 13:20:42'),
(295, 11, NULL, '1', '2016-10-10 09:01:25', '2016-10-10 09:08:26'),
(296, 11, NULL, '1', '2016-10-10 10:21:13', '2016-10-10 10:21:25'),
(297, 11, NULL, '1', '2016-10-10 10:46:44', '2016-10-18 08:14:11'),
(298, 12, NULL, '1', '2016-10-10 18:50:34', '2016-10-18 18:00:39'),
(299, 8, NULL, '1', '2016-10-11 05:41:55', '2016-10-11 05:51:18'),
(300, 8, NULL, '1', '2016-10-11 05:53:20', '2016-10-11 05:54:02'),
(301, 8, NULL, '1', '2016-10-11 05:54:25', '2016-10-11 20:43:12'),
(302, 8, NULL, 'seine', '2016-10-13 10:30:45', '2016-10-17 11:39:56'),
(303, 9, NULL, 'Leo', '2016-10-15 21:48:01', '2016-10-26 14:35:44'),
(304, 8, NULL, 'seine', '2016-10-17 11:40:11', '2016-10-18 13:11:08'),
(305, 10, NULL, 'cth', '2016-10-17 13:20:59', '2016-10-20 07:39:23'),
(306, 8, NULL, 'seine', '2016-10-18 13:11:08', '2016-10-25 19:45:21'),
(307, 12, NULL, '2', '2016-10-18 18:00:39', '2016-10-18 18:03:07'),
(308, 12, NULL, '2', '2016-10-18 18:04:23', '2016-11-01 10:18:35'),
(309, 11, NULL, 'Test', '2016-10-18 17:54:58', '2016-10-18 17:55:48'),
(310, 13, NULL, '2', '2016-10-18 18:10:47', '2016-11-01 10:18:39'),
(311, 11, NULL, '1', '2016-10-19 18:41:00', '2017-02-24 15:56:39'),
(312, 10, NULL, 'cth', '2016-10-20 07:39:41', '2016-10-28 08:12:35'),
(313, 4, NULL, '1', '2016-10-24 19:17:16', '2016-10-28 06:29:49'),
(314, 8, NULL, 'seine', '2016-10-25 19:45:42', '2016-11-07 17:46:35'),
(315, 9, NULL, 'Leo', '2016-10-26 14:36:06', '2016-11-18 12:39:34'),
(316, 4, NULL, '1', '2016-10-28 06:30:08', '2016-10-29 13:14:33'),
(317, 10, NULL, 'cth', '2016-10-28 08:13:18', '2016-11-01 11:10:28'),
(318, 12, NULL, '1', '2016-11-01 11:09:39', '2016-11-01 11:10:33'),
(319, 10, NULL, 'cth', '2016-11-01 11:10:51', '2016-11-03 10:41:46'),
(320, 12, NULL, '1', '2016-11-01 12:15:48', '2016-11-01 12:18:12'),
(321, 12, NULL, 'rob', '2016-11-02 08:44:47', '2017-03-01 19:59:59'),
(322, 13, NULL, 'rob', '2016-11-02 08:45:32', '2017-02-16 00:26:36'),
(323, 20, NULL, '1', '2016-11-02 17:59:04', '2016-11-08 12:01:41'),
(324, 10, NULL, 'cth', '2016-11-03 10:42:38', '2016-11-08 08:20:40'),
(325, 4, NULL, '1', '2016-11-04 08:26:10', '2016-11-05 11:07:42'),
(326, 4, NULL, '1', '2016-11-05 11:07:59', '2016-11-14 14:18:25'),
(327, 8, NULL, 'seine', '2016-11-07 17:46:35', '2016-11-09 14:01:47'),
(328, 10, NULL, 'cth', '2016-11-08 08:21:13', '2016-11-15 14:25:38'),
(329, 20, NULL, '1', '2016-11-08 12:16:47', '2016-11-08 23:16:15'),
(330, 20, NULL, '1', '2016-11-08 23:19:12', '2016-11-09 23:02:53'),
(331, 8, NULL, 'seine', '2016-11-09 14:02:09', '2016-11-17 23:20:08'),
(332, 20, NULL, '1', '2016-11-12 10:14:45', '2016-11-15 18:42:06'),
(333, 4, NULL, '1', '2016-11-14 14:19:11', '2016-11-15 19:23:44'),
(334, 10, NULL, 'cth', '2016-11-15 14:25:57', '2016-11-17 08:22:22'),
(335, 4, NULL, '1', '2016-11-16 07:31:53', '2016-11-17 11:21:30'),
(336, 10, NULL, 'cth', '2016-11-17 08:22:44', '2016-11-17 17:56:45'),
(337, 4, NULL, '2', '2016-11-17 14:48:41', '2016-11-22 13:55:58'),
(338, 20, NULL, '1', '2016-11-17 08:58:24', '2016-11-22 16:53:36'),
(339, 10, NULL, 'cth', '2016-11-17 17:56:45', '2016-11-21 07:25:01'),
(340, 8, NULL, 'seine', '2016-11-17 23:21:02', '2016-11-22 07:29:03'),
(341, 9, NULL, 'Leo', '2016-11-18 12:39:34', '2016-11-21 14:44:48'),
(342, 10, NULL, '2', '2016-11-21 07:49:17', '2016-11-22 20:13:14'),
(343, 8, NULL, 'seine', '2016-11-22 07:29:26', '2016-11-29 07:16:09'),
(344, 4, NULL, '1', '2016-11-22 15:00:50', '2016-11-30 09:25:28'),
(345, 20, NULL, '1', '2016-11-22 16:54:17', '2016-12-03 04:43:35'),
(346, 15, NULL, '2', '2016-11-22 17:44:38', '2016-11-22 17:50:22'),
(347, 15, NULL, 'W', '2016-11-22 17:50:47', '2016-11-27 18:15:22'),
(348, 10, NULL, '2', '2016-11-23 04:54:12', '2016-11-24 07:33:31'),
(349, 9, NULL, 'Leo', '2016-11-23 13:55:12', '2016-11-27 16:58:41'),
(350, 10, NULL, '2', '2016-11-24 07:44:46', '2016-11-28 15:56:52'),
(351, 9, NULL, 'Leo', '2016-11-27 16:59:17', '2016-12-04 06:05:21'),
(352, 15, NULL, '1', '2016-11-27 18:16:15', '2016-12-03 07:26:58'),
(353, 10, NULL, '77', '2016-11-28 15:56:52', '2016-11-28 15:57:19'),
(354, 10, NULL, 'cth', '2016-11-28 15:57:19', '2016-11-28 22:02:28'),
(355, 10, NULL, 'cth', '2016-11-28 22:03:08', '2016-12-01 10:06:53'),
(356, 8, NULL, 'seine', '2016-11-29 07:16:24', '2016-12-03 09:43:52'),
(357, 4, NULL, '1', '2016-11-30 09:25:55', '2016-12-06 14:04:54'),
(358, 10, NULL, 'cth', '2016-12-01 10:07:13', '2016-12-06 09:57:51'),
(359, 20, 1, '1', '2016-12-03 04:00:12', '2016-12-07 14:15:39'),
(360, 8, NULL, 'seine', '2016-12-03 09:44:18', '2016-12-07 14:04:11'),
(361, 9, NULL, 'Leo', '2016-12-04 06:06:54', '2016-12-10 08:31:47'),
(362, 15, NULL, '1', '2016-12-05 10:31:19', '2016-12-07 11:02:59'),
(363, 10, NULL, 'cth', '2016-12-06 09:58:26', '2016-12-07 09:06:28'),
(364, 4, NULL, '1', '2016-12-06 14:05:13', '2016-12-07 10:32:37'),
(365, 10, NULL, 'cth', '2016-12-07 09:06:46', '2016-12-08 07:35:52'),
(366, 4, NULL, '1', '2016-12-07 10:33:13', '2016-12-10 13:12:58'),
(367, 15, NULL, '1', '2016-12-07 11:03:35', '2016-12-09 13:01:16'),
(368, 8, NULL, 'seine', '2016-12-07 14:04:35', '2016-12-12 17:45:36'),
(369, 20, NULL, '1', '2016-12-07 13:58:47', '2016-12-14 17:21:26'),
(370, 10, NULL, 'cth', '2016-12-08 07:36:31', '2016-12-12 13:59:42'),
(371, 15, NULL, '1', '2016-12-09 16:13:58', '2016-12-12 20:48:55'),
(372, 9, NULL, 'Leo', '2016-12-10 08:55:14', '2016-12-18 07:27:48'),
(373, 10, NULL, 'cth', '2016-12-12 13:59:59', '2016-12-14 07:28:10'),
(374, 8, NULL, 'SEINE', '2016-12-12 17:48:23', '2016-12-19 17:22:39'),
(375, 15, NULL, '1', '2016-12-12 20:49:39', '2016-12-14 10:20:57'),
(376, 4, NULL, '1', '2016-12-13 09:08:10', '2016-12-13 19:26:18'),
(377, 4, NULL, '1', '2016-12-13 19:26:39', '2016-12-16 10:37:32'),
(378, 10, NULL, 'cth', '2016-12-14 07:28:37', '2016-12-15 08:33:24'),
(379, 20, NULL, '1', '2016-12-14 17:22:03', '2016-12-21 05:30:41'),
(380, 10, NULL, 'c', '2016-12-15 08:33:43', '2016-12-19 10:27:09'),
(381, 15, NULL, '1', '2016-12-15 18:35:55', '2016-12-20 08:09:42'),
(382, 21, NULL, 'test', '2016-12-15 18:44:15', '2016-12-15 20:13:24'),
(383, 4, NULL, '1', '2016-12-16 10:37:53', '2016-12-17 18:51:29'),
(384, 9, NULL, 'Leo', '2016-12-18 07:31:12', '2017-01-20 04:24:07'),
(385, 10, NULL, 'cth', '2016-12-19 10:27:23', '2016-12-21 05:04:02'),
(386, 4, NULL, '1', '2016-12-19 12:09:01', '2016-12-21 06:56:28'),
(387, 8, NULL, 'seine', '2016-12-19 17:24:14', '2017-01-02 21:05:39'),
(388, 10, NULL, 'cth', '2016-12-21 05:04:34', '2017-01-03 08:34:25'),
(389, 20, NULL, '1', '2016-12-21 05:31:10', '2016-12-27 11:47:56'),
(390, 4, NULL, '1', '2016-12-21 06:56:49', '2017-01-09 14:24:03'),
(391, 15, NULL, '1', '2016-12-21 08:01:54', '2016-12-23 07:25:01'),
(392, 15, NULL, '1', '2016-12-23 07:25:38', '2016-12-28 13:34:45'),
(393, 20, NULL, '1', '2016-12-27 11:48:18', '2017-01-03 09:48:28'),
(394, 15, NULL, '1', '2016-12-29 12:56:16', '2017-01-03 15:43:02'),
(395, 8, NULL, 'seine', '2017-01-02 21:06:19', '2017-01-10 15:06:26'),
(396, 10, NULL, 'cth', '2017-01-03 08:34:42', '2017-01-16 13:02:56'),
(397, 20, NULL, '1', '2017-01-03 09:49:11', '2017-01-10 11:58:43'),
(398, 22, NULL, '1', '2017-01-03 13:52:04', '2017-01-18 05:05:34'),
(399, 15, NULL, '1', '2017-01-07 08:56:44', '2017-01-09 10:06:10'),
(400, 15, NULL, '1', '2017-01-09 12:33:47', '2017-01-13 12:21:16'),
(401, 4, NULL, '1', '2017-01-09 14:24:25', '2017-01-10 13:07:02'),
(402, 20, NULL, '1', '2017-01-10 11:59:06', '2017-01-19 05:37:57'),
(403, 4, NULL, '1', '2017-01-10 13:07:42', '2017-01-17 11:38:34'),
(404, 8, NULL, 'SEINE', '2017-01-10 15:07:04', '2017-01-16 11:10:45'),
(405, 2, NULL, '4', '2017-01-12 14:15:04', '2017-01-12 14:18:04'),
(406, 2, NULL, '4', '2017-01-12 14:18:04', '2017-01-15 09:07:45'),
(407, 15, NULL, '1', '2017-01-13 12:21:57', '2017-01-19 15:31:57'),
(408, 2, NULL, '4', '2017-01-15 09:08:26', '2017-03-10 15:54:03'),
(409, 8, NULL, 'SEINE', '2017-01-16 11:12:03', '2017-01-23 18:45:09'),
(410, 10, NULL, 'cth', '2017-01-16 13:03:25', '2017-01-24 09:29:48'),
(411, 4, NULL, '1', '2017-01-17 11:38:53', '2017-01-19 18:19:58'),
(412, 22, NULL, '1', '2017-01-18 06:48:27', '2017-01-20 12:12:06'),
(413, 20, NULL, '1', '2017-01-19 05:37:57', '2017-01-26 16:47:27'),
(414, 15, NULL, '1', '2017-01-19 15:32:31', '2017-01-20 16:16:35'),
(415, 9, NULL, 'Leo', '2017-01-20 04:24:07', '2017-02-04 07:31:11'),
(416, 22, NULL, '1', '2017-01-20 12:14:42', '2017-01-24 09:35:34'),
(417, 16, NULL, 'Test', '2017-01-20 14:13:20', NULL),
(418, 4, NULL, '1', '2017-01-21 09:02:46', '2017-01-27 10:32:32'),
(419, 15, NULL, '1', '2017-01-22 07:21:55', '2017-01-25 09:57:37'),
(420, 8, NULL, 'seine', '2017-01-24 09:37:49', '2017-01-28 16:45:41'),
(421, 22, NULL, '1', '2017-01-24 09:37:44', '2017-01-24 09:57:11'),
(422, 10, NULL, 'cth', '2017-01-24 09:30:10', '2017-02-01 06:18:19'),
(423, 22, NULL, '1', '2017-01-24 09:58:52', '2017-02-08 08:24:51'),
(424, 21, NULL, '1163', '2017-01-24 12:34:09', '2017-01-25 09:03:26'),
(425, 21, NULL, '1163', '2017-01-25 09:30:01', '2017-01-25 19:04:51'),
(426, 15, NULL, '1', '2017-01-25 13:54:28', '2017-01-26 12:26:24'),
(427, 21, NULL, '1163', '2017-01-26 09:00:40', '2017-01-27 08:16:46'),
(428, 15, NULL, '1', '2017-01-26 12:26:59', '2017-02-01 20:21:10'),
(429, 20, NULL, '1', '2017-01-26 16:48:32', '2017-02-01 22:27:32'),
(430, 21, NULL, '1163', '2017-01-27 10:55:39', '2017-02-01 19:57:47'),
(431, 8, NULL, 'seine', '2017-01-28 16:45:41', '2017-01-30 10:16:58'),
(432, 8, NULL, 'seine', '2017-01-30 10:17:59', '2017-02-02 15:23:47'),
(433, 4, NULL, '1', '2017-01-27 10:32:32', '2017-02-02 06:50:36'),
(434, 10, NULL, 'cth', '2017-02-01 06:18:41', '2017-02-06 09:21:21'),
(435, 21, NULL, '1163', '2017-02-01 19:57:47', '2017-02-02 05:46:38'),
(436, 20, NULL, '1', '2017-02-01 22:28:10', '2017-02-15 17:48:12'),
(437, 15, NULL, '1', '2017-02-02 05:48:16', '2017-02-02 11:05:09'),
(438, 21, NULL, '1163', '2017-02-02 05:47:22', '2017-02-02 14:01:48'),
(439, 4, NULL, '1', '2017-02-02 06:51:13', '2017-02-04 07:28:32'),
(440, 21, NULL, '1163', '2017-02-02 14:02:20', '2017-02-03 08:05:17'),
(441, 8, NULL, 'seine', '2017-02-02 15:24:25', '2017-02-10 04:33:27'),
(442, 21, NULL, '1163', '2017-02-03 08:08:18', '2017-02-06 11:23:05'),
(443, 15, NULL, 'Q', '2017-02-03 12:24:47', '2017-02-08 18:39:39'),
(444, 9, NULL, 'Leo', '2017-02-04 07:31:37', '2017-02-07 15:14:03'),
(445, 4, NULL, '1', '2017-02-04 07:29:09', '2017-02-06 10:36:05'),
(446, 10, NULL, 'cth', '2017-02-06 09:21:43', '2017-02-08 04:59:50'),
(447, 4, NULL, '1', '2017-02-06 10:36:23', '2017-02-09 11:07:36'),
(448, 21, NULL, '1163', '2017-02-06 11:24:06', '2017-02-07 12:30:50'),
(449, 21, NULL, '1163', '2017-02-07 12:31:52', '2017-02-07 12:35:49'),
(450, 21, NULL, '1163', '2017-02-07 12:36:59', '2017-03-07 06:38:36'),
(451, 9, NULL, 'Leo', '2017-02-07 15:14:23', '2017-02-15 00:10:36'),
(452, 10, NULL, 'cth', '2017-02-08 05:00:22', '2017-02-09 13:04:23'),
(453, 22, NULL, '1', '2017-02-08 08:28:05', '2017-02-23 08:29:01'),
(454, 4, NULL, '1', '2017-02-09 11:08:15', '2017-02-14 09:18:23'),
(455, 10, NULL, 'cth', '2017-02-09 13:04:41', '2017-02-15 12:40:28'),
(456, 8, NULL, 'seine', '2017-02-10 04:33:57', '2017-02-14 04:53:58'),
(457, 15, NULL, '1', '2017-02-10 08:06:33', '2017-03-08 11:58:21'),
(458, 8, NULL, 'seine', '2017-02-14 04:54:44', '2017-02-17 13:51:40'),
(459, 4, NULL, '1', '2017-02-14 09:18:47', '2017-02-22 14:25:02'),
(460, 9, NULL, 'Leo', '2017-02-15 00:11:18', '2017-02-25 13:12:28'),
(461, 10, NULL, 'cth', '2017-02-15 12:41:40', '2017-02-20 17:41:19'),
(462, 20, NULL, '1', '2017-02-15 17:48:41', '2017-02-21 21:14:16'),
(463, 13, NULL, 'rob', '2017-02-16 00:26:36', '2017-03-01 09:54:29'),
(464, 8, NULL, 'Seine', '2017-02-17 13:52:12', '2017-02-21 14:59:25'),
(465, 10, NULL, 'cth', '2017-02-20 17:41:40', '2017-02-23 13:35:54'),
(466, 8, NULL, 'Seine', '2017-02-21 14:59:41', '2017-02-24 12:28:52'),
(467, 20, NULL, '1', '2017-02-21 21:16:28', '2017-03-01 13:42:15'),
(468, 4, NULL, '1', '2017-02-22 14:25:42', '2017-02-27 12:19:51'),
(469, 22, NULL, '1', '2017-02-23 08:29:38', '2017-02-28 11:29:19'),
(470, 10, NULL, 'cth', '2017-02-23 13:36:18', '2017-03-09 08:39:06'),
(471, 23, NULL, 'Edwin', '2017-02-24 12:22:19', '2017-02-28 12:29:15'),
(472, 24, NULL, 'Edwin', '2017-02-24 12:32:40', '2017-02-28 12:30:07'),
(473, 8, NULL, 'Seine', '2017-02-24 12:29:14', '2017-03-07 17:51:08'),
(474, 9, NULL, 'Leo', '2017-02-25 13:12:53', '2017-03-07 23:56:29'),
(475, 4, NULL, '1', '2017-02-27 12:20:18', '2017-03-03 16:25:28'),
(476, 11, NULL, '1', '2017-02-27 15:39:49', '2017-02-28 04:32:46'),
(477, 11, NULL, '1', '2017-02-28 04:33:55', '2017-02-28 05:24:31'),
(478, 11, NULL, '1', '2017-02-28 07:46:26', '2017-02-28 08:37:38'),
(479, 22, NULL, '1', '2017-02-28 11:30:03', '2017-05-04 06:49:54'),
(480, 24, NULL, 'Edwin', '2017-02-28 12:30:23', '2017-03-02 22:30:49'),
(481, 23, NULL, 'Edwin', '2017-02-28 12:29:42', '2017-03-02 22:30:07'),
(482, 13, NULL, '1', '2017-03-01 09:54:29', '2017-03-01 09:54:54'),
(483, 20, NULL, '1', '2017-03-01 13:42:48', '2017-03-07 11:55:25'),
(484, 12, NULL, '4', '2017-03-01 19:59:59', '2017-04-12 04:06:41'),
(485, 13, NULL, '4', '2017-03-01 20:00:20', NULL),
(486, 24, NULL, 'Edwin', '2017-03-02 22:31:11', '2017-03-05 18:15:53'),
(487, 23, NULL, 'Edwin', '2017-03-02 22:30:32', '2017-03-05 18:15:22'),
(488, 4, NULL, '1', '2017-03-03 16:26:02', '2017-03-06 15:58:49'),
(489, 23, NULL, 'Edwin', '2017-03-05 18:15:46', '2017-03-06 12:12:44'),
(490, 24, NULL, 'Edwin', '2017-03-05 18:16:14', '2017-03-06 12:13:15'),
(491, 4, NULL, '1', '2017-03-06 15:59:14', '2017-03-09 09:57:22'),
(492, 21, NULL, '1163', '2017-03-07 06:39:13', '2017-03-07 06:40:30'),
(493, 21, NULL, '1163.shp', '2017-03-07 06:40:30', '2017-03-07 06:41:12'),
(494, 21, NULL, '1163', '2017-03-07 06:41:12', '2017-03-07 06:42:59'),
(495, 21, NULL, '1163.shp', '2017-03-07 06:42:59', '2017-03-07 06:43:32'),
(496, 21, NULL, '1163.shp', '2017-03-07 06:43:32', '2017-03-07 21:10:25'),
(497, 20, NULL, '1', '2017-03-07 11:56:04', '2017-03-13 13:57:49'),
(498, 24, NULL, 'Edwin', '2017-03-06 12:13:48', '2017-03-12 02:20:36'),
(499, 23, NULL, 'Edwin', '2017-03-06 12:13:10', '2017-03-12 02:20:11'),
(500, 21, NULL, '1163.shp', '2017-03-07 21:11:04', '2017-03-07 21:11:58'),
(501, 21, NULL, '1163.shp', '2017-03-07 21:11:58', '2017-03-07 21:12:40'),
(502, 21, NULL, '1163.shp', '2017-03-07 21:12:40', '2017-03-08 09:22:06'),
(503, 9, NULL, 'Leo', '2017-03-07 23:56:59', '2017-03-14 10:15:47'),
(504, 21, NULL, '1163.shp', '2017-03-08 09:23:11', '2017-03-09 05:49:01'),
(505, 15, NULL, '1', '2017-03-08 11:58:21', '2017-03-12 18:44:00'),
(506, 21, NULL, '1163.shp', '2017-03-09 05:49:32', '2017-03-13 17:40:51'),
(507, 10, NULL, 'cth', '2017-03-09 08:39:24', '2017-03-14 08:58:25'),
(508, 4, NULL, '1', '2017-03-09 09:57:42', '2017-03-16 13:59:53'),
(509, 2, NULL, 'x', '2017-03-10 15:54:03', '2017-06-07 16:49:44'),
(510, 8, NULL, 'seine', '2017-03-11 08:10:54', '2017-03-15 21:14:42'),
(511, 24, NULL, 'Jeroen', '2017-03-12 02:21:58', '2017-03-21 15:24:07'),
(512, 23, NULL, 'Jeroen', '2017-03-12 02:22:23', '2017-04-07 08:12:42'),
(513, 15, NULL, '1', '2017-03-12 18:45:04', '2017-03-17 11:09:10'),
(514, 20, NULL, '1', '2017-03-13 13:58:23', '2017-03-21 05:32:04'),
(515, 21, NULL, '1163.shp', '2017-03-13 17:41:55', '2017-03-15 16:24:45'),
(516, 10, NULL, 'cth', '2017-03-14 08:58:44', '2017-03-15 16:05:19'),
(517, 9, NULL, 'Leo', '2017-03-14 10:16:33', '2017-03-21 22:04:05'),
(518, 10, NULL, 'cth', '2017-03-15 16:05:38', '2017-03-21 12:06:05'),
(519, 21, NULL, '1163.shp', '2017-03-15 16:25:26', '2017-03-17 09:40:41'),
(520, 8, NULL, 'seine', '2017-03-15 21:15:09', '2017-03-20 19:04:58'),
(521, 4, NULL, '1', '2017-03-16 14:00:38', '2017-03-17 07:16:53'),
(522, 4, NULL, '1', '2017-03-17 07:20:17', '2017-03-17 10:01:32'),
(523, 21, NULL, '1163.shp', '2017-03-17 09:41:34', '2017-03-20 11:03:38'),
(524, 4, NULL, '1', '2017-03-17 10:01:54', '2017-03-18 14:47:51'),
(525, 21, NULL, '1163.shp', '2017-03-20 11:04:15', '2017-03-21 07:09:51'),
(526, 15, NULL, '1', '2017-03-20 11:22:19', '2017-03-24 13:41:14'),
(527, 8, NULL, 'Seine', '2017-03-20 19:05:20', '2017-03-21 20:58:24'),
(528, 20, NULL, '1', '2017-03-21 05:32:58', '2017-03-27 06:57:26'),
(529, 21, NULL, '1163.shp', '2017-03-21 07:10:36', '2017-03-21 17:43:30'),
(530, 4, NULL, '1', '2017-03-21 07:35:50', '2017-03-28 07:04:38'),
(531, 10, NULL, 'cth', '2017-03-21 12:06:21', '2017-03-24 08:46:27'),
(532, 24, NULL, 'Jeroen', '2017-03-21 15:25:01', '2017-03-23 18:18:16'),
(533, 21, NULL, '1163.shp', '2017-03-21 17:44:03', '2017-03-22 09:13:14'),
(534, 8, NULL, 'seine', '2017-03-21 20:59:06', '2017-03-28 11:38:19'),
(535, 9, NULL, 'Leo', '2017-03-21 22:04:32', '2017-04-03 12:35:04'),
(536, 21, NULL, '1163.shp', '2017-03-22 09:13:55', '2017-03-23 08:31:14'),
(537, 21, NULL, '1163.shp', '2017-03-23 08:31:59', '2017-03-23 15:22:23'),
(538, 21, NULL, '1163.shp', '2017-03-23 15:23:00', '2017-03-27 09:43:26'),
(539, 24, NULL, 'Edwin', '2017-03-23 18:18:55', NULL),
(540, 10, NULL, 'cth', '2017-03-24 08:46:59', '2017-04-12 14:55:04'),
(541, 15, NULL, '1', '2017-03-24 13:41:44', '2017-03-28 10:40:59'),
(542, 20, NULL, '1', '2017-03-27 06:58:21', '2017-04-11 08:57:34'),
(543, 21, NULL, '1163.shp', '2017-03-27 09:44:05', '2017-03-28 08:16:32'),
(544, 4, NULL, '1', '2017-03-28 07:05:48', '2017-03-30 12:39:57'),
(545, 21, NULL, '1163.shp', '2017-03-28 08:17:39', '2017-03-31 05:47:24'),
(546, 8, NULL, 'seine', '2017-03-28 11:38:41', '2017-04-04 14:24:57'),
(547, 15, NULL, '1', '2017-03-29 04:17:19', '2017-03-31 09:52:01'),
(548, 4, NULL, '1', '2017-03-30 12:40:18', '2017-04-03 17:45:48'),
(549, 21, NULL, '1163.shp', '2017-03-31 05:48:25', '2017-04-03 07:53:42'),
(550, 15, NULL, '1', '2017-03-31 09:52:38', '2017-04-05 07:34:31'),
(551, 19, NULL, '1', '2017-03-31 13:16:20', '2017-04-03 16:17:19'),
(552, 21, NULL, '1163.shp', '2017-04-03 07:54:25', '2017-04-03 15:56:43'),
(553, 9, NULL, 'Leo', '2017-04-03 12:35:37', '2017-04-07 12:28:36'),
(554, 7, NULL, '17001', '2017-04-03 12:55:40', '2017-04-06 06:05:05'),
(555, 21, NULL, '1163.shp', '2017-04-03 15:57:19', '2017-04-04 08:04:30'),
(556, 19, NULL, '1', '2017-04-03 16:21:02', '2017-04-06 13:14:26'),
(557, 4, NULL, '1', '2017-04-03 17:46:12', '2017-04-05 16:07:45'),
(558, 21, NULL, '1163.shp', '2017-04-04 08:05:06', '2017-04-05 09:12:46'),
(559, 8, NULL, 'Seine', '2017-04-04 14:25:26', '2017-04-11 17:02:27'),
(560, 15, NULL, '1', '2017-04-05 07:35:06', '2017-04-07 13:09:27'),
(561, 21, NULL, '1163.shp', '2017-04-05 09:13:44', '2017-04-07 10:09:50'),
(562, 4, NULL, '1', '2017-04-05 16:08:02', '2017-04-07 15:59:10'),
(563, 25, NULL, '1', '2017-04-06 04:02:14', '2017-04-07 05:05:46'),
(564, 23, NULL, 'Edwin', '2017-04-07 08:13:24', '2017-04-11 08:53:08'),
(565, 25, NULL, '1', '2017-04-07 10:02:54', '2017-04-08 06:47:53'),
(566, 21, NULL, '1163.shp', '2017-04-07 10:10:32', '2017-04-10 08:26:41'),
(567, 4, NULL, '1', '2017-04-07 16:00:22', '2017-04-21 14:40:28'),
(568, 19, NULL, '1', '2017-04-07 22:49:02', '2017-04-09 14:00:58'),
(569, 15, NULL, '1', '2017-04-08 05:18:40', '2017-04-10 04:52:53'),
(570, 25, NULL, '1', '2017-04-08 09:18:08', '2017-04-10 08:06:28'),
(571, 19, NULL, '1', '2017-04-09 14:01:28', '2017-04-09 14:04:19'),
(572, 19, NULL, '1', '2017-04-09 14:04:19', '2017-04-12 22:23:49'),
(573, 25, NULL, '2', '2017-04-10 08:07:09', '2017-04-11 07:43:52'),
(574, 21, NULL, '1163.shp', '2017-04-10 08:27:24', '2017-04-12 06:23:01'),
(575, 7, NULL, 'Geel-Marcinelle', '2017-04-10 13:16:25', '2017-04-12 11:02:02'),
(576, 15, NULL, '1', '2017-04-10 13:29:53', '2017-04-12 15:12:30'),
(577, 25, NULL, '2', '2017-04-11 07:44:21', '2017-04-12 05:16:15'),
(578, 20, NULL, '1', '2017-04-11 08:58:13', '2017-04-14 10:51:38'),
(579, 23, NULL, 'Edwin', '2017-04-11 08:53:49', '2017-04-16 07:34:25'),
(580, 8, NULL, 'seine', '2017-04-11 17:03:11', '2017-04-19 05:52:57'),
(581, 12, NULL, '1', '2017-04-12 04:06:41', '2017-04-18 19:16:26'),
(582, 25, NULL, 'benny', '2017-04-12 05:16:58', '2017-04-12 17:35:25'),
(583, 21, NULL, '1163.shp', '2017-04-12 06:23:36', '2017-04-13 04:21:54'),
(584, 10, NULL, 'cth', '2017-04-12 14:55:30', '2017-04-19 13:19:09'),
(585, 15, NULL, '1', '2017-04-12 15:13:02', '2017-04-20 13:58:40'),
(586, 25, NULL, 'benny', '2017-04-12 17:36:01', '2017-04-13 22:16:15'),
(587, 19, NULL, '1', '2017-04-12 22:24:15', '2017-04-24 08:40:48'),
(588, 21, NULL, '1163.shp', '2017-04-13 04:22:56', '2017-04-18 05:50:20'),
(589, 25, NULL, '2', '2017-04-13 22:53:31', '2017-04-14 05:59:58'),
(590, 25, NULL, 'benny', '2017-04-14 08:47:44', '2017-04-24 04:16:51'),
(591, 20, NULL, '1', '2017-04-14 10:52:28', '2017-04-24 22:20:02'),
(592, 26, NULL, 'Test', '2017-04-14 12:14:45', '2017-04-14 12:16:18'),
(593, 7, NULL, 'Marchinelle-Markelo', '2017-04-14 18:56:47', '2017-04-18 20:36:15'),
(594, 23, NULL, 'Edwin', '2017-04-16 07:37:52', '2017-04-21 19:47:43'),
(595, 21, NULL, '1163.shp', '2017-04-18 05:51:07', '2017-04-18 07:46:13'),
(596, 26, NULL, '1', '2017-04-18 07:46:29', '2017-04-18 10:32:05'),
(597, 21, NULL, '1163.shp', '2017-04-18 07:59:12', '2017-04-18 13:14:12'),
(598, 26, NULL, '2', '2017-04-18 10:32:05', '2017-04-19 15:48:15'),
(599, 21, NULL, '1163.shp', '2017-04-18 13:14:50', '2017-04-20 19:49:38'),
(600, 8, NULL, 'seine', '2017-04-19 05:53:47', '2017-04-22 10:23:23'),
(601, 12, NULL, '6', '2017-04-19 06:45:18', '2017-04-23 18:25:45'),
(602, 10, NULL, 'cth', '2017-04-19 13:19:09', '2017-04-21 11:31:49'),
(603, 26, NULL, '2', '2017-04-19 15:48:34', '2017-04-26 09:36:39'),
(604, 21, NULL, '1163.shp', '2017-04-20 19:50:25', '2017-07-17 08:16:34'),
(605, 10, NULL, 'cth', '2017-04-21 11:32:22', '2017-05-01 10:11:40'),
(606, 7, NULL, 'henglo-adam-henlo', '2017-04-21 13:16:28', '2017-04-27 15:07:49'),
(607, 4, NULL, '1', '2017-04-21 14:41:00', '2017-04-22 16:31:55'),
(608, 23, NULL, 'Edwin', '2017-04-21 19:48:15', '2017-04-25 12:08:28'),
(609, 8, NULL, 'seine', '2017-04-22 10:23:46', '2017-04-25 18:54:46'),
(610, 4, NULL, '1', '2017-04-22 16:32:21', '2017-04-26 18:03:54'),
(611, 15, NULL, '1', '2017-04-23 06:01:29', '2017-04-27 11:02:39'),
(612, 19, NULL, '1', '2017-04-24 08:41:23', '2017-04-28 22:05:05'),
(613, 20, NULL, '1', '2017-04-24 22:20:38', '2017-05-15 14:33:06'),
(614, 25, NULL, '1', '2017-04-25 06:29:35', '2017-04-25 22:17:48'),
(615, 23, NULL, 'Edwin', '2017-04-25 12:08:53', '2017-04-28 19:59:45'),
(616, 8, NULL, 'seine', '2017-04-25 18:55:08', '2017-05-02 11:08:57'),
(617, 25, NULL, '1', '2017-04-25 22:18:41', '2017-04-27 02:21:14'),
(618, 12, NULL, '6', '2017-04-26 07:08:52', '2017-04-28 17:52:15'),
(619, 26, NULL, '2', '2017-04-26 09:36:56', '2017-05-02 22:21:18'),
(620, 4, NULL, '1', '2017-04-26 18:04:23', '2017-05-02 07:32:16'),
(621, 25, NULL, '1', '2017-04-27 02:21:53', '2017-04-27 17:38:54'),
(622, 15, NULL, '1', '2017-04-27 11:03:19', '2017-05-03 10:03:09'),
(623, 25, NULL, '1', '2017-04-27 17:39:58', '2017-05-01 19:37:52'),
(624, 12, NULL, '6', '2017-04-28 17:52:31', '2017-04-30 20:00:06'),
(625, 23, NULL, 'Edwin', '2017-04-28 20:00:08', NULL),
(626, 19, NULL, '1', '2017-04-28 22:05:23', '2017-05-04 07:28:26'),
(627, 7, NULL, 'hengelo-adam', '2017-04-29 06:00:24', '2017-04-30 16:15:46'),
(628, 10, NULL, 'cth', '2017-05-01 10:12:19', '2017-05-05 03:55:16'),
(629, 7, NULL, 'adam- bergopzoom', '2017-05-01 18:59:25', '2017-05-02 17:51:44'),
(630, 25, NULL, '1', '2017-05-01 19:39:47', '2017-05-02 10:31:19'),
(631, 4, NULL, '1', '2017-05-02 07:32:40', '2017-05-05 16:03:10'),
(632, 25, NULL, '1', '2017-05-02 10:32:48', '2017-05-03 20:55:00'),
(633, 8, NULL, 'seine', '2017-05-02 11:09:35', '2017-05-05 18:32:32'),
(634, 12, NULL, '2', '2017-05-02 22:16:38', '2017-05-05 12:26:49'),
(635, 26, NULL, '2', '2017-05-02 22:21:34', '2017-05-05 07:58:18'),
(636, 25, NULL, '1', '2017-05-03 20:55:25', '2017-05-04 10:49:45'),
(637, 22, NULL, '1', '2017-05-04 06:49:54', '2017-05-23 05:56:45'),
(638, 19, NULL, '1', '2017-05-04 07:28:53', '2017-05-16 13:35:36'),
(639, 7, NULL, 'merksem-empel', '2017-05-04 09:34:10', '2017-05-05 06:15:01'),
(640, 25, NULL, '1', '2017-05-04 10:51:09', '2017-05-05 11:59:38'),
(641, 15, NULL, '1', '2017-05-04 13:59:34', '2017-05-06 09:05:06'),
(642, 10, NULL, 'cth', '2017-05-05 03:55:43', '2017-05-10 10:33:35'),
(643, 26, NULL, '2', '2017-05-05 07:58:32', '2017-05-09 13:24:09'),
(644, 25, NULL, '1', '2017-05-05 12:00:59', '2017-05-08 09:29:56'),
(645, 4, NULL, '1', '2017-05-05 16:05:14', '2017-05-06 10:00:51'),
(646, 8, NULL, 'seine', '2017-05-05 18:33:11', '2017-05-11 12:38:59'),
(647, 15, NULL, '1', '2017-05-06 09:05:33', '2017-05-09 05:10:09'),
(648, 4, NULL, '1', '2017-05-06 10:01:30', '2017-05-12 06:46:28'),
(649, 12, NULL, '1', '2017-05-06 21:10:42', '2017-05-11 08:05:08'),
(650, 25, NULL, 'benny', '2017-05-08 09:30:36', '2017-05-09 15:34:01'),
(651, 26, NULL, '2', '2017-05-09 13:24:22', '2017-05-11 12:31:33'),
(652, 25, NULL, 'benny', '2017-05-09 15:34:22', '2017-05-10 09:05:14'),
(653, 7, NULL, 'venlo-rdam', '2017-05-10 03:59:49', '2017-05-11 09:30:31'),
(654, 25, NULL, 'benny', '2017-05-10 09:05:51', '2017-05-13 09:59:52'),
(655, 10, NULL, 'cth', '2017-05-10 10:33:52', '2017-05-15 11:49:04'),
(656, 12, NULL, '1', '2017-05-11 08:06:04', '2017-05-17 21:35:03'),
(657, 26, NULL, '2', '2017-05-11 12:31:45', '2017-05-12 11:26:58'),
(658, 8, NULL, 'seine', '2017-05-11 12:39:26', '2017-05-15 12:44:45'),
(659, 4, NULL, '1', '2017-05-12 06:47:10', '2017-05-14 13:38:37'),
(660, 26, NULL, '2', '2017-05-12 11:27:13', '2017-05-15 11:13:17'),
(661, 7, NULL, 'oss/Rdam', '2017-05-12 15:46:19', '2017-05-15 10:25:39'),
(662, 15, NULL, '2', '2017-05-13 07:57:40', '2017-05-14 02:49:45'),
(663, 25, NULL, 'benny', '2017-05-13 10:00:14', '2017-05-14 17:13:57'),
(664, 15, NULL, '2', '2017-05-14 02:53:02', '2017-05-15 09:48:49'),
(665, 4, NULL, '1', '2017-05-14 13:39:08', '2017-05-16 15:55:17'),
(666, 25, NULL, 'benny', '2017-05-14 17:14:16', '2017-05-16 08:09:15'),
(667, 9, NULL, 'Leo', '2017-05-14 18:50:16', '2017-05-19 14:17:17'),
(668, 26, NULL, '2', '2017-05-15 11:13:29', '2017-05-16 13:02:53'),
(669, 10, NULL, 'cth', '2017-05-15 11:49:25', '2017-05-19 09:04:38'),
(670, 8, NULL, 'seine', '2017-05-15 12:45:31', '2017-05-17 17:03:22'),
(671, 20, NULL, '1', '2017-05-15 14:33:32', '2017-05-19 06:42:17'),
(672, 25, NULL, 'benny', '2017-05-16 08:09:42', '2017-05-17 05:21:25'),
(673, 15, NULL, '2', '2017-05-16 09:07:22', '2017-05-17 07:48:49'),
(674, 26, NULL, '2', '2017-05-16 13:03:09', '2017-05-17 06:39:46'),
(675, 4, NULL, '1', '2017-05-16 15:55:45', '2017-05-25 13:52:20'),
(676, 19, NULL, '1', '2017-05-16 21:10:45', '2017-05-20 10:44:11'),
(677, 25, NULL, 'benny', '2017-05-17 05:21:52', '2017-05-18 15:26:51'),
(678, 26, NULL, '2', '2017-05-17 06:39:57', '2017-05-19 12:19:03'),
(679, 15, NULL, '2', '2017-05-17 07:49:07', '2017-05-23 13:54:35'),
(680, 7, NULL, 'henglo-Adam', '2017-05-17 12:10:13', '2017-05-19 08:19:42'),
(681, 8, NULL, 'seine', '2017-05-17 17:03:53', '2017-05-23 07:09:31'),
(682, 12, NULL, '6', '2017-05-17 21:36:33', '2017-06-14 12:13:31'),
(683, 25, NULL, 'benny', '2017-05-18 15:27:11', '2017-05-22 13:07:06'),
(684, 20, NULL, '1', '2017-05-19 06:42:49', '2017-05-23 13:11:43'),
(685, 10, NULL, 'cth', '2017-05-19 09:05:03', '2017-05-29 08:28:04'),
(686, 26, NULL, '2', '2017-05-19 12:19:16', '2017-05-23 06:59:54'),
(687, 9, NULL, 'Leo', '2017-05-19 18:26:00', '2017-05-23 10:17:02'),
(688, 25, NULL, '1', '2017-05-22 13:08:06', '2017-05-23 15:58:06'),
(689, 19, NULL, '1', '2017-05-23 05:28:22', '2017-05-26 06:42:35'),
(690, 26, NULL, '2', '2017-05-23 07:00:07', '2017-05-29 09:54:13'),
(691, 8, NULL, 'seine', '2017-05-23 07:10:16', '2017-05-27 16:09:35'),
(692, 20, NULL, '1', '2017-05-23 13:12:29', '2017-05-29 12:50:32'),
(693, 15, NULL, '1', '2017-05-23 13:55:14', '2017-05-27 17:36:57'),
(694, 22, NULL, '1', '2017-05-23 05:58:01', '2017-06-30 06:58:43'),
(695, 25, NULL, '1', '2017-05-23 15:58:52', '2017-05-25 09:27:43'),
(696, 9, NULL, 'Leo', '2017-05-24 06:19:07', '2017-05-29 21:17:53'),
(697, 25, NULL, '1', '2017-05-25 12:37:31', '2017-05-26 15:43:06'),
(698, 4, NULL, '1', '2017-05-25 13:53:11', '2017-05-31 12:05:15'),
(699, 25, NULL, '1', '2017-05-26 15:44:34', '2017-05-29 04:22:48'),
(700, 8, NULL, 'seine', '2017-05-27 16:09:59', '2017-05-31 09:54:34'),
(701, 15, NULL, '1', '2017-05-27 17:37:27', '2017-06-01 05:09:38'),
(702, 25, NULL, '1', '2017-05-29 04:23:27', '2017-05-30 09:41:05'),
(703, 10, NULL, 'cth', '2017-05-29 08:28:28', '2017-05-31 09:36:05'),
(704, 26, NULL, '2', '2017-05-29 09:54:24', '2017-05-30 13:17:22'),
(705, 20, NULL, '1', '2017-05-29 12:50:59', '2017-06-03 01:58:47'),
(706, 9, NULL, 'Leo', '2017-05-29 21:18:38', '2017-06-03 06:15:57'),
(707, 25, NULL, '1', '2017-05-30 09:42:05', '2017-06-01 13:58:52'),
(708, 26, NULL, '2', '2017-05-30 13:17:33', '2017-05-31 07:23:24'),
(709, 26, NULL, '2', '2017-05-31 07:23:37', '2017-06-01 14:16:48'),
(710, 10, NULL, 'cth', '2017-05-31 09:36:25', '2017-06-02 10:40:44'),
(711, 8, NULL, '`SEINE', '2017-05-31 09:55:06', '2017-06-06 21:35:48'),
(712, 4, NULL, '1', '2017-05-31 12:05:42', '2017-06-07 05:23:22'),
(713, 15, NULL, '1', '2017-06-01 10:03:12', '2017-06-04 12:16:48'),
(714, 25, NULL, '1', '2017-06-01 13:59:42', '2017-06-03 10:32:07'),
(715, 26, NULL, '2', '2017-06-01 14:17:00', '2017-06-02 11:56:02'),
(716, 10, NULL, 'Teun Kramer', '2017-06-02 10:41:10', '2017-06-12 09:39:41'),
(717, 26, NULL, '2', '2017-06-02 11:56:16', '2017-06-07 11:05:24'),
(718, 7, NULL, 'nijmegen-marchinelle', '2017-06-02 15:23:09', '2017-06-06 07:13:37'),
(719, 20, NULL, '1', '2017-06-03 01:59:49', '2017-06-09 04:58:42'),
(720, 9, NULL, 'Leo', '2017-06-03 06:17:01', '2017-06-09 08:08:29'),
(721, 25, NULL, '1', '2017-06-03 10:32:50', '2017-06-03 16:03:30'),
(722, 25, NULL, '1', '2017-06-03 19:27:54', '2017-06-04 10:42:21'),
(723, 25, NULL, '1', '2017-06-04 10:58:49', '2017-06-05 07:39:52'),
(724, 15, NULL, '1', '2017-06-04 12:17:22', '2017-06-07 16:31:56'),
(725, 25, NULL, 'benny', '2017-06-05 07:40:16', '2017-06-06 04:42:29'),
(726, 25, NULL, 'benny', '2017-06-06 04:42:55', '2017-06-07 08:37:29'),
(727, 8, NULL, 'seine', '2017-06-06 21:36:06', '2017-06-13 04:15:22'),
(728, 4, NULL, '1', '2017-06-07 05:23:50', '2017-06-08 16:26:01'),
(729, 25, NULL, 'benny', '2017-06-07 08:38:08', '2017-06-08 04:51:18'),
(730, 26, NULL, '2', '2017-06-07 11:05:39', '2017-06-08 08:24:57'),
(731, 25, NULL, 'benny', '2017-06-08 04:51:55', '2017-06-08 21:38:48'),
(732, 26, NULL, '2', '2017-06-08 08:25:06', '2017-06-14 13:23:55'),
(733, 15, NULL, '1', '2017-06-08 10:10:38', '2017-06-08 19:19:27'),
(734, 4, NULL, '1', '2017-06-08 16:26:21', '2017-06-13 10:30:30'),
(735, 15, NULL, '1', '2017-06-08 19:20:06', '2017-06-17 05:08:09'),
(736, 25, NULL, 'benny', '2017-06-08 21:39:19', '2017-06-09 15:38:23'),
(737, 20, NULL, '1', '2017-06-09 04:59:11', '2017-06-20 10:28:37'),
(738, 25, NULL, 'benny', '2017-06-09 15:38:50', '2017-06-10 06:33:18'),
(739, 9, NULL, 'l', '2017-06-09 19:53:53', '2017-06-14 09:30:42'),
(740, 25, NULL, 'be', '2017-06-10 06:33:45', '2017-06-11 09:03:07'),
(741, 25, NULL, 'benny', '2017-06-11 09:03:40', '2017-06-11 16:20:31'),
(742, 25, NULL, 'benny', '2017-06-11 16:21:00', '2017-06-13 11:04:32'),
(743, 10, NULL, 'cth', '2017-06-12 09:40:06', '2017-06-15 14:04:15'),
(744, 8, NULL, 'seine', '2017-06-13 09:08:04', '2017-06-19 15:50:58'),
(745, 4, NULL, '1', '2017-06-13 10:30:56', '2017-06-16 06:45:55');
INSERT INTO `crew_activity` (`trip_crew_id`, `ship_id`, `crew_id`, `crew_name_from_tripmanager`, `date_start`, `date_stop`) VALUES
(746, 25, NULL, 'benny', '2017-06-13 11:05:01', '2017-06-14 05:25:13'),
(747, 25, NULL, 'benny', '2017-06-14 05:25:49', '2017-06-15 00:15:56'),
(748, 9, NULL, 'Leo', '2017-06-14 09:31:26', '2017-06-20 15:55:27'),
(749, 12, NULL, '6', '2017-06-14 12:14:25', '2017-08-04 12:32:31'),
(750, 26, NULL, '2', '2017-06-14 13:24:04', '2017-06-16 12:17:29'),
(751, 25, NULL, 'benny', '2017-06-15 00:16:31', '2017-06-17 20:42:58'),
(752, 10, NULL, 'cth', '2017-06-15 14:04:35', '2017-06-20 07:28:36'),
(753, 4, NULL, '1', '2017-06-16 06:46:21', '2017-07-10 15:05:46'),
(754, 28, NULL, 'test', '2017-06-16 11:40:17', '2017-06-16 11:48:17'),
(755, 26, NULL, '2', '2017-06-16 12:17:37', '2017-06-20 05:04:41'),
(756, 25, NULL, 'benny', '2017-06-17 20:43:23', '2017-07-07 14:58:33'),
(757, 8, NULL, 'SEINE', '2017-06-19 15:51:27', '2017-06-26 12:13:30'),
(758, 26, NULL, '2', '2017-06-20 05:05:15', '2017-06-22 14:08:45'),
(759, 10, NULL, 'cth', '2017-06-20 07:28:52', '2017-06-23 06:08:31'),
(760, 20, NULL, '1', '2017-06-20 10:29:24', '2017-06-27 13:00:11'),
(761, 15, NULL, '1', '2017-06-20 14:57:57', '2017-06-25 16:47:10'),
(762, 9, NULL, 'Leo', '2017-06-20 23:37:48', '2017-06-25 17:48:14'),
(763, 26, NULL, '2', '2017-06-22 14:08:56', '2017-06-27 06:26:56'),
(764, 10, NULL, 'cth', '2017-06-23 06:08:46', '2017-06-28 09:27:13'),
(765, 15, NULL, '1', '2017-06-25 16:47:57', '2017-07-02 14:02:52'),
(766, 9, NULL, 'Leo', '2017-06-25 17:55:10', '2017-08-16 09:57:26'),
(767, 8, NULL, 'SEINE', '2017-06-26 12:14:01', '2017-06-29 14:33:16'),
(768, 26, NULL, '2', '2017-06-27 06:27:11', '2017-06-28 17:15:07'),
(769, 20, NULL, '1', '2017-06-27 13:00:39', '2017-07-01 18:48:19'),
(770, 10, NULL, 'cth', '2017-06-28 09:27:28', '2017-07-05 10:11:09'),
(771, 26, NULL, '2', '2017-06-28 17:15:22', '2017-07-03 15:32:19'),
(772, 28, NULL, '2', '2017-06-29 05:35:24', '2017-06-29 05:35:29'),
(773, 28, NULL, '2', '2017-06-29 05:35:29', '2017-06-29 05:36:22'),
(774, 28, NULL, '2', '2017-06-29 05:36:22', '2017-07-03 16:34:24'),
(775, 8, NULL, 'SEINE', '2017-06-29 14:33:53', '2017-07-05 15:36:28'),
(776, 22, NULL, '2', '2017-06-30 07:03:44', '2017-08-09 08:36:28'),
(777, 20, NULL, '1', '2017-07-01 18:48:59', '2017-07-07 05:47:11'),
(778, 15, NULL, '1', '2017-07-02 14:03:19', '2017-07-04 08:39:11'),
(779, 26, NULL, '2', '2017-07-03 15:32:29', '2017-07-06 06:43:11'),
(780, 28, NULL, '2', '2017-07-04 06:39:27', '2017-07-05 16:32:14'),
(781, 15, NULL, '1', '2017-07-04 08:39:46', '2017-07-11 17:43:46'),
(782, 10, NULL, 'cth', '2017-07-05 10:11:32', '2017-07-10 09:21:48'),
(783, 8, NULL, 'seine', '2017-07-05 15:37:11', '2017-07-12 12:14:26'),
(784, 26, NULL, '2', '2017-07-06 06:43:19', '2017-07-07 14:39:17'),
(785, 2, NULL, '74', '2017-07-06 13:40:45', '2017-07-06 13:46:49'),
(786, 2, NULL, '1', '2017-07-06 13:46:49', '2017-07-06 13:47:39'),
(787, 2, NULL, '1', '2017-07-06 13:48:33', NULL),
(788, 20, NULL, '1', '2017-07-07 05:47:59', '2017-07-17 08:42:08'),
(789, 26, NULL, '2', '2017-07-07 14:39:28', '2017-07-12 18:11:56'),
(790, 25, NULL, 'benny', '2017-07-07 18:59:51', '2017-07-08 15:59:59'),
(791, 25, NULL, 'benny', '2017-07-08 16:00:21', '2017-07-17 09:21:12'),
(792, 10, NULL, 'cth', '2017-07-10 09:22:12', '2017-07-12 10:26:06'),
(793, 4, NULL, '1', '2017-07-10 15:06:18', '2017-07-12 14:51:37'),
(794, 15, NULL, '2', '2017-07-11 17:46:08', '2017-07-11 17:52:27'),
(795, 15, NULL, '2', '2017-07-11 17:52:38', '2017-07-18 09:03:38'),
(796, 10, NULL, 'cth', '2017-07-12 10:26:29', '2017-07-18 11:54:12'),
(797, 8, NULL, 'seine', '2017-07-12 12:15:38', '2017-07-16 01:13:56'),
(798, 4, NULL, '1', '2017-07-12 14:52:14', '2017-07-14 15:16:02'),
(799, 26, NULL, '2', '2017-07-12 18:12:10', '2017-07-20 08:58:45'),
(800, 8, NULL, 'seine', '2017-07-16 01:14:43', '2017-07-17 14:45:15'),
(801, 20, NULL, '1', '2017-07-17 08:42:36', '2017-07-21 15:31:36'),
(802, 4, NULL, '1', '2017-07-17 10:30:23', '2017-07-18 18:04:38'),
(803, 25, NULL, 'benny', '2017-07-17 14:24:46', '2017-07-18 14:00:13'),
(804, 8, NULL, 'seine', '2017-07-17 14:45:32', '2017-07-19 16:25:37'),
(805, 15, NULL, '1', '2017-07-18 09:04:08', '2017-07-26 06:10:53'),
(806, 10, NULL, 'cth', '2017-07-18 11:54:34', '2017-07-24 16:10:57'),
(807, 25, NULL, 'benny', '2017-07-18 14:00:40', '2017-07-19 10:03:32'),
(808, 4, NULL, '1', '2017-07-19 10:26:52', '2017-07-24 11:12:13'),
(809, 8, NULL, 'seine', '2017-07-19 16:34:14', '2017-07-21 13:26:59'),
(810, 25, NULL, 'benny', '2017-07-19 18:51:22', '2017-07-21 10:31:29'),
(811, 26, NULL, '2', '2017-07-20 08:58:58', '2017-07-25 10:48:34'),
(812, 25, NULL, 'benny', '2017-07-21 10:31:59', '2017-07-22 10:36:24'),
(813, 8, NULL, 'seine', '2017-07-21 13:27:28', '2017-07-28 13:37:47'),
(814, 20, NULL, '1', '2017-07-21 15:33:06', '2017-07-29 12:13:12'),
(815, 25, NULL, 'benny', '2017-07-22 10:36:49', '2017-07-23 11:34:34'),
(816, 25, NULL, 'benny', '2017-07-23 11:34:56', '2017-07-24 05:25:42'),
(817, 25, NULL, 'benny', '2017-07-24 05:26:16', '2017-05-01 03:56:43'),
(818, 4, NULL, '2', '2017-07-24 11:15:04', '2017-07-31 13:07:25'),
(819, 10, NULL, 'cth', '2017-07-24 16:11:17', '2017-08-01 11:49:08'),
(820, 19, NULL, '1', '2017-07-25 10:17:32', '2017-11-01 15:59:58'),
(821, 26, NULL, '2', '2017-07-25 10:48:44', '2017-07-27 08:45:06'),
(822, 15, NULL, '1', '2017-07-26 06:11:20', '2017-07-27 11:02:18'),
(823, 26, NULL, '2', '2017-07-27 08:45:18', '2017-08-02 14:10:49'),
(824, 15, NULL, '1', '2017-07-27 11:02:44', '2017-07-31 14:40:26'),
(825, 8, NULL, 'seine', '2017-07-28 13:38:02', '2017-08-04 10:36:05'),
(826, 20, NULL, '1', '2017-07-29 12:13:46', '2017-08-04 11:45:32'),
(827, 4, NULL, '2', '2017-07-31 13:08:45', '2017-08-01 06:41:08'),
(828, 15, NULL, '1', '2017-07-31 14:41:18', '2017-08-04 13:12:43'),
(829, 4, NULL, '2', '2017-08-01 06:41:37', '2017-08-02 15:05:03'),
(830, 10, NULL, 'cth', '2017-08-01 11:49:26', '2017-08-03 13:04:45'),
(831, 26, NULL, '2', '2017-08-02 14:10:58', '2017-08-08 10:59:48'),
(832, 4, NULL, '2', '2017-08-02 16:42:22', '2017-08-06 10:18:24'),
(833, 10, NULL, 'cth', '2017-08-03 13:05:01', '2017-08-14 12:38:21'),
(834, 8, NULL, 'Seine', '2017-08-04 11:24:22', '2017-08-05 15:55:08'),
(835, 20, NULL, '1', '2017-08-04 11:46:28', '2017-08-11 09:19:59'),
(836, 12, NULL, '1', '2017-08-04 12:34:30', NULL),
(837, 15, NULL, '1', '2017-08-04 13:13:33', '2017-08-10 08:19:44'),
(838, 8, NULL, 'seine', '2017-08-05 15:55:30', '2017-08-11 13:35:54'),
(839, 4, NULL, '4', '2017-08-06 10:18:53', '2017-08-07 12:00:35'),
(840, 26, NULL, '2', '2017-08-08 10:59:57', '2017-08-14 07:52:57'),
(841, 4, NULL, '2', '2017-08-08 15:39:50', '2017-09-10 14:58:29'),
(842, 22, NULL, '1', '2017-08-09 08:36:28', '2017-08-09 08:40:17'),
(843, 22, NULL, '1', '2017-08-09 08:40:55', '2017-09-22 13:24:10'),
(844, 20, NULL, '1', '2017-08-11 09:20:48', '2017-09-05 05:17:26'),
(845, 8, NULL, 'seine', '2017-08-11 13:36:20', '2017-08-16 19:05:18'),
(846, 26, NULL, '2', '2017-08-14 07:53:10', '2017-08-15 09:48:31'),
(847, 10, NULL, 'cth', '2017-08-14 12:39:28', '2017-08-17 13:27:32'),
(848, 26, NULL, '2', '2017-08-15 09:48:49', '2017-08-16 10:27:41'),
(849, 7, NULL, 'Marcinelle-Trier', '2017-08-15 13:14:58', '2017-08-22 12:13:10'),
(850, 9, NULL, 'Leo', '2017-08-16 09:57:26', '2017-08-22 14:07:48'),
(851, 26, NULL, '2', '2017-08-16 10:27:49', '2017-08-17 09:11:14'),
(852, 8, NULL, 'seine', '2017-08-16 19:05:35', '2017-08-21 18:08:22'),
(853, 26, NULL, '2', '2017-08-17 09:11:22', '2017-08-21 15:14:01'),
(854, 10, NULL, 'cth', '2017-08-17 13:27:55', '2017-09-05 11:02:38'),
(855, 26, NULL, '2', '2017-08-21 15:15:17', '2017-08-23 11:28:32'),
(856, 8, NULL, 'seine', '2017-08-21 18:08:37', '2017-08-25 18:25:36'),
(857, 15, NULL, '1', '2017-08-22 11:54:37', '2017-08-22 11:56:31'),
(858, 9, NULL, 'Leo', '2017-08-22 14:08:30', '2017-08-26 08:20:42'),
(859, 26, NULL, '2', '2017-08-23 11:28:40', '2017-08-25 06:04:44'),
(860, 26, NULL, '2', '2017-08-25 06:04:54', '2017-08-30 04:08:51'),
(861, 7, NULL, 'mertert-antwerpen', '2017-08-25 14:22:18', '2017-08-30 14:34:13'),
(862, 15, NULL, '1', '2017-08-25 17:15:33', '2017-08-29 15:45:00'),
(863, 8, NULL, 'seine', '2017-08-25 18:25:54', '2017-09-04 17:02:56'),
(864, 9, NULL, 'Leo', '2017-08-27 07:09:58', '2017-09-01 18:52:24'),
(865, 15, NULL, '2', '2017-08-29 15:45:12', '2017-09-01 13:05:39'),
(866, 26, NULL, '2', '2017-08-30 04:09:05', '2017-09-01 11:37:37'),
(867, 26, NULL, '2', '2017-09-01 11:37:47', '2017-09-19 09:12:14'),
(868, 15, NULL, '2', '2017-09-01 13:05:50', '2017-09-05 10:52:18'),
(869, 9, NULL, 'Leo', '2017-09-01 18:52:56', '2017-09-09 04:20:46'),
(870, 8, NULL, 'seine', '2017-09-04 17:03:07', '2017-09-10 07:16:00'),
(871, 20, NULL, '1', '2017-09-05 10:21:27', '2017-09-13 08:47:46'),
(872, 15, NULL, '2', '2017-09-05 10:52:29', '2017-09-06 06:36:50'),
(873, 10, NULL, 'cth', '2017-09-05 11:03:01', '2017-09-08 10:01:36'),
(874, 30, NULL, '1', '2017-09-05 11:57:40', '2017-09-06 18:46:36'),
(875, 15, NULL, '2', '2017-09-06 06:37:05', '2017-09-12 08:31:16'),
(876, 30, NULL, '2', '2017-09-06 18:47:30', '2017-09-11 12:01:32'),
(877, 10, NULL, 'cth', '2017-09-08 10:02:08', '2017-09-13 10:05:20'),
(878, 9, NULL, 'Leo', '2017-09-09 04:21:16', '2017-09-12 18:01:56'),
(879, 8, NULL, 'seine', '2017-09-10 07:16:29', '2017-09-14 12:46:51'),
(880, 4, NULL, '1', '2017-09-10 14:59:11', '2017-09-12 13:42:45'),
(881, 30, NULL, '4', '2017-09-11 12:02:45', '2017-09-13 13:00:37'),
(882, 15, NULL, '2', '2017-09-12 08:31:47', '2017-09-19 06:21:43'),
(883, 4, NULL, '1', '2017-09-12 13:43:20', '2017-09-12 18:01:00'),
(884, 4, NULL, '1', '2017-09-12 18:01:31', '2017-09-15 10:46:33'),
(885, 9, NULL, 'Leo', '2017-09-13 07:56:07', '2017-09-16 18:12:14'),
(886, 20, NULL, '1', '2017-09-13 08:48:24', '2017-10-06 06:07:16'),
(887, 10, NULL, 'cth', '2017-09-13 10:05:41', '2017-09-18 10:13:40'),
(888, 30, NULL, '3', '2017-09-14 08:24:39', '2017-09-15 07:37:08'),
(889, 8, NULL, 'seine', '2017-09-14 12:47:15', '2017-09-17 15:30:49'),
(890, 4, NULL, '1', '2017-09-15 10:47:00', '2017-09-17 13:34:47'),
(891, 30, NULL, '4', '2017-09-15 23:00:51', '2017-09-16 11:45:06'),
(892, 9, NULL, 'Leo', '2017-09-17 00:55:52', '2017-09-21 19:35:08'),
(893, 30, NULL, '4', '2017-09-17 09:29:50', '2017-09-18 06:24:03'),
(894, 4, NULL, '1', '2017-09-17 13:36:37', '2017-09-19 14:56:16'),
(895, 8, NULL, 'seine', '2017-09-17 15:31:02', '2017-09-21 17:05:08'),
(896, 10, NULL, 'cth', '2017-09-18 10:14:06', '2017-09-20 11:46:22'),
(897, 30, NULL, '6', '2017-09-18 21:43:31', '2017-09-22 05:54:28'),
(898, 15, NULL, '0', '2017-09-19 06:21:56', '2017-09-19 06:22:13'),
(899, 15, NULL, '2', '2017-09-19 06:22:13', '2017-09-20 13:09:55'),
(900, 26, NULL, '2', '2017-09-19 09:12:26', '2017-09-21 11:26:07'),
(901, 4, NULL, '1', '2017-09-19 14:56:53', '2017-09-21 09:16:01'),
(902, 10, NULL, 'cth', '2017-09-20 11:46:56', '2017-09-20 11:46:57'),
(903, 10, NULL, 'cth', '2017-09-20 11:46:57', '2017-09-20 11:47:00'),
(904, 10, NULL, 'cth', '2017-09-20 11:47:00', '2017-09-20 11:47:01'),
(905, 10, NULL, 'cth', '2017-09-20 11:47:01', '2017-09-25 12:50:03'),
(906, 15, NULL, '2', '2017-09-20 13:10:07', '2017-09-26 13:23:03'),
(907, 4, NULL, '1', '2017-09-21 09:16:30', '2017-09-28 16:52:50'),
(908, 8, NULL, 'seine', '2017-09-21 17:05:31', '2017-09-25 10:31:01'),
(909, 22, NULL, '1', '2017-09-22 13:25:56', '2017-10-06 08:01:01'),
(910, 30, NULL, '7', '2017-09-22 05:55:15', '2017-09-24 01:57:48'),
(911, 9, NULL, 'Leo', '2017-09-22 20:16:50', '2017-10-02 12:45:24'),
(912, 30, NULL, '8', '2017-09-24 01:58:42', '2017-09-25 04:53:59'),
(913, 8, NULL, 'seine', '2017-09-25 10:31:43', '2017-10-03 05:56:22'),
(914, 10, NULL, 'cth', '2017-09-25 12:50:27', '2017-09-28 06:58:55'),
(915, 15, NULL, '1', '2017-09-26 13:23:42', '2017-09-27 17:23:41'),
(916, 30, NULL, '9', '2017-09-27 10:06:24', '2017-09-30 07:06:38'),
(917, 15, NULL, '1', '2017-09-27 17:24:12', '2017-09-30 06:51:25'),
(918, 10, NULL, 'cth', '2017-09-28 06:59:15', '2017-10-02 13:32:57'),
(919, 26, NULL, '2', '2017-09-28 08:57:08', '2017-10-02 09:41:44'),
(920, 4, NULL, '1', '2017-09-28 16:53:19', '2017-09-30 17:06:31'),
(921, 15, NULL, '1', '2017-09-30 06:53:51', '2017-10-10 10:23:00'),
(922, 26, NULL, '2', '2017-10-02 09:41:51', '2017-10-04 06:32:56'),
(923, 10, NULL, 'cth', '2017-10-02 13:33:13', '2017-10-03 14:40:07'),
(924, 8, NULL, 'Seine', '2017-10-03 05:56:45', '2017-10-22 00:39:27'),
(925, 10, NULL, 'cth', '2017-10-03 14:40:31', '2017-10-09 08:51:47'),
(926, 30, NULL, '10', '2017-10-03 07:47:12', '2017-10-04 02:28:19'),
(927, 26, NULL, '2', '2017-10-04 06:33:23', '2017-10-05 06:55:02'),
(928, 30, NULL, '11', '2017-10-04 12:41:57', '2017-10-06 03:53:39'),
(929, 4, NULL, '1', '2017-10-05 06:18:00', '2017-10-05 11:42:15'),
(930, 26, NULL, '2', '2017-10-05 06:55:02', '2017-10-05 12:08:21'),
(931, 26, NULL, '2', '2017-10-05 12:08:28', '2017-10-06 10:09:49'),
(932, 20, NULL, '1', '2017-10-06 06:07:47', '2017-10-11 03:48:56'),
(933, 22, NULL, '1', '2017-10-06 08:01:01', '2017-10-06 08:02:39'),
(934, 22, NULL, '1', '2017-10-06 08:07:08', '2017-10-27 10:02:57'),
(935, 26, NULL, '2', '2017-10-06 10:10:03', '2017-10-10 09:52:14'),
(936, 30, NULL, '11', '2017-10-06 03:54:11', '2017-10-07 18:39:52'),
(937, 30, NULL, '13', '2017-10-07 18:40:50', '2017-10-10 20:05:35'),
(938, 9, NULL, 'Leo', '2017-10-08 14:03:16', '2017-10-12 10:32:43'),
(939, 4, NULL, '1', '2017-10-09 08:05:24', '2017-10-09 13:55:31'),
(940, 10, NULL, 'cth', '2017-10-09 08:52:17', '2017-10-10 11:37:43'),
(941, 4, NULL, '2', '2017-10-09 13:55:54', '2017-10-12 16:21:06'),
(942, 26, NULL, '2', '2017-10-10 09:52:22', '2017-10-16 04:38:01'),
(943, 10, NULL, 'cth', '2017-10-10 11:38:13', '2017-10-12 12:54:56'),
(944, 15, NULL, '1', '2017-10-10 10:23:49', '2017-10-18 14:35:13'),
(945, 30, NULL, '14', '2017-10-10 20:05:58', '2017-10-11 13:17:58'),
(946, 20, NULL, '1', '2017-10-11 03:49:51', '2017-10-17 09:32:06'),
(947, 30, NULL, '14', '2017-10-11 13:18:28', '2017-10-13 06:40:48'),
(948, 10, NULL, 'cth', '2017-10-12 12:55:15', '2017-10-16 12:49:40'),
(949, 30, NULL, '15', '2017-10-13 06:41:27', '2017-10-18 12:24:08'),
(950, 9, NULL, 'Leo', '2017-10-13 17:33:01', '2017-10-18 07:45:09'),
(951, 26, NULL, '2', '2017-10-16 04:38:13', '2017-10-19 07:15:51'),
(952, 10, NULL, 'cth', '2017-10-16 12:50:02', '2017-10-18 13:30:32'),
(953, 4, NULL, '1', '2017-10-16 13:15:49', '2017-10-18 11:31:47'),
(954, 20, NULL, '1', '2017-10-17 09:32:34', '2017-10-22 18:10:28'),
(955, 9, NULL, 'Leo', '2017-10-18 07:45:55', '2017-10-23 17:06:30'),
(956, 21, NULL, 'Test', '2017-10-18 11:17:20', '2017-10-18 11:18:48'),
(957, 30, NULL, '16', '2017-10-18 12:25:04', '2017-10-21 10:14:59'),
(958, 10, NULL, 'cth', '2017-10-18 13:30:53', '2017-10-24 15:34:00'),
(959, 15, NULL, '1', '2017-10-18 14:35:51', '2017-08-12 05:00:08'),
(960, 4, NULL, '1', '2017-10-18 17:48:16', '2017-10-23 08:53:06'),
(961, 21, NULL, '1163.shp', '2017-10-19 04:27:51', '2017-10-23 12:25:37'),
(962, 26, NULL, '2', '2017-10-19 07:16:02', '2017-10-23 07:33:41'),
(963, 30, NULL, '17', '2017-10-21 10:16:21', '2017-10-21 18:04:04'),
(964, 30, NULL, '17', '2017-10-21 18:04:47', '2017-10-24 23:59:09'),
(965, 8, NULL, 'Seine', '2017-10-22 00:39:47', '2017-10-25 11:44:44'),
(966, 20, NULL, '1', '2017-10-22 18:11:15', '2017-10-26 16:18:31'),
(967, 26, NULL, '2', '2017-10-23 07:33:55', '2017-10-26 10:20:37'),
(968, 4, NULL, '1', '2017-10-23 08:53:06', '2017-10-23 09:40:23'),
(969, 21, NULL, '1163.shp', '2017-10-23 12:27:15', '2017-10-24 06:38:42'),
(970, 4, NULL, '1', '2017-10-23 19:11:19', '2017-10-26 11:38:27'),
(971, 9, NULL, 'Leo', '2017-10-23 19:33:43', '2017-10-29 07:42:40'),
(972, 21, NULL, '1163.shp', '2017-10-24 06:41:40', '2017-10-24 16:54:55'),
(973, 10, NULL, 'c', '2017-10-24 15:34:29', '2017-10-26 12:44:04'),
(974, 30, NULL, '18', '2017-10-25 00:00:01', '2017-10-26 19:44:04'),
(975, 8, NULL, 'Seine', '2017-10-25 15:31:59', '2017-10-28 14:55:42'),
(976, 26, NULL, '2', '2017-10-26 10:20:55', '2017-10-31 12:35:03'),
(977, 4, NULL, '1', '2017-10-26 11:38:47', '2017-10-27 09:59:45'),
(978, 10, NULL, 'cth', '2017-10-26 12:44:50', '2017-10-31 13:16:35'),
(979, 20, NULL, '1', '2017-10-26 16:19:15', '2017-11-07 08:53:31'),
(980, 30, NULL, '19', '2017-10-27 06:35:18', '2017-10-29 18:53:41'),
(981, 22, NULL, '1', '2017-10-27 10:02:57', NULL),
(982, 4, NULL, '1', '2017-10-27 10:00:29', '2017-10-30 16:04:06'),
(983, 21, NULL, '1163.shp', '2017-10-27 14:35:03', '2017-11-02 19:34:22'),
(984, 8, NULL, 'seine', '2017-10-28 14:56:01', '2017-10-29 13:13:30'),
(985, 8, NULL, 'Seine', '2017-10-29 13:13:54', '2017-11-06 16:56:12'),
(986, 30, NULL, '19', '2017-10-29 18:54:43', '2017-10-31 11:45:30'),
(987, 9, NULL, 'Leo', '2017-10-30 01:38:22', '2017-11-02 20:31:23'),
(988, 26, NULL, '2', '2017-10-31 12:35:13', '2017-11-03 12:11:19'),
(989, 10, NULL, 'cth', '2017-10-31 13:16:51', '2017-11-01 18:05:18'),
(990, 30, NULL, '21', '2017-10-31 19:22:35', '2017-11-04 09:30:17'),
(991, 4, NULL, '1', '2017-11-01 13:15:17', '2017-11-06 17:42:54'),
(992, 10, NULL, 'cth', '2017-11-01 18:05:41', '2017-11-13 14:58:54'),
(993, 21, NULL, '1163.shp', '2017-11-02 19:35:07', '2017-11-02 19:36:26'),
(994, 21, NULL, '1163.shp', '2017-11-02 19:36:26', '2017-11-08 08:04:53'),
(995, 26, NULL, '2', '2017-11-03 12:11:27', '2017-11-08 09:38:35'),
(996, 9, NULL, 'Leo', '2017-11-04 08:53:19', '2017-11-07 23:41:57'),
(997, 30, NULL, '22', '2017-11-04 09:30:37', '2017-11-06 05:26:07'),
(998, 19, NULL, 'jk', '2017-11-04 09:12:30', '2017-11-07 01:42:49'),
(999, 30, NULL, '23', '2017-11-06 08:53:55', '2017-11-11 13:13:20'),
(1000, 8, NULL, 'seine', '2017-11-06 16:56:35', '2017-11-11 11:41:23'),
(1001, 20, NULL, '1', '2017-11-07 09:06:52', '2017-11-10 19:33:23'),
(1002, 4, NULL, '1', '2017-11-07 10:12:11', '2017-11-04 07:27:01'),
(1003, 9, NULL, 'Leo', '2017-11-07 23:42:26', '2017-11-13 12:26:21'),
(1004, 26, NULL, '2', '2017-11-08 09:38:42', '2017-11-09 09:58:36'),
(1005, 21, NULL, '1163.shp', '2017-11-08 08:06:29', '2017-11-10 13:07:54'),
(1006, 19, NULL, 'jk', '2017-11-08 09:56:25', '2017-11-10 13:51:57'),
(1007, 26, NULL, '2', '2017-11-09 09:58:50', '2017-10-04 07:55:20'),
(1008, 4, NULL, '1', '2017-11-04 07:27:34', '2017-11-16 16:11:17'),
(1009, 15, NULL, '1', '2017-08-12 05:00:08', '2017-08-17 03:57:51'),
(1010, 15, NULL, '1', '2017-08-17 03:57:51', '2017-11-11 06:10:03'),
(1011, 25, NULL, '1', '2017-05-01 03:58:09', NULL),
(1012, 26, NULL, '2', '2017-11-10 09:50:35', '2017-11-13 10:13:08'),
(1013, 21, NULL, '1163.shp', '2017-11-10 13:08:54', '2017-11-27 09:52:04'),
(1014, 20, NULL, '1', '2017-11-10 19:35:29', '2017-11-14 07:28:13'),
(1015, 15, NULL, '1', '2017-11-11 06:10:57', NULL),
(1016, 8, NULL, 'seine', '2017-11-11 11:41:49', '2017-11-15 10:40:34'),
(1017, 30, NULL, '24', '2017-11-11 13:13:46', '2017-11-21 18:01:42'),
(1018, 19, NULL, 'jk', '2017-11-12 15:13:44', '2017-11-18 14:07:14'),
(1019, 26, NULL, '2', '2017-11-13 10:13:19', '2017-11-14 12:32:55'),
(1020, 10, NULL, 'Freek', '2017-11-13 14:59:24', '2017-11-13 14:59:27'),
(1021, 10, NULL, 'cth', '2017-11-13 14:59:40', '2017-11-16 14:56:30'),
(1022, 9, NULL, 'Leo', '2017-11-14 04:48:08', '2017-11-18 09:55:38'),
(1023, 20, NULL, '1', '2017-11-14 07:28:53', '2017-11-20 12:27:36'),
(1024, 26, NULL, '2', '2017-11-14 12:33:06', '2017-11-15 13:52:34'),
(1025, 8, NULL, 'seine', '2017-11-15 10:41:02', '2017-11-22 22:55:35'),
(1026, 26, NULL, '2', '2017-11-15 13:52:44', '2017-11-22 15:40:27'),
(1027, 10, NULL, 'cth', '2017-11-16 14:56:30', '2017-11-17 10:32:10'),
(1028, 4, NULL, '1', '2017-11-16 16:11:59', '2017-11-20 10:01:11'),
(1029, 10, NULL, 'cth', '2017-11-17 10:32:32', '2017-11-21 08:46:45'),
(1030, 19, NULL, '4', '2017-11-18 14:07:29', '2017-11-23 10:21:46'),
(1031, 20, NULL, '1', '2017-11-20 12:28:10', '2017-11-24 05:37:28'),
(1032, 4, NULL, '1', '2017-11-20 14:33:13', '2017-11-21 16:21:53'),
(1033, 10, NULL, 'cth', '2017-11-21 08:46:59', '2017-11-24 10:12:44'),
(1034, 4, NULL, '2', '2017-11-21 16:22:20', '2017-11-23 16:25:29'),
(1035, 30, NULL, '25', '2017-11-21 18:02:19', '2017-11-21 18:01:42'),
(1036, 26, NULL, '2', '2017-11-22 15:40:35', '2017-11-28 06:15:37'),
(1037, 8, NULL, 'seine', '2017-11-22 22:57:50', '2017-11-27 11:59:05'),
(1038, 19, NULL, '5', '2017-11-23 10:21:58', '2017-11-29 15:14:19'),
(1039, 4, NULL, '1', '2017-11-23 16:25:57', '2017-11-27 11:23:38'),
(1040, 20, NULL, '1', '2017-11-24 05:38:11', '2017-11-29 22:08:10'),
(1041, 10, NULL, 'C.T.H', '2017-11-24 10:13:11', '2017-11-29 13:58:09'),
(1042, 21, NULL, '1163.shp', '2017-11-27 09:53:08', NULL),
(1043, 4, NULL, '1', '2017-11-27 11:26:21', '2017-11-20 10:01:11'),
(1044, 8, NULL, 'seine', '2017-11-27 11:59:25', '2017-11-30 13:18:12'),
(1045, 26, NULL, '2', '2017-11-28 06:15:47', NULL),
(1046, 10, NULL, 'cth', '2017-11-29 13:58:42', '2017-11-17 10:32:10'),
(1047, 20, NULL, '1', '2017-11-29 22:08:44', '2017-11-20 12:27:36'),
(1048, 8, NULL, 'seine', '2017-11-30 13:18:54', NULL),
(1049, 19, NULL, '4', '2017-12-01 12:40:55', '2017-12-02 21:10:50'),
(1050, 19, NULL, '4', '2017-12-02 21:11:49', '2017-11-18 14:07:14'),
(1051, 19, NULL, '4', '2017-11-18 14:07:29', NULL),
(1052, 10, NULL, 'cth', '2017-11-17 10:32:32', '2017-11-21 08:46:45'),
(1053, 30, NULL, '25', '2017-11-21 18:02:19', NULL),
(1054, 20, NULL, '1', '2017-11-20 12:28:10', NULL),
(1055, 10, NULL, 'cth', '2017-11-21 08:46:59', NULL),
(1056, 4, NULL, '1', '2017-11-20 14:33:13', '2017-11-21 16:21:53'),
(1057, 4, NULL, '2', '2017-11-21 16:22:20', NULL);

-- --------------------------------------------------------

--
-- Tabelstructuur voor tabel `engine`
--

CREATE TABLE `engine` (
  `engine_id` int(10) UNSIGNED NOT NULL,
  `engine_brand_id` int(10) UNSIGNED DEFAULT NULL,
  `name` varchar(255) COLLATE utf8_unicode_ci DEFAULT NULL,
  `ccr` tinyint(3) UNSIGNED DEFAULT NULL,
  `has_turbo` tinyint(1) NOT NULL DEFAULT '1'
) ENGINE=InnoDB DEFAULT CHARSET=utf8 COLLATE=utf8_unicode_ci;

--
-- Gegevens worden geëxporteerd voor tabel `engine`
--

INSERT INTO `engine` (`engine_id`, `engine_brand_id`, `name`, `ccr`, `has_turbo`) VALUES
(2, 2, '3406B', 3, 1),
(3, 12, '484', 3, 1),
(4, 1, 'S12A2-C2MTPK(FW)', 1, 1),
(5, 2, '3512B', 1, 1),
(6, 2, '3516B', 1, 1),
(7, 2, '3406E', 1, 1),
(8, 15, 'RO 158 K', 3, 1),
(9, 1, 'S6R MPTA', 3, 1),
(10, 2, '3412', 3, 1),
(11, 3, '16V 4000 M60R', 3, 1),
(12, 10, 'D2840LE', 3, 1),
(13, 5, 'KTA38-M', 3, 1),
(14, 8, 'SBA 6M 628', 3, 1),
(15, 2, '3512C', 2, 1),
(16, 13, 'DI-16 42M', 2, 1),
(17, 4, 'D13B-N MH', 2, 1),
(18, 2, '3408 DITA', 1, 1),
(19, 5, 'QSK38', 2, 1);

-- --------------------------------------------------------

--
-- Tabelstructuur voor tabel `engine_brand`
--

CREATE TABLE `engine_brand` (
  `engine_brand_id` int(10) UNSIGNED NOT NULL,
  `name` varchar(255) COLLATE utf8_unicode_ci NOT NULL
) ENGINE=InnoDB DEFAULT CHARSET=utf8 COLLATE=utf8_unicode_ci;

--
-- Gegevens worden geëxporteerd voor tabel `engine_brand`
--

INSERT INTO `engine_brand` (`engine_brand_id`, `name`) VALUES
(1, 'Mitsubishi'),
(2, 'Caterpillar'),
(3, 'MTU'),
(4, 'Volvo Penta'),
(5, 'Cummins'),
(6, 'A.B.C.'),
(7, 'Brons'),
(8, 'Deutz'),
(9, 'G.M.'),
(10, 'M.A.N.'),
(11, 'MaK'),
(12, 'M.W.M.'),
(13, 'Scania'),
(14, 'Wärtsilä'),
(15, 'Stork Werkspoor Diesel');

-- --------------------------------------------------------

--
-- Tabelstructuur voor tabel `instance_lookup`
--

CREATE TABLE `instance_lookup` (
  `obm_id` varchar(255) COLLATE utf8_unicode_ci NOT NULL,
  `instance_id` int(11) NOT NULL,
  `name` varchar(255) COLLATE utf8_unicode_ci NOT NULL,
  `unit` varchar(255) COLLATE utf8_unicode_ci DEFAULT NULL,
  `type` varchar(255) COLLATE utf8_unicode_ci DEFAULT NULL,
  `device` varchar(255) COLLATE utf8_unicode_ci DEFAULT NULL,
  `config` varchar(255) COLLATE utf8_unicode_ci DEFAULT NULL
) ENGINE=InnoDB DEFAULT CHARSET=utf8 COLLATE=utf8_unicode_ci;

--
-- Gegevens worden geëxporteerd voor tabel `instance_lookup`
--

INSERT INTO `instance_lookup` (`obm_id`, `instance_id`, `name`, `unit`, `type`, `device`, `config`) VALUES
('0000000006e86911', 0, 'flow-s-in', 'lph', 'sensor', '/dev/flow_starboard_supply', 'ldis=no,ldmin=1,mode=flow,ioinv=no,ppl=400,adp=0,min=0,max=2000'),
('0000000006e86911', 1, 'flow-s-out', 'lph', 'sensor', '/dev/flow_starboard_return', 'ldis=no,ldmin=1,mode=flow,ioinv=no,ppl=400,adp=2,min=0,max=2000'),
('0000000006e86911', 2, 'flow-p-in', 'lph', 'sensor', '/dev/flow_port_supply', 'ldis=no,ldmin=1,mode=flow,ioinv=no,ppl=400,adp=1,min=0,max=2000'),
('0000000006e86911', 3, 'flow-p-out', 'lph', 'sensor', '/dev/flow_port_return', 'ldis=no,ldmin=1,mode=flow,ioinv=no,ppl=400,adp=3,min=0,max=2000'),
('0000000006e86911', 4, 'gps', 'lat:lon', 'sensor', 'ShpManager', 'device=/dev/ttyUSB0,baudrate=4800,stopbits=1,databits=8,parity=none,type=GPRMC,kalman=no,noise=1.0'),
('0000000006e86911', 5, 'rpm-s-pcb', 'count', 'sensor', '/dev/rpm_starboard_rpm', 'ldis=yes,ldmin=400,mode=pu,ioinv=no,adp=0,min=0,max=2000,teeth=182'),
('0000000006e86911', 6, 'rpm-p-pcb', 'count', 'sensor', '/dev/rpm_port_rpm', 'ldis=yes,ldmin=400,mode=pu,ioinv=no,adp=1,min=0,max=2000,teeth=182'),
('0000000006e86911', 7, 'inlettemp-p', '°C', 'sensor', '/sys/bus/iio/devices/iio:device0/in_voltage2_raw', 'mode=adc,adp=2,min=-20,max=70'),
('0000000006e86911', 8, 'inlethum-p', '%', 'sensor', '/sys/bus/iio/devices/iio:device0/in_voltage3_raw', 'mode=adc,adp=3,min=0,max=100'),
('0000000006e86911', 9, 'ambpress-p', 'hPa', 'sensor', 'ShpManager', ''),
('0000000006e86911', 10, 'o2-p', '%', 'sensor', 'ShpManager', ''),
('0000000006e86911', 11, 'co2-p', '%', 'sensor', 'ShpManager', ''),
('0000000006e86911', 12, 'co-p', 'ppm', 'sensor', 'ShpManager', ''),
('0000000006e86911', 13, 'nox-p', 'ppm', 'sensor', 'ShpManager', ''),
('0000000006e86911', 14, 'no-p', 'ppm', 'sensor', 'ShpManager', ''),
('0000000006e86911', 15, 'no2-p', 'ppm', 'sensor', 'ShpManager', ''),
('0000000006e86911', 16, 'exhtemp-p-testo', '°C', 'sensor', 'ShpManager', ''),
('0000000006e86911', 17, 'pumpcap-p-testo', 'l/min', 'sensor', 'ShpManager', ''),
('000000002033f5f1', 0, 'flow-s-in', 'lph', 'sensor', '/dev/flow_starboard_supply', NULL),
('000000002033f5f1', 1, 'flow-s-out', 'lph', 'sensor', '/dev/flow_starboard_return', NULL),
('000000002033f5f1', 2, 'rpm-p-pcb', 'count', 'sensor', '/dev/rpm_port_rpm', NULL),
('000000002033f5f1', 3, 'inlettemp-s', '°C', 'sensor', '/sys/bus/iio/devices/iio:device0/in_voltage0_raw', NULL),
('000000002033f5f1', 4, 'inlethum-s', '%', 'sensor', '/sys/bus/iio/devices/iio:device0/in_voltage1_raw', NULL),
('000000002033f5f1', 5, 'inlettemp-p', 'bar', 'sensor', '/sys/bus/iio/devices/iio:device0/in_voltage2_raw', NULL),
('000000002033f5f1', 6, 'inlethum-p', 'bar', 'sensor', '/sys/bus/iio/devices/iio:device0/in_voltage3_raw', NULL),
('0000000024182fa6', 0, 'flow-p-eng', 'lph', 'engine', 'Codesys', NULL),
('0000000024182fa6', 1, 'rpm-p-eng', 'rpm', 'engine', 'Codesys', NULL),
('0000000024182fa6', 2, 'load-p', '%', 'engine', 'Codesys', NULL),
('0000000024182fa6', 3, 'exhtemp-p', '°C', 'engine', 'Codesys', NULL),
('0000000024182fa6', 4, 'exhtemp-p-l', '°C', 'engine', 'Codesys', NULL),
('0000000024182fa6', 5, 'exhtemp-p-r', '°C', 'engine', 'Codesys', NULL),
('0000000024182fa6', 6, 'ciltemp-p-1', '°C', 'engine', 'Codesys', NULL),
('0000000024182fa6', 7, 'ciltemp-p-2', '°C', 'engine', 'Codesys', NULL),
('0000000024182fa6', 8, 'ciltemp-p-3', '°C', 'engine', 'Codesys', NULL),
('0000000024182fa6', 9, 'ciltemp-p-4', '°C', 'engine', 'Codesys', NULL),
('0000000024182fa6', 10, 'ciltemp-p-5', '°C', 'engine', 'Codesys', NULL),
('0000000024182fa6', 11, 'ciltemp-p-6', '°C', 'engine', 'Codesys', NULL),
('0000000024182fa6', 12, 'ciltemp-p-7', '°C', 'engine', 'Codesys', NULL),
('0000000024182fa6', 13, 'ciltemp-p-8', '°C', 'engine', 'Codesys', NULL),
('0000000024182fa6', 14, 'ciltemp-p-9', '°C', 'engine', 'Codesys', NULL),
('0000000024182fa6', 15, 'ciltemp-p-10', '°C', 'engine', 'Codesys', NULL),
('0000000024182fa6', 16, 'turbopress-p', 'bar', 'engine', 'Codesys', NULL),
('0000000024182fa6', 17, 'turbotemp-p', '°C', 'engine', 'Codesys', NULL),
('0000000024182fa6', 18, 'turbopress-p-l', 'bar', 'engine', 'Codesys', NULL),
('0000000024182fa6', 19, 'turbopress-p-r', 'bar', 'engine', 'Codesys', NULL),
('0000000024182fa6', 20, 'eng-p-oiltemp', 'bar', 'engine', 'Codesys', NULL),
('0000000024182fa6', 21, 'eng-p-oilpress', 'bar', 'engine', 'Codesys', NULL),
('0000000024182fa6', 22, 'oilpress-p-filter', 'bar', 'engine', 'Codesys', NULL),
('0000000024182fa6', 23, 'coolant-p', '°C', 'engine', 'Codesys', NULL),
('0000000024182fa6', 24, 'coolant-p-after', '°C', 'engine', 'Codesys', NULL),
('0000000024182fa6', 25, 'engine-p-fuelpress', 'bar', 'engine', 'Codesys', NULL),
('0000000024182fa6', 26, 'fuelpress-p-filter', 'bar', 'engine', 'Codesys', NULL),
('0000000024182fa6', 27, 'carterpress-p', 'bar', 'engine', 'Codesys', NULL),
('0000000024182fa6', 28, 'gearoil-p-temp', '°C', 'engine', 'Codesys', NULL),
('0000000024182fa6', 29, 'gearoil-p-press', 'bar', 'engine', 'Codesys', NULL),
('0000000024182fa6', 30, 'inlettemp-p', '°C', 'sensor', '/sys/bus/iio/devices/iio:device0/in_voltage2_raw', NULL),
('0000000024182fa6', 31, 'inlethum-p', 'count', 'sensor', '/sys/bus/iio/devices/iio:device0/in_voltage3_raw', NULL),
('0000000024182fa6', 32, 'ambpress-p', 'hPa', 'sensor', 'ShpManager', NULL),
('0000000024182fa6', 33, 'o2-p', '%', 'sensor', 'ShpManager', NULL),
('0000000024182fa6', 34, 'co2-p', '%', 'sensor', 'ShpManager', NULL),
('0000000024182fa6', 35, 'co-p', 'ppm', 'sensor', 'ShpManager', NULL),
('0000000024182fa6', 36, 'nox-p', 'ppm', 'sensor', 'ShpManager', NULL),
('0000000024182fa6', 37, 'no-p', 'ppm', 'sensor', 'ShpManager', NULL),
('0000000024182fa6', 38, 'no2-p', 'ppm', 'sensor', 'ShpManager', NULL),
('0000000024182fa6', 39, 'exhtemp-p-testo', '°C', 'sensor', 'ShpManager', NULL),
('0000000024182fa6', 40, 'pumpcap-p-testo', 'l/min', 'sensor', 'ShpManager', NULL),
('000000002d006c75', 0, 'flow-p-in', 'lph', 'sensor', '/dev/flow_port_supply', 'ldis=no,ldmin=1,mode=flow,ioinv=no,ppl=500,adp=1,min=0,max=2000'),
('000000002d006c75', 1, 'flow-p-out', 'lph', 'sensor', '/dev/flow_port_return', 'ldis=no,ldmin=1,mode=flow,ioinv=no,ppl=500,adp=3,min=0,max=2000'),
('000000002d006c75', 2, 'gps', 'lat:lon', 'sensor', 'ShpManager', 'device=/dev/ttyUSB0,baudrate=4800,stopbits=1,databits=8,parity=none,type=GPRMC,kalman=no,noise=1.0'),
('000000002d006c75', 3, 'rpm-p-pcb', 'count', 'sensor', '/dev/rpm_port_rpm', 'ldis=no,ldmin=1,mode=pu,ioinv=no,adp=1,min=0,max=2000,teeth=114'),
('000000003208336a', 0, 'flow-s-in', 'lph', 'sensor', '/dev/flow_starboard_supply', NULL),
('000000003208336a', 1, 'flow-s-out', 'lph', 'sensor', '/dev/flow_starboard_return', NULL),
('000000003208336a', 2, 'flow-p-in', 'lph', 'sensor', '/dev/flow_port_supply', NULL),
('000000003208336a', 3, 'flow-p-out', 'lph', 'sensor', '/dev/flow_port_return', NULL),
('000000003208336a', 4, 'gps', 'lat:lon', 'sensor', '/dev/ttyUSB0', NULL),
('000000003208336a', 5, 'temperature-s', 'count', 'sensor', '/sys/bus/iio/devices/iio:device0/in_voltage0_raw', NULL),
('000000003208336a', 6, 'humidity-s', 'count', 'sensor', '/sys/bus/iio/devices/iio:device0/in_voltage1_raw', NULL),
('000000003208336a', 7, 'temperature-p', 'count', 'sensor', '/sys/bus/iio/devices/iio:device0/in_voltage2_raw', NULL),
('000000003208336a', 8, 'humidity-s', 'count', 'sensor', '/sys/bus/iio/devices/iio:device0/in_voltage3_raw', NULL),
('000000003208336a', 9, 'rpm-p', 'count', 'sensor', '/sys/bus/iio/devices/iio:device0/in_voltage1_raw', NULL),
('000000003208336a', 10, 'rpm-s', 'count', 'sensor', '/sys/bus/iio/devices/iio:device0/in_voltage0_raw', NULL),
('000000003208336a', 11, 'flow-s-in', 'lph', 'engine', 'Codesys', NULL),
('000000003208336a', 12, 'flow-p-in', 'lph', 'engine', 'Codesys', NULL),
('000000003208336a', 13, 'flow-s-in', 'lph', 'sensor', 'Codesys', NULL),
('000000003208336a', 14, 'flow-s-out', 'lph', 'sensor', 'Codesys', NULL),
('000000003208336a', 15, 'flow-p-in', 'lph', 'sensor', 'Codesys', NULL),
('000000003208336a', 16, 'flow-p-out', 'lph', 'sensor', 'Codesys', NULL),
('000000003208336a', 17, 'rpm-s', 'rpm', 'engine', 'Codesys', NULL),
('000000003208336a', 18, 'rpm-p', 'rpm', 'engine', 'Codesys', NULL),
('000000003208336a', 19, 'load-s', '%', 'engine', 'Codesys', NULL),
('000000003208336a', 20, 'load-p', '%', 'engine', 'Codesys', NULL),
('000000003208336a', 21, 'exhtemp-s', '°C', 'engine', 'Codesys', NULL),
('000000003208336a', 22, 'exhtemp-p', '°C', 'engine', 'Codesys', NULL),
('000000003208336a', 23, 'turbopress-s', 'bar', 'engine', 'Codesys', NULL),
('000000003208336a', 24, 'turbopress-p', 'bar', 'engine', 'Codesys', NULL),
('000000003208336a', 25, 'turbotemp-s', '°C', 'engine', 'Codesys', NULL),
('000000003208336a', 26, 'turbotemp-p', '°C', 'engine', 'Codesys', NULL),
('0000000042751474', 0, 'flow-s-in', 'lph', 'sensor', '/dev/flow_starboard_supply', NULL),
('0000000042751474', 1, 'flow-s-out', 'lph', 'sensor', '/dev/flow_starboard_return', NULL),
('0000000042751474', 2, 'gps', 'lat:lon', 'sensor', '/dev/ttyUSB0', NULL),
('0000000042ca2e81', 0, 'flow-p-in', 'lph', 'sensor', '/dev/flow_port_supply', 'mode=flow,ppl=321.9'),
('0000000042ca2e81', 1, 'flow-p-out', 'lph', 'sensor', '/dev/flow_port_return', 'mode=flow,ppl=321.9'),
('0000000042ca2e81', 2, 'gps', 'lat:lon', 'sensor', 'ShpManager', 'device=/dev/ttyUSB0,baudrate=4800,stopbits=1,databits=8,parity=none,type=GPRMC,noise=1.0'),
('0000000042ca2e81', 3, 'rpm-p-eng', 'rpm', 'engine', 'Codesys', ''),
('0000000042ca2e81', 4, 'load-p', '%', 'engine', 'Codesys', ''),
('0000000042ca2e81', 5, 'exhtemp-p', '°C', 'engine', 'Codesys', ''),
('0000000042ca2e81', 6, 'exhtemp-p-l', '°C', 'engine', 'Codesys', ''),
('0000000042ca2e81', 7, 'exhtemp-p-r', '°C', 'engine', 'Codesys', ''),
('0000000042ca2e81', 8, 'turbopress-p', 'bar', 'engine', 'Codesys', ''),
('0000000042ca2e81', 9, 'turbotemp-p', '°C', 'engine', 'Codesys', ''),
('0000000042ca2e81', 10, 'turbopress-p-l', 'bar', 'engine', 'Codesys', ''),
('0000000042ca2e81', 11, 'turbopress-p-r', 'bar', 'engine', 'Codesys', ''),
('0000000042ca2e81', 12, 'eng-p-oiltemp', 'bar', 'engine', 'Codesys', ''),
('0000000042ca2e81', 13, 'eng-p-oilpress', 'bar', 'engine', 'Codesys', ''),
('0000000042ca2e81', 14, 'oilpress-p-filter', 'bar', 'engine', 'Codesys', ''),
('0000000042ca2e81', 15, 'coolant-p', '°C', 'engine', 'Codesys', ''),
('0000000042ca2e81', 16, 'coolant-p-after', '°C', 'engine', 'Codesys', ''),
('0000000042ca2e81', 17, 'engine-p-fuelpress', 'bar', 'engine', 'Codesys', ''),
('0000000042ca2e81', 18, 'fuelpress-p-filter', 'bar', 'engine', 'Codesys', ''),
('0000000042ca2e81', 19, 'carterpress-p', 'bar', 'engine', 'Codesys', ''),
('0000000042ca2e81', 20, 'gearoil-p-temp', '°C', 'engine', 'Codesys', ''),
('0000000042ca2e81', 21, 'gearoil-p-press', 'bar', 'engine', 'Codesys', ''),
('0000000042ca2e81', 22, 'inlettemp-p', '°C', 'sensor', '/sys/bus/iio/devices/iio:device0/in_voltage2_raw', 'mode=adc,adp=2,min=-50,max=100'),
('0000000042ca2e81', 23, 'inlethum-p', '%', 'sensor', '/sys/bus/iio/devices/iio:device0/in_voltage3_raw', 'mode=adc,adp=3,min=0,max=100'),
('0000000042ca2e81', 24, 'ambpress-p', 'hPa', 'sensor', 'ShpManager', ''),
('0000000042ca2e81', 25, 'o2-p', '%', 'sensor', 'ShpManager', ''),
('0000000042ca2e81', 26, 'co2-p', '%', 'sensor', 'ShpManager', ''),
('0000000042ca2e81', 27, 'co-p', 'ppm', 'sensor', 'ShpManager', ''),
('0000000042ca2e81', 28, 'nox-p', 'ppm', 'sensor', 'ShpManager', ''),
('0000000042ca2e81', 29, 'no-p', 'ppm', 'sensor', 'ShpManager', ''),
('0000000042ca2e81', 30, 'no2-p', 'ppm', 'sensor', 'ShpManager', ''),
('0000000042ca2e81', 31, 'exhtemp-p-testo', '°C', 'sensor', 'ShpManager', ''),
('0000000042ca2e81', 32, 'pumpcap-p-testo', 'l/min', 'sensor', 'ShpManager', ''),
('00000000496e1c7a', 0, 'flow-p-in', 'lph', 'sensor', '/dev/flow_port_supply', 'ldis=no,ldmin=1,mode=flow,ioinv=no,ppl=204.1,adp=1,min=0,max=2000'),
('00000000496e1c7a', 1, 'flow-p-out', 'lph', 'sensor', '/dev/flow_port_return', 'ldis=no,ldmin=1,mode=flow,ioinv=no,ppl=204.1,adp=3,min=0,max=2000'),
('00000000496e1c7a', 2, 'gps', 'lat:lon', 'sensor', 'ShpManager', 'device=/dev/ttyUSB0,baudrate=4800,stopbits=1,databits=8,parity=none,type=GPRMC,kalman=no,noise=1.0'),
('00000000496e1c7a', 3, 'rpm-p-eng', 'rpm', 'engine', 'Codesys', 'ldis=yes,ldmin=250'),
('00000000496e1c7a', 4, 'load-p', '%', 'engine', 'Codesys', ''),
('00000000496e1c7a', 5, 'exhtemp-p-l', '°C', 'engine', 'Codesys', ''),
('00000000496e1c7a', 6, 'exhtemp-p-r', '°C', 'engine', 'Codesys', ''),
('00000000496e1c7a', 7, 'turbopress-p', 'bar', 'engine', 'Codesys', ''),
('00000000496e1c7a', 8, 'turbotemp-p', '°C', 'engine', 'Codesys', ''),
('00000000496e1c7a', 9, 'eng-p-oiltemp', 'bar', 'engine', 'Codesys', ''),
('00000000496e1c7a', 10, 'eng-p-oilpress', 'bar', 'engine', 'Codesys', ''),
('00000000496e1c7a', 11, 'oilpress-p-filter', 'bar', 'engine', 'Codesys', ''),
('00000000496e1c7a', 12, 'coolant-p', '°C', 'engine', 'Codesys', ''),
('00000000496e1c7a', 13, 'coolant-p-after', '°C', 'engine', 'Codesys', ''),
('00000000496e1c7a', 14, 'engine-p-fuelpress', 'bar', 'engine', 'Codesys', ''),
('00000000496e1c7a', 15, 'fuelpress-p-filter', 'bar', 'engine', 'Codesys', ''),
('00000000496e1c7a', 16, 'carterpress-p', 'bar', 'engine', 'Codesys', ''),
('00000000496e1c7a', 17, 'gearoil-p-temp', '°C', 'engine', 'Codesys', ''),
('00000000496e1c7a', 18, 'gearoil-p-press', 'bar', 'engine', 'Codesys', ''),
('0000000053230424', 0, 'flow-p-in', 'lph', 'sensor', '/dev/flow_port_supply', 'ldis=no,ldmin=1,mode=flow,ioinv=no,ppl=204.1,adp=1,min=0,max=2000'),
('0000000053230424', 1, 'flow-p-out', 'lph', 'sensor', '/dev/flow_port_return', 'ldis=no,ldmin=1,mode=flow,ioinv=no,ppl=204.1,adp=3,min=0,max=2000'),
('0000000053230424', 2, 'gps', 'lat:lon', 'sensor', 'ShpManager', 'device=/dev/ttyUSB0,baudrate=4800,stopbits=1,databits=8,parity=none,type=GPRMC,kalman=no,noise=1.0'),
('0000000053230424', 3, 'rpm-p-eng', 'rpm', 'engine', 'Codesys', 'ldis=yes,ldmin=250'),
('0000000053230424', 4, 'load-p', '%', 'engine', 'Codesys', ''),
('0000000053230424', 5, 'exhtemp-p-l', '°C', 'engine', 'Codesys', ''),
('0000000053230424', 6, 'exhtemp-p-r', '°C', 'engine', 'Codesys', ''),
('0000000053230424', 7, 'turbopress-p', 'bar', 'engine', 'Codesys', ''),
('0000000053230424', 8, 'turbotemp-p', '°C', 'engine', 'Codesys', ''),
('0000000053230424', 9, 'eng-p-oiltemp', 'bar', 'engine', 'Codesys', ''),
('0000000053230424', 10, 'eng-p-oilpress', 'bar', 'engine', 'Codesys', ''),
('0000000053230424', 11, 'oilpress-p-filter', 'bar', 'engine', 'Codesys', ''),
('0000000053230424', 12, 'coolant-p', '°C', 'engine', 'Codesys', ''),
('0000000053230424', 13, 'coolant-p-after', '°C', 'engine', 'Codesys', ''),
('0000000053230424', 14, 'engine-p-fuelpress', 'bar', 'engine', 'Codesys', ''),
('0000000053230424', 15, 'fuelpress-p-filter', 'bar', 'engine', 'Codesys', ''),
('0000000053230424', 16, 'carterpress-p', 'bar', 'engine', 'Codesys', ''),
('0000000053230424', 17, 'gearoil-p-temp', '°C', 'engine', 'Codesys', ''),
('0000000053230424', 18, 'gearoil-p-press', 'bar', 'engine', 'Codesys', ''),
('00000000538ba028', 0, 'flow-p-in', 'lph', 'sensor', '/dev/flow_port_supply', 'ldis=no,mode=flow,ppl=204.1,adp=1,min=0,max=2000'),
('00000000538ba028', 1, 'flow-p-out', 'lph', 'sensor', '/dev/flow_port_return', 'ldis=no,mode=flow,ppl=204.1,adp=3,min=0,max=2000'),
('00000000538ba028', 2, 'gps', 'lat:lon', 'sensor', 'ShpManager', 'device=/dev/ttyUSB0,baudrate=4800,stopbits=1,databits=8,parity=none,type=GPRMC,noise=1.0'),
('00000000538ba028', 3, 'rpm-p-eng', 'rpm', 'engine', 'Codesys', 'ldis=yes'),
('00000000538ba028', 4, 'load-p', '%', 'engine', 'Codesys', ''),
('00000000538ba028', 5, 'exhtemp-p-l', '°C', 'engine', 'Codesys', ''),
('00000000538ba028', 6, 'exhtemp-p-r', '°C', 'engine', 'Codesys', ''),
('00000000538ba028', 7, 'turbopress-p-l', 'bar', 'engine', 'Codesys', ''),
('00000000538ba028', 8, 'turbopress-p-r', 'bar', 'engine', 'Codesys', ''),
('00000000538ba028', 9, 'eng-p-oiltemp', 'bar', 'engine', 'Codesys', ''),
('00000000538ba028', 10, 'eng-p-oilpress', 'bar', 'engine', 'Codesys', ''),
('00000000538ba028', 11, 'oilpress-p-filter', 'bar', 'engine', 'Codesys', ''),
('00000000538ba028', 12, 'coolant-p', '°C', 'engine', 'Codesys', ''),
('00000000538ba028', 13, 'coolant-p-after', '°C', 'engine', 'Codesys', ''),
('00000000538ba028', 14, 'engine-p-fuelpress', 'bar', 'engine', 'Codesys', ''),
('00000000538ba028', 15, 'fuelpress-p-filter', 'bar', 'engine', 'Codesys', ''),
('00000000538ba028', 16, 'carterpress-p', 'bar', 'engine', 'Codesys', ''),
('00000000538ba028', 17, 'gearoil-p-temp', '°C', 'engine', 'Codesys', ''),
('00000000538ba028', 18, 'gearoil-p-press', 'bar', 'engine', 'Codesys', ''),
('00000000538ba028', 19, 'inlettemp-p', '°C', 'sensor', '/sys/bus/iio/devices/iio:device0/in_voltage2_raw', 'mode=adc,adp=2,min=-20,max=70'),
('00000000538ba028', 20, 'inlethum-p', '%', 'sensor', '/sys/bus/iio/devices/iio:device0/in_voltage3_raw', 'mode=adc,adp=3,min=0,max=100'),
('00000000538ba028', 21, 'ambpress-p', 'hPa', 'sensor', 'ShpManager', ''),
('00000000538ba028', 22, 'o2-p', '%', 'sensor', 'ShpManager', ''),
('00000000538ba028', 23, 'co2-p', '%', 'sensor', 'ShpManager', ''),
('00000000538ba028', 24, 'co-p', 'ppm', 'sensor', 'ShpManager', ''),
('00000000538ba028', 25, 'nox-p', 'ppm', 'sensor', 'ShpManager', ''),
('00000000538ba028', 26, 'no-p', 'ppm', 'sensor', 'ShpManager', ''),
('00000000538ba028', 27, 'no2-p', 'ppm', 'sensor', 'ShpManager', ''),
('00000000538ba028', 28, 'exhtemp-p-testo', '°C', 'sensor', 'ShpManager', ''),
('00000000538ba028', 29, 'pumpcap-p-testo', 'l/min', 'sensor', 'ShpManager', ''),
('0000000053e86105', 0, 'flow-p-eng', 'lph', 'engine', 'Codesys', 'ldis=no,ldmin=1'),
('0000000053e86105', 1, 'gps', 'lat:lon', 'sensor', 'ShpManager', 'device=/dev/ttyUSB0,baudrate=4800,stopbits=1,databits=8,parity=none,type=GPRMC,kalman=no,noise=1.0'),
('0000000053e86105', 2, 'rpm-p-eng', 'rpm', 'engine', 'Codesys', 'ldis=yes,ldmin=250'),
('0000000053e86105', 3, 'load-p', '%', 'engine', 'Codesys', ''),
('0000000053e86105', 4, 'turbopress-p', 'bar', 'engine', 'Codesys', ''),
('0000000053e86105', 5, 'eng-p-oiltemp', 'bar', 'engine', 'Codesys', ''),
('0000000053e86105', 6, 'eng-p-oilpress', 'bar', 'engine', 'Codesys', ''),
('0000000053e86105', 7, 'oilpress-p-filter', 'bar', 'engine', 'Codesys', ''),
('0000000053e86105', 8, 'coolant-p', '°C', 'engine', 'Codesys', ''),
('0000000053e86105', 9, 'engine-p-fuelpress', 'bar', 'engine', 'Codesys', ''),
('0000000053e86105', 10, 'inlettemp-p', '°C', 'sensor', '/sys/bus/iio/devices/iio:device0/in_voltage2_raw', 'mode=adc,adp=2,min=-20,max=70'),
('0000000053e86105', 11, 'inlethum-p', '%', 'sensor', '/sys/bus/iio/devices/iio:device0/in_voltage3_raw', 'mode=adc,adp=3,min=0,max=100'),
('0000000053e86105', 12, 'ambpress-p', 'hPa', 'sensor', 'ShpManager', ''),
('0000000053e86105', 13, 'o2-p', '%', 'sensor', 'ShpManager', ''),
('0000000053e86105', 14, 'co2-p', '%', 'sensor', 'ShpManager', ''),
('0000000053e86105', 15, 'co-p', 'ppm', 'sensor', 'ShpManager', ''),
('0000000053e86105', 16, 'nox-p', 'ppm', 'sensor', 'ShpManager', ''),
('0000000053e86105', 17, 'no-p', 'ppm', 'sensor', 'ShpManager', ''),
('0000000053e86105', 18, 'no2-p', 'ppm', 'sensor', 'ShpManager', ''),
('0000000053e86105', 19, 'exhtemp-p-testo', '°C', 'sensor', 'ShpManager', ''),
('0000000053e86105', 20, 'pumpcap-p-testo', 'l/min', 'sensor', 'ShpManager', ''),
('0000000059c27625', 0, 'flow-s-in', 'lph', 'sensor', '/dev/flow_starboard_supply', NULL),
('0000000059c27625', 1, 'flow-s-out', 'lph', 'sensor', '/dev/flow_starboard_return', NULL),
('0000000059c27625', 2, 'flow-p-in', 'lph', 'sensor', '/dev/flow_port_supply', NULL),
('0000000059c27625', 3, 'flow-p-out', 'lph', 'sensor', '/dev/flow_port_return', NULL),
('0000000059c27625', 4, 'gps', 'lat:lon', 'sensor', '/dev/ttyUSB0', NULL),
('000000005f86955a', 0, 'flow-s-in', 'lph', 'sensor', '/dev/flow_starboard_supply', 'ldis=yes,mode=flow,ppl=80,adp=0,min=0,max=2000'),
('000000005f86955a', 1, 'flow-s-out', 'lph', 'sensor', '/dev/flow_starboard_return', 'ldis=yes,mode=flow,ppl=80,adp=2,min=0,max=2000'),
('000000005f86955a', 2, 'gps', 'lat:lon', 'sensor', 'ShpManager', 'device=/dev/ttyUSB0,baudrate=4800,stopbits=1,databits=8,parity=none,type=GPRMC,noise=100.0'),
('000000005f86955a', 3, 'trq-s-prop', 'kNm', 'sensor', '/sys/bus/iio/devices/iio:device0/in_voltage2_raw', 'mode=adc,adp=2,min=-10,max=10'),
('000000005f86955a', 4, 'rpm-s-pcb', 'count', 'sensor', '/dev/rpm_starboard_rpm', 'ldis=yes,mode=pu,adp=0,min=0,max=2000,teeth=136'),
('000000005f86955a', 5, 'inlettemp-s', '°C', 'sensor', '/sys/bus/iio/devices/iio:device0/in_voltage0_raw', 'mode=adc,adp=0,min=-20,max=70'),
('000000005f86955a', 6, 'inlethum-s', '%', 'sensor', '/sys/bus/iio/devices/iio:device0/in_voltage1_raw', 'mode=adc,adp=1,min=0,max=100'),
('000000005f86955a', 7, 'ambpress-s', 'hPa', 'sensor', 'ShpManager', ''),
('000000005f86955a', 8, 'o2-s', '%', 'sensor', 'ShpManager', ''),
('000000005f86955a', 9, 'co2-s', '%', 'sensor', 'ShpManager', ''),
('000000005f86955a', 10, 'co-s', 'ppm', 'sensor', 'ShpManager', ''),
('000000005f86955a', 11, 'nox-s', 'ppm', 'sensor', 'ShpManager', ''),
('000000005f86955a', 12, 'no-s', 'ppm', 'sensor', 'ShpManager', ''),
('000000005f86955a', 13, 'no2-s', 'ppm', 'sensor', 'ShpManager', ''),
('000000005f86955a', 14, 'exhtemp-s-testo', '°C', 'sensor', 'ShpManager', ''),
('000000005f86955a', 15, 'pumpcap-s-testo', 'l/min', 'sensor', 'ShpManager', ''),
('000000006d8ead93', 0, 'flow-s-in', 'lph', 'sensor', '/dev/flow_starboard_supply', NULL),
('000000006d8ead93', 1, 'flow-s-out', 'lph', 'sensor', '/dev/flow_starboard_return', NULL),
('000000006d8ead93', 2, 'flow-p-in', 'lph', 'sensor', '/dev/flow_port_supply', NULL),
('000000006d8ead93', 3, 'flow-p-out', 'lph', 'sensor', '/dev/flow_port_return', NULL),
('000000006d8ead93', 4, 'gps', 'lat:lon', 'sensor', '/dev/ttyUSB0', NULL),
('000000006d8ead93', 5, 'temperature-s', 'count', 'sensor', '/sys/bus/iio/devices/iio:device0/in_voltage0_raw', NULL),
('000000006d8ead93', 6, 'humidity-s', 'count', 'sensor', '/sys/bus/iio/devices/iio:device0/in_voltage1_raw', NULL),
('000000006d8ead93', 7, 'temperature-p', 'count', 'sensor', '/sys/bus/iio/devices/iio:device0/in_voltage2_raw', NULL),
('000000006d8ead93', 8, 'humidity-s', 'count', 'sensor', '/sys/bus/iio/devices/iio:device0/in_voltage3_raw', NULL),
('000000006d8ead93', 9, 'rpm-p', 'count', 'sensor', '/sys/bus/iio/devices/iio:device0/in_voltage1_raw', NULL),
('000000006d8ead93', 10, 'rpm-s', 'count', 'sensor', '/sys/bus/iio/devices/iio:device0/in_voltage0_raw', NULL),
('000000006d8ead93', 11, 'flow-s-in', 'lph', 'engine', 'Codesys', NULL),
('000000006d8ead93', 12, 'flow-p-in', 'lph', 'engine', 'Codesys', NULL),
('000000006d8ead93', 13, 'flow-s-in', 'lph', 'sensor', 'Codesys', NULL),
('000000006d8ead93', 14, 'flow-s-out', 'lph', 'sensor', 'Codesys', NULL),
('000000006d8ead93', 15, 'flow-p-in', 'lph', 'sensor', 'Codesys', NULL),
('000000006d8ead93', 16, 'flow-p-out', 'lph', 'sensor', 'Codesys', NULL),
('000000006d8ead93', 17, 'rpm-s', 'rpm', 'engine', 'Codesys', NULL),
('000000006d8ead93', 18, 'rpm-p', 'rpm', 'engine', 'Codesys', NULL),
('000000006d8ead93', 19, 'load-s', '%', 'engine', 'Codesys', NULL),
('000000006d8ead93', 20, 'load-p', '%', 'engine', 'Codesys', NULL),
('000000006d8ead93', 21, 'exhtemp-s', '°C', 'engine', 'Codesys', NULL),
('000000006d8ead93', 22, 'exhtemp-p', '°C', 'engine', 'Codesys', NULL),
('000000006d8ead93', 23, 'turbopress-s', 'bar', 'engine', 'Codesys', NULL),
('000000006d8ead93', 24, 'turbopress-p', 'bar', 'engine', 'Codesys', NULL),
('000000006d8ead93', 25, 'turbotemp-s', '°C', 'engine', 'Codesys', NULL),
('000000006d8ead93', 26, 'turbotemp-p', '°C', 'engine', 'Codesys', NULL),
('00000000789b4a17', 0, 'flow-p-in', 'lph', 'sensor', '/dev/flow_port_supply', 'ldis=yes,ldmin=5,mode=flow,ioinv=no,ppl=80,adp=1,min=0,max=2000'),
('00000000789b4a17', 1, 'gps', 'lat:lon', 'sensor', 'ShpManager', 'device=/dev/ttyUSB0,baudrate=4800,stopbits=1,databits=8,parity=none,type=GPRMC,kalman=no,noise=1.0'),
('000000007942d6b6', 0, 'flow-s-in', 'lph', 'sensor', '/dev/flow_starboard_supply', NULL),
('000000007942d6b6', 1, 'flow-s-out', 'lph', 'sensor', '/dev/flow_starboard_return', NULL),
('000000007942d6b6', 2, 'flow-p-in', 'lph', 'sensor', '/dev/flow_port_supply', NULL),
('000000007942d6b6', 3, 'flow-p-out', 'lph', 'sensor', '/dev/flow_port_return', NULL),
('000000007942d6b6', 4, 'gps', 'lat:lon', 'sensor', '/dev/ttyUSB0', NULL),
('000000007942d6b6', 5, 'temperature-s', 'count', 'sensor', '/sys/bus/iio/devices/iio:device0/in_voltage0_raw', NULL),
('000000007942d6b6', 6, 'humidity-s', 'count', 'sensor', '/sys/bus/iio/devices/iio:device0/in_voltage1_raw', NULL),
('000000007942d6b6', 7, 'temperature-p', 'count', 'sensor', '/sys/bus/iio/devices/iio:device0/in_voltage2_raw', NULL),
('000000007942d6b6', 8, 'humidity-s', 'count', 'sensor', '/sys/bus/iio/devices/iio:device0/in_voltage3_raw', NULL),
('000000007942d6b6', 9, 'rpm-p', 'count', 'sensor', '/sys/bus/iio/devices/iio:device0/in_voltage1_raw', NULL),
('000000007942d6b6', 10, 'rpm-s', 'count', 'sensor', '/sys/bus/iio/devices/iio:device0/in_voltage0_raw', NULL),
('000000007942d6b6', 11, 'flow-s-in', 'lph', 'engine', 'Codesys', NULL),
('000000007942d6b6', 12, 'flow-p-in', 'lph', 'engine', 'Codesys', NULL),
('000000007942d6b6', 13, 'flow-s-in', 'lph', 'sensor', 'Codesys', NULL),
('000000007942d6b6', 14, 'flow-s-out', 'lph', 'sensor', 'Codesys', NULL),
('000000007942d6b6', 15, 'flow-p-in', 'lph', 'sensor', 'Codesys', NULL),
('000000007942d6b6', 16, 'flow-p-out', 'lph', 'sensor', 'Codesys', NULL),
('000000007942d6b6', 17, 'rpm-s', 'rpm', 'engine', 'Codesys', NULL),
('000000007942d6b6', 18, 'rpm-p', 'rpm', 'engine', 'Codesys', NULL),
('000000007942d6b6', 19, 'load-s', '%', 'engine', 'Codesys', NULL),
('000000007942d6b6', 20, 'load-p', '%', 'engine', 'Codesys', NULL),
('000000007942d6b6', 21, 'exhtemp-s', '°C', 'engine', 'Codesys', NULL),
('000000007942d6b6', 22, 'exhtemp-p', '°C', 'engine', 'Codesys', NULL),
('000000007942d6b6', 23, 'turbopress-s', 'bar', 'engine', 'Codesys', NULL),
('000000007942d6b6', 24, 'turbopress-p', 'bar', 'engine', 'Codesys', NULL),
('000000007942d6b6', 25, 'turbotemp-s', '°C', 'engine', 'Codesys', NULL),
('000000007942d6b6', 26, 'turbotemp-p', '°C', 'engine', 'Codesys', NULL),
('000000007b019b16', 0, 'flow-p-in', 'lph', 'sensor', '/dev/flow_port_supply', 'ldis=yes,ldmin=1,mode=flow,ioinv=no,ppl=204.1,adp=1,min=0,max=2000'),
('000000007b019b16', 1, 'gps', 'lat:lon', 'sensor', 'ShpManager', 'device=/dev/USB-BR,baudrate=4800,stopbits=1,databits=8,parity=none,type=GPRMC,kalman=no,noise=1.0'),
('000000007b019b16', 2, 'oqs-p-oilcon', 'TDN', 'sensor', 'ShpManager', ''),
('000000007b019b16', 3, 'oqs-p-oiltemp', '°C', 'sensor', 'ShpManager', ''),
('000000007f6ea67d', 0, 'flow-p-in', 'lph', 'sensor', '/dev/flow_port_supply', NULL),
('000000007f6ea67d', 1, 'flow-p-out', 'lph', 'sensor', '/dev/flow_port_return', NULL),
('000000007f6ea67d', 2, 'gps', 'lat:lon', 'sensor', '/dev/ttyUSB0', NULL),
('000000007fde2933', 0, 'flow-p-in', 'lph', 'sensor', '/dev/flow_port_supply', 'mode=flow,ppl=321.9'),
('000000007fde2933', 1, 'flow-p-out', 'lph', 'sensor', '/dev/flow_port_return', 'mode=flow,ppl=321.9'),
('000000007fde2933', 2, 'gps', 'lat:lon', 'sensor', 'ShpManager', 'device=/dev/ttyUSB0,baudrate=4800,stopbits=1,databits=8,parity=none,type=GPRMC,noise=1.0'),
('000000007fde2933', 3, 'rpm-p-eng', 'rpm', 'engine', 'Codesys', ''),
('000000007fde2933', 4, 'load-p', '%', 'engine', 'Codesys', ''),
('000000007fde2933', 5, 'exhtemp-p', '°C', 'engine', 'Codesys', ''),
('000000007fde2933', 6, 'exhtemp-p-l', '°C', 'engine', 'Codesys', ''),
('000000007fde2933', 7, 'exhtemp-p-r', '°C', 'engine', 'Codesys', ''),
('000000007fde2933', 8, 'turbopress-p', 'bar', 'engine', 'Codesys', ''),
('000000007fde2933', 9, 'turbotemp-p', '°C', 'engine', 'Codesys', ''),
('000000007fde2933', 10, 'turbopress-p-l', 'bar', 'engine', 'Codesys', ''),
('000000007fde2933', 11, 'turbopress-p-r', 'bar', 'engine', 'Codesys', ''),
('000000007fde2933', 12, 'eng-p-oiltemp', 'bar', 'engine', 'Codesys', ''),
('000000007fde2933', 13, 'eng-p-oilpress', 'bar', 'engine', 'Codesys', ''),
('000000007fde2933', 14, 'oilpress-p-filter', 'bar', 'engine', 'Codesys', ''),
('000000007fde2933', 15, 'coolant-p', '°C', 'engine', 'Codesys', ''),
('000000007fde2933', 16, 'coolant-p-after', '°C', 'engine', 'Codesys', ''),
('000000007fde2933', 17, 'engine-p-fuelpress', 'bar', 'engine', 'Codesys', ''),
('000000007fde2933', 18, 'fuelpress-p-filter', 'bar', 'engine', 'Codesys', ''),
('000000007fde2933', 19, 'carterpress-p', 'bar', 'engine', 'Codesys', ''),
('000000007fde2933', 20, 'gearoil-p-temp', '°C', 'engine', 'Codesys', ''),
('000000007fde2933', 21, 'gearoil-p-press', 'bar', 'engine', 'Codesys', ''),
('000000007fde2933', 22, 'inlettemp-p', '°C', 'sensor', '/sys/bus/iio/devices/iio:device0/in_voltage2_raw', 'mode=adc,adp=2,min=-50,max=100'),
('000000007fde2933', 23, 'inlethum-p', '%', 'sensor', '/sys/bus/iio/devices/iio:device0/in_voltage3_raw', 'mode=adc,adp=3,min=0,max=100'),
('000000007fde2933', 24, 'ambpress-p', 'hPa', 'sensor', 'ShpManager', ''),
('000000007fde2933', 25, 'o2-p', '%', 'sensor', 'ShpManager', ''),
('000000007fde2933', 26, 'co2-p', '%', 'sensor', 'ShpManager', ''),
('000000007fde2933', 27, 'co-p', 'ppm', 'sensor', 'ShpManager', ''),
('000000007fde2933', 28, 'nox-p', 'ppm', 'sensor', 'ShpManager', ''),
('000000007fde2933', 29, 'no-p', 'ppm', 'sensor', 'ShpManager', ''),
('000000007fde2933', 30, 'no2-p', 'ppm', 'sensor', 'ShpManager', ''),
('000000007fde2933', 31, 'exhtemp-p-testo', '°C', 'sensor', 'ShpManager', ''),
('000000007fde2933', 32, 'pumpcap-p-testo', 'l/min', 'sensor', 'ShpManager', ''),
('00000000826b3864', 0, 'flow-p-eng', 'lph', 'engine', 'Codesys', 'ldis=no,ldmin=1'),
('00000000826b3864', 1, 'gps', 'lat:lon', 'sensor', 'ShpManager', 'device=/dev/ttyUSB0,baudrate=4800,stopbits=1,databits=8,parity=none,type=GPRMC,kalman=no,noise=1.0'),
('00000000826b3864', 2, 'rpm-p-eng', 'rpm', 'engine', 'Codesys', 'ldis=yes,ldmin=250'),
('00000000826b3864', 3, 'load-p', '%', 'engine', 'Codesys', ''),
('00000000826b3864', 4, 'exhtemp-p', '°C', 'engine', 'Codesys', ''),
('00000000826b3864', 5, 'exhtemp-p-l', '°C', 'engine', 'Codesys', ''),
('00000000826b3864', 6, 'exhtemp-p-r', '°C', 'engine', 'Codesys', ''),
('00000000826b3864', 7, 'turbopress-p', 'bar', 'engine', 'Codesys', ''),
('00000000826b3864', 8, 'turbotemp-p', '°C', 'engine', 'Codesys', ''),
('00000000826b3864', 9, 'turbopress-p-l', 'bar', 'engine', 'Codesys', ''),
('00000000826b3864', 10, 'turbopress-p-r', 'bar', 'engine', 'Codesys', ''),
('00000000826b3864', 11, 'eng-p-oiltemp', 'bar', 'engine', 'Codesys', ''),
('00000000826b3864', 12, 'eng-p-oilpress', 'bar', 'engine', 'Codesys', ''),
('00000000826b3864', 13, 'oilpress-p-filter', 'bar', 'engine', 'Codesys', ''),
('00000000826b3864', 14, 'coolant-p', '°C', 'engine', 'Codesys', ''),
('00000000826b3864', 15, 'coolant-p-after', '°C', 'engine', 'Codesys', ''),
('00000000826b3864', 16, 'engine-p-fuelpress', 'bar', 'engine', 'Codesys', ''),
('00000000826b3864', 17, 'fuelpress-p-filter', 'bar', 'engine', 'Codesys', ''),
('00000000826b3864', 18, 'carterpress-p', 'bar', 'engine', 'Codesys', ''),
('00000000826b3864', 19, 'gearoil-p-temp', '°C', 'engine', 'Codesys', ''),
('00000000826b3864', 20, 'gearoil-p-press', 'bar', 'engine', 'Codesys', ''),
('0000000082e27992', 0, 'flow-s-in', 'lph', 'sensor', '/dev/flow_starboard_supply', 'ldis=no,ldmin=1,mode=flow,ioinv=no,ppl=204.1,adp=0,min=0,max=2000'),
('0000000082e27992', 1, 'rpm-s-eng', 'rpm', 'engine', 'Codesys', 'ldis=yes,ldmin=250'),
('0000000082e27992', 2, 'load-s', '%', 'engine', 'Codesys', ''),
('0000000082e27992', 3, 'exhtemp-s-l', '°C', 'engine', 'Codesys', ''),
('0000000082e27992', 4, 'exhtemp-s-r', '°C', 'engine', 'Codesys', ''),
('0000000082e27992', 5, 'turbopress-s', 'bar', 'engine', 'Codesys', ''),
('0000000082e27992', 6, 'eng-s-oiltemp', 'bar', 'engine', 'Codesys', ''),
('0000000082e27992', 7, 'eng-s-oilpress', 'bar', 'engine', 'Codesys', ''),
('0000000082e27992', 8, 'oilpress-s-filter', 'bar', 'engine', 'Codesys', ''),
('0000000082e27992', 9, 'coolant-s', '°C', 'engine', 'Codesys', ''),
('0000000082e27992', 10, 'coolant-s-after', '°C', 'engine', 'Codesys', ''),
('0000000082e27992', 11, 'engine-s-fuelpress', 'bar', 'engine', 'Codesys', ''),
('0000000082e27992', 12, 'fuelpress-s-filter', 'bar', 'engine', 'Codesys', ''),
('0000000082e27992', 13, 'gearoil-s-temp', '°C', 'engine', 'Codesys', ''),
('0000000082e27992', 14, 'gearoil-s-press', 'bar', 'engine', 'Codesys', ''),
('0000000082e27992', 15, 'inlettemp-s', '°C', 'sensor', '/sys/bus/iio/devices/iio:device0/in_voltage0_raw', 'mode=adc,adp=0,min=-20,max=70'),
('0000000082e27992', 16, 'inlethum-s', '%', 'sensor', '/sys/bus/iio/devices/iio:device0/in_voltage1_raw', 'mode=adc,adp=1,min=0,max=100'),
('0000000082e27992', 17, 'ambpress-s', 'hPa', 'sensor', 'ShpManager', ''),
('0000000082e27992', 18, 'o2-s', '%', 'sensor', 'ShpManager', ''),
('0000000082e27992', 19, 'co2-s', '%', 'sensor', 'ShpManager', ''),
('0000000082e27992', 20, 'co-s', 'ppm', 'sensor', 'ShpManager', ''),
('0000000082e27992', 21, 'nox-s', 'ppm', 'sensor', 'ShpManager', ''),
('0000000082e27992', 22, 'no-s', 'ppm', 'sensor', 'ShpManager', ''),
('0000000082e27992', 23, 'no2-s', 'ppm', 'sensor', 'ShpManager', ''),
('0000000082e27992', 24, 'exhtemp-s-testo', '°C', 'sensor', 'ShpManager', ''),
('0000000082e27992', 25, 'pumpcap-s-testo', 'l/min', 'sensor', 'ShpManager', ''),
('000000008416916d', 0, 'flow-s-in', 'lph', 'sensor', '/dev/flow_starboard_supply', 'ldis=yes,ldmin=10,mode=flow,ioinv=no,ppl=80,adp=0,min=0,max=2000'),
('000000008416916d', 1, 'flow-s-out', 'lph', 'sensor', '/dev/flow_starboard_return', 'ldis=no,ldmin=1,mode=flow,ioinv=no,ppl=80,adp=2,min=0,max=2000'),
('000000008416916d', 2, 'flow-p-in', 'lph', 'sensor', '/dev/flow_port_supply', 'ldis=yes,ldmin=10,mode=flow,ioinv=no,ppl=80,adp=1,min=0,max=2000'),
('000000008416916d', 3, 'flow-p-out', 'lph', 'sensor', '/dev/flow_port_return', 'ldis=no,ldmin=1,mode=flow,ioinv=no,ppl=80,adp=3,min=0,max=2000'),
('000000008416916d', 4, 'gps', 'lat:lon', 'sensor', 'ShpManager', 'device=/dev/ttyUSB0,baudrate=4800,stopbits=1,databits=8,parity=none,type=GPRMC,kalman=no,noise=1.0'),
('0000000088955e69', 0, 'flow-p-in', 'lph', 'sensor', '/dev/flow_port_supply', NULL),
('0000000088955e69', 1, 'flow-p-out', 'lph', 'sensor', '/dev/flow_port_return', NULL),
('0000000088955e69', 2, 'gps', 'lat:lon', 'sensor', '/dev/ttyUSB0', NULL),
('000000008a039bca', 0, 'flow-p-in', 'lph', 'sensor', '/dev/flow_port_supply', NULL),
('000000008a039bca', 1, 'flow-p-out', 'lph', 'sensor', '/dev/flow_port_return', NULL),
('000000008a039bca', 2, 'gps', 'lat:lon', 'sensor', 'ShpManager', NULL),
('000000008a039bca', 3, 'rpm-p-eng', 'rpm', 'engine', 'Codesys', NULL),
('000000008a039bca', 4, 'load-p', '%', 'engine', 'Codesys', NULL),
('000000008a039bca', 5, 'exhtemp-p-l', '°C', 'engine', 'Codesys', NULL),
('000000008a039bca', 6, 'exhtemp-p-r', '°C', 'engine', 'Codesys', NULL),
('000000008a039bca', 7, 'turbopress-p-l', 'bar', 'engine', 'Codesys', NULL),
('000000008a039bca', 8, 'turbopress-p-r', 'bar', 'engine', 'Codesys', NULL),
('000000008a039bca', 9, 'eng-p-oilpress', 'bar', 'engine', 'Codesys', NULL),
('000000008a039bca', 10, 'oilpress-p-filter', 'bar', 'engine', 'Codesys', NULL),
('000000008a039bca', 11, 'coolant-p', '°C', 'engine', 'Codesys', NULL),
('000000008a039bca', 12, 'coolant-p-after', '°C', 'engine', 'Codesys', NULL),
('000000008a039bca', 13, 'engine-p-fuelpress', 'bar', 'engine', 'Codesys', NULL),
('000000008a039bca', 14, 'fuelpress-p-filter', 'bar', 'engine', 'Codesys', NULL),
('000000008a039bca', 15, 'carterpress-p', 'bar', 'engine', 'Codesys', NULL),
('000000008a039bca', 16, 'gearoil-p-temp', '°C', 'engine', 'Codesys', NULL),
('000000008a039bca', 17, 'gearoil-p-press', 'bar', 'engine', 'Codesys', NULL),
('000000008a039bca', 18, 'inlettemp-p', 'count', 'sensor', '/sys/bus/iio/devices/iio:device0/in_voltage2_raw', NULL),
('000000008a039bca', 19, 'inlethum-p', 'count', 'sensor', '/sys/bus/iio/devices/iio:device0/in_voltage3_raw', NULL),
('000000008a039bca', 20, 'o2-p', '%', 'sensor', 'ShpManager', NULL),
('000000008a039bca', 21, 'co2-p', '%', 'sensor', 'ShpManager', NULL),
('000000008a039bca', 22, 'co-p', 'ppm', 'sensor', 'ShpManager', NULL),
('000000008a039bca', 23, 'nox-p', 'ppm', 'sensor', 'ShpManager', NULL),
('000000008a039bca', 24, 'no-p', 'ppm', 'sensor', 'ShpManager', NULL),
('000000008a039bca', 25, 'no2-p', 'ppm', 'sensor', 'ShpManager', NULL),
('000000008a039bca', 26, 'exhtemp-p-testo', '°C', 'sensor', 'ShpManager', NULL),
('000000008cf4f50d', 0, 'flow-s-in', 'lph', 'sensor', '/dev/flow_starboard_supply', 'mode=flow,ppl=80'),
('000000008cf4f50d', 1, 'flow-s-out', 'lph', 'sensor', '/dev/flow_starboard_return', 'mode=flow,ppl=80'),
('000000008cf4f50d', 2, 'flow-p-in', 'lph', 'sensor', '/dev/flow_port_supply', 'mode=flow,ppl=80'),
('000000008cf4f50d', 3, 'flow-p-out', 'lph', 'sensor', '/dev/flow_port_return', 'mode=flow,ppl=80'),
('000000008cf4f50d', 4, 'gps', 'lat:lon', 'sensor', 'ShpManager', 'device=/dev/ttyUSB0,baudrate=4800,stopbits=1,databits=8,parity=none,type=GPRMC,noise=100.0'),
('0000000091736ece', 0, 'flow-p-in', 'lph', 'sensor', '/dev/flow_port_supply', 'ldis=no,ldmin=1,mode=flow,ioinv=no,ppl=80,adp=1,min=0,max=2000'),
('0000000091736ece', 1, 'flow-p-out', 'lph', 'sensor', '/dev/flow_port_return', 'ldis=no,ldmin=1,mode=flow,ioinv=no,ppl=80,adp=3,min=0,max=2000'),
('0000000091736ece', 2, 'gps', 'lat:lon', 'sensor', 'ShpManager', 'device=/dev/USB-TL,baudrate=4800,stopbits=1,databits=8,parity=none,type=GPRMC,kalman=no,noise=1.0'),
('0000000091736ece', 3, 'rpm-p-eng', 'rpm', 'engine', 'Codesys', 'ldis=no,ldmin=1'),
('0000000091736ece', 4, 'load-p', '%', 'engine', 'Codesys', ''),
('0000000091736ece', 5, 'exhtemp-p', '°C', 'engine', 'Codesys', ''),
('0000000091736ece', 6, 'exhtemp-p-l', '°C', 'engine', 'Codesys', ''),
('0000000091736ece', 7, 'exhtemp-p-r', '°C', 'engine', 'Codesys', ''),
('0000000091736ece', 8, 'ciltemp-p-1', '°C', 'engine', 'Codesys', ''),
('0000000091736ece', 9, 'ciltemp-p-2', '°C', 'engine', 'Codesys', ''),
('0000000091736ece', 10, 'ciltemp-p-3', '°C', 'engine', 'Codesys', ''),
('0000000091736ece', 11, 'ciltemp-p-4', '°C', 'engine', 'Codesys', ''),
('0000000091736ece', 12, 'ciltemp-p-5', '°C', 'engine', 'Codesys', ''),
('0000000091736ece', 13, 'ciltemp-p-6', '°C', 'engine', 'Codesys', ''),
('0000000091736ece', 14, 'ciltemp-p-7', '°C', 'engine', 'Codesys', ''),
('0000000091736ece', 15, 'ciltemp-p-8', '°C', 'engine', 'Codesys', ''),
('0000000091736ece', 16, 'ciltemp-p-9', '°C', 'engine', 'Codesys', ''),
('0000000091736ece', 17, 'ciltemp-p-10', '°C', 'engine', 'Codesys', ''),
('0000000091736ece', 18, 'ciltemp-p-11', '°C', 'engine', 'Codesys', ''),
('0000000091736ece', 19, 'ciltemp-p-12', '°C', 'engine', 'Codesys', ''),
('0000000091736ece', 20, 'turbopress-p', 'bar', 'engine', 'Codesys', ''),
('0000000091736ece', 21, 'turbotemp-p', '°C', 'engine', 'Codesys', ''),
('0000000091736ece', 22, 'turbopress-p-l', 'bar', 'engine', 'Codesys', ''),
('0000000091736ece', 23, 'turbopress-p-r', 'bar', 'engine', 'Codesys', ''),
('0000000091736ece', 24, 'eng-p-oiltemp', 'bar', 'engine', 'Codesys', ''),
('0000000091736ece', 25, 'eng-p-oilpress', 'bar', 'engine', 'Codesys', ''),
('0000000091736ece', 26, 'oilpress-p-filter', 'bar', 'engine', 'Codesys', ''),
('0000000091736ece', 27, 'coolant-p', '°C', 'engine', 'Codesys', ''),
('0000000091736ece', 28, 'coolant-s-after', '°C', 'engine', 'Codesys', ''),
('0000000091736ece', 29, 'coolant-p-after', '°C', 'engine', 'Codesys', ''),
('0000000091736ece', 30, 'engine-p-fuelpress', 'bar', 'engine', 'Codesys', ''),
('0000000091736ece', 31, 'fuelpress-p-filter', 'bar', 'engine', 'Codesys', ''),
('0000000091736ece', 32, 'carterpress-p', 'bar', 'engine', 'Codesys', ''),
('0000000091736ece', 33, 'gearoil-p-temp', '°C', 'engine', 'Codesys', ''),
('0000000091736ece', 34, 'gearoil-p-press', 'bar', 'engine', 'Codesys', ''),
('0000000091736ece', 35, 'maxpress-p-coolant', 'alarm', 'sensor', 'Codesys', ''),
('0000000091736ece', 36, 'mintemp-p-coolant', 'alarm', 'sensor', 'Codesys', ''),
('0000000091736ece', 37, 'maxtemp-p-coolant', 'alarm', 'sensor', 'Codesys', ''),
('0000000091736ece', 38, 'lowlev-p-coolant', 'alarm', 'sensor', 'Codesys', ''),
('0000000091736ece', 39, 'lowpress-p-fuel', 'alarm', 'sensor', 'Codesys', ''),
('0000000091736ece', 40, 'highpress-p-fuel', 'alarm', 'sensor', 'Codesys', ''),
('0000000091736ece', 41, 'lowlev-p-engoil', 'alarm', 'sensor', 'Codesys', ''),
('0000000091736ece', 42, 'lowpress-p-engoil', 'alarm', 'sensor', 'Codesys', ''),
('0000000091736ece', 43, 'highpress-p-engoil', 'alarm', 'sensor', 'Codesys', ''),
('0000000091736ece', 44, 'hightemp-p-engoil', 'alarm', 'sensor', 'Codesys', ''),
('0000000091736ece', 45, 'lowpress-p-turbo', 'alarm', 'sensor', 'Codesys', ''),
('0000000091736ece', 46, 'highpress-p-turbo', 'alarm', 'sensor', 'Codesys', ''),
('0000000096321d8c', 0, 'flow-p-in', 'lph', 'sensor', '/dev/flow_port_supply', NULL),
('0000000096321d8c', 1, 'flow-p-out', 'lph', 'sensor', '/dev/flow_port_return', NULL),
('0000000096321d8c', 2, 'gps', 'lat:lon', 'sensor', '/dev/ttyUSB0', NULL),
('00000000985cd9d5', 0, 'flow-p-in', 'lph', 'sensor', '/dev/flow_port_supply', 'ldis=no,ldmin=1,mode=flow,ioinv=no,ppl=80,adp=1,min=0,max=2000'),
('00000000985cd9d5', 1, 'flow-s-in', 'lph', 'sensor', '/dev/flow_starboard_supply', 'ldis=no,ldmin=1,mode=flow,ioinv=no,ppl=80,adp=0,min=0,max=2000'),
('00000000985cd9d5', 2, 'flow-p-out', 'lph', 'sensor', '/dev/flow_port_return', 'ldis=no,ldmin=1,mode=flow,ioinv=no,ppl=80,adp=3,min=0,max=2000'),
('00000000985cd9d5', 3, 'flow-s-out', 'lph', 'sensor', '/dev/flow_starboard_return', 'ldis=no,ldmin=1,mode=flow,ioinv=no,ppl=80,adp=2,min=0,max=2000'),
('00000000985cd9d5', 4, 'gps', 'lat:lon', 'sensor', 'ShpManager', 'device=/dev/ttyUSB0,baudrate=4800,stopbits=1,databits=8,parity=none,type=GPRMC,kalman=no,noise=1.0'),
('00000000985cd9d5', 5, 'rpm-s-eng', 'rpm', 'engine', 'Codesys', 'ldis=yes,ldmin=250'),
('00000000985cd9d5', 6, 'rpm-p-eng', 'rpm', 'engine', 'Codesys', 'ldis=yes,ldmin=250'),
('00000000985cd9d5', 7, 'load-s', '%', 'engine', 'Codesys', ''),
('00000000985cd9d5', 8, 'load-p', '%', 'engine', 'Codesys', ''),
('00000000985cd9d5', 9, 'eng-s-oilpress', 'bar', 'engine', 'Codesys', ''),
('00000000985cd9d5', 10, 'eng-p-oilpress', 'bar', 'engine', 'Codesys', ''),
('00000000985cd9d5', 11, 'coolant-s', '°C', 'engine', 'Codesys', ''),
('00000000985cd9d5', 12, 'coolant-p', '°C', 'engine', 'Codesys', ''),
('00000000985cd9d5', 14, 'inlettemp-p', '°C', 'sensor', '/sys/bus/iio/devices/iio:device0/in_voltage2_raw', 'mode=adc,adp=2,min=-20,max=70'),
('00000000985cd9d5', 16, 'inlethum-p', '%', 'sensor', '/sys/bus/iio/devices/iio:device0/in_voltage3_raw', 'mode=adc,adp=3,min=0,max=100'),
('00000000985cd9d5', 18, 'ambpress-p', 'hPa', 'sensor', 'ShpManager', ''),
('00000000985cd9d5', 20, 'o2-p', '%', 'sensor', 'ShpManager', ''),
('00000000985cd9d5', 22, 'co2-p', '%', 'sensor', 'ShpManager', ''),
('00000000985cd9d5', 24, 'co-p', 'ppm', 'sensor', 'ShpManager', ''),
('00000000985cd9d5', 26, 'nox-p', 'ppm', 'sensor', 'ShpManager', ''),
('00000000985cd9d5', 28, 'no-p', 'ppm', 'sensor', 'ShpManager', ''),
('00000000985cd9d5', 30, 'no2-p', 'ppm', 'sensor', 'ShpManager', ''),
('00000000985cd9d5', 32, 'exhtemp-p-testo', '°C', 'sensor', 'ShpManager', ''),
('00000000985cd9d5', 34, 'pumpcap-p-testo', 'l/min', 'sensor', 'ShpManager', ''),
('000000009a2bfcb9', 0, 'kflow-s-in', 'lph', 'sensor', 'Codesys', NULL),
('000000009a2bfcb9', 1, 'kflow-s-out', 'lph', 'sensor', 'Codesys', NULL),
('000000009a2bfcb9', 2, 'kflow-p-in', 'lph', 'sensor', 'Codesys', NULL),
('000000009a2bfcb9', 3, 'kflow-p-out', 'lph', 'sensor', 'Codesys', NULL),
('000000009a2bfcb9', 4, 'gps', 'lat:lon', 'sensor', 'ShpManager', NULL),
('000000009a2bfcb9', 5, 'rpm-p-pcb', 'count', 'sensor', '/sys/bus/iio/devices/iio:device0/in_voltage1_raw', NULL),
('000000009a2bfcb9', 6, 'rpm-s-pcb', 'count', 'sensor', '/sys/bus/iio/devices/iio:device0/in_voltage0_raw', NULL),
('00000000a5d270a0', 0, 'flow-p-in', 'lph', 'sensor', '/dev/flow_port_supply', NULL),
('00000000a5d270a0', 1, 'flow-p-out', 'lph', 'sensor', '/dev/flow_port_return', NULL),
('00000000a5d270a0', 2, 'gps', 'lat:lon', 'sensor', 'ShpManager', NULL),
('00000000a5d270a0', 3, 'rpm-p-eng', 'rpm', 'engine', 'Codesys', NULL),
('00000000a5d270a0', 4, 'load-p', '%', 'engine', 'Codesys', NULL),
('00000000a5d270a0', 5, 'exhtemp-p', '°C', 'engine', 'Codesys', NULL),
('00000000a5d270a0', 6, 'exhtemp-p-l', '°C', 'engine', 'Codesys', NULL),
('00000000a5d270a0', 7, 'exhtemp-p-r', '°C', 'engine', 'Codesys', NULL),
('00000000a5d270a0', 8, 'turbopress-p', 'bar', 'engine', 'Codesys', NULL),
('00000000a5d270a0', 9, 'turbotemp-p', '°C', 'engine', 'Codesys', NULL),
('00000000a5d270a0', 10, 'turbopress-p-l', 'bar', 'engine', 'Codesys', NULL),
('00000000a5d270a0', 11, 'turbopress-p-r', 'bar', 'engine', 'Codesys', NULL),
('00000000a5d270a0', 12, 'eng-p-oiltemp', 'bar', 'engine', 'Codesys', NULL),
('00000000a5d270a0', 13, 'eng-p-oilpress', 'bar', 'engine', 'Codesys', NULL),
('00000000a5d270a0', 14, 'oilpress-p-filter', 'bar', 'engine', 'Codesys', NULL),
('00000000a5d270a0', 15, 'coolant-p', '°C', 'engine', 'Codesys', NULL),
('00000000a5d270a0', 16, 'coolant-p-after', '°C', 'engine', 'Codesys', NULL),
('00000000a5d270a0', 17, 'engine-p-fuelpress', 'bar', 'engine', 'Codesys', NULL),
('00000000a5d270a0', 18, 'fuelpress-p-filter', 'bar', 'engine', 'Codesys', NULL),
('00000000a5d270a0', 19, 'carterpress-p', 'bar', 'engine', 'Codesys', NULL),
('00000000a5d270a0', 20, 'gearoil-p-temp', '°C', 'engine', 'Codesys', NULL),
('00000000a5d270a0', 21, 'gearoil-p-press', 'bar', 'engine', 'Codesys', NULL),
('00000000a5d270a0', 22, 'inlettemp-p', '°C', 'sensor', '/sys/bus/iio/devices/iio:device0/in_voltage2_raw', NULL),
('00000000a5d270a0', 23, 'inlethum-p', 'count', 'sensor', '/sys/bus/iio/devices/iio:device0/in_voltage3_raw', NULL),
('00000000a5d270a0', 24, 'ambpress-p', 'hPa', 'sensor', 'ShpManager', NULL),
('00000000a5d270a0', 25, 'o2-p', '%', 'sensor', 'ShpManager', NULL),
('00000000a5d270a0', 26, 'co2-p', '%', 'sensor', 'ShpManager', NULL),
('00000000a5d270a0', 27, 'co-p', 'ppm', 'sensor', 'ShpManager', NULL),
('00000000a5d270a0', 28, 'nox-p', 'ppm', 'sensor', 'ShpManager', NULL),
('00000000a5d270a0', 29, 'no-p', 'ppm', 'sensor', 'ShpManager', NULL),
('00000000a5d270a0', 30, 'no2-p', 'ppm', 'sensor', 'ShpManager', NULL),
('00000000a5d270a0', 31, 'exhtemp-p-testo', '°C', 'sensor', 'ShpManager', NULL),
('00000000a5d270a0', 32, 'pumpcap-p-testo', 'l/min', 'sensor', 'ShpManager', NULL),
('00000000a5fa03d8', 0, 'flow-p-in', 'lph', 'sensor', '/dev/flow_port_supply', NULL),
('00000000a5fa03d8', 1, 'flow-p-out', 'lph', 'sensor', '/dev/flow_port_return', NULL),
('00000000a5fa03d8', 2, 'gps', 'lat:lon', 'sensor', '/dev/ttyUSB0', NULL),
('00000000a69d604f', 0, 'flow-p-in', 'lph', 'sensor', '/dev/flow_port_supply', 'ldis=no,ldmin=1,mode=flow,ioinv=no,ppl=500,adp=1,min=0,max=2000'),
('00000000a69d604f', 1, 'flow-p-out', 'lph', 'sensor', '/dev/flow_port_return', 'ldis=no,ldmin=1,mode=flow,ioinv=no,ppl=500,adp=3,min=0,max=2000'),
('00000000a69d604f', 2, 'gps', 'lat:lon', 'sensor', 'ShpManager', 'device=/dev/ttyUSB-TR,baudrate=4800,stopbits=1,databits=8,parity=none,type=GPRMC,kalman=no,noise=1.0'),
('00000000a69d604f', 3, 'dbk', 'm', 'sensor', 'ShpManager', 'device=/dev/ttyUSB-TL,baudrate=4800,stopbits=1,databits=8,parity=none,type=SDDPT'),
('00000000a69d604f', 4, 'rpm-p-pcb', 'count', 'sensor', '/dev/rpm_port_rpm', 'ldis=yes,ldmin=250,mode=pu,ioinv=no,adp=1,min=0,max=2000,teeth=113'),
('00000000a69d604f', 5, 'inlettemp-p', '°C', 'sensor', '/sys/bus/iio/devices/iio:device0/in_voltage2_raw', 'mode=adc,adp=2,min=-20,max=70'),
('00000000a69d604f', 6, 'inlethum-p', '%', 'sensor', '/sys/bus/iio/devices/iio:device0/in_voltage3_raw', 'mode=adc,adp=3,min=0,max=100'),
('00000000a69d604f', 7, 'ambpress-p', 'hPa', 'sensor', 'ShpManager', ''),
('00000000a69d604f', 8, 'o2-p', '%', 'sensor', 'ShpManager', ''),
('00000000a69d604f', 9, 'co2-p', '%', 'sensor', 'ShpManager', ''),
('00000000a69d604f', 10, 'co-p', 'ppm', 'sensor', 'ShpManager', ''),
('00000000a69d604f', 11, 'nox-p', 'ppm', 'sensor', 'ShpManager', ''),
('00000000a69d604f', 12, 'no-p', 'ppm', 'sensor', 'ShpManager', ''),
('00000000a69d604f', 13, 'no2-p', 'ppm', 'sensor', 'ShpManager', ''),
('00000000a69d604f', 14, 'exhtemp-p-testo', '°C', 'sensor', 'ShpManager', ''),
('00000000a69d604f', 15, 'pumpcap-p-testo', 'l/min', 'sensor', 'ShpManager', ''),
('00000000a6e7fbc3', 0, 'flow-s-in', 'lph', 'sensor', '/sys/bus/iio/devices/iio:device0/in_voltage2_raw', 'ldis=no,ldmin=1,mode=adc,ioinv=no,ppl=80,adp=2,min=0,max=200'),
('00000000a6e7fbc3', 1, 'flow-p-in', 'lph', 'sensor', '/sys/bus/iio/devices/iio:device0/in_voltage3_raw', 'ldis=no,ldmin=1,mode=adc,ioinv=no,ppl=80,adp=3,min=0,max=200'),
('00000000a6e7fbc3', 2, 'gps', 'lat:lon', 'sensor', 'ShpManager', 'device=/dev/ttyUSB0,baudrate=4800,stopbits=1,databits=8,parity=none,type=GPRMC,noise=100.0'),
('00000000a6e7fbc3', 3, 'exom-p', 'on/off', 'sensor', '/dev/rpm_port_rpm', 'iodev=rpm_p,ioinv=yes'),
('00000000a6e7fbc3', 4, 'rpm-s-pcb', 'count', 'sensor', '/sys/bus/iio/devices/iio:device0/in_voltage0_raw', 'ldis=yes,ldmin=100,mode=adc,ioinv=no,adp=0,min=0,max=2000,teeth=182'),
('00000000a6e7fbc3', 5, 'rpm-p-pcb', 'count', 'sensor', '/sys/bus/iio/devices/iio:device0/in_voltage1_raw', 'ldis=yes,ldmin=100,mode=adc,ioinv=no,adp=1,min=0,max=2000,teeth=182'),
('00000000a712b83b', 0, 'gps', 'lat:lon', 'sensor', 'ShpManager', 'device=/dev/USB-TL,baudrate=4800,stopbits=1,databits=8,parity=none,type=GPRMC,kalman=no,noise=1.0'),
('00000000bfb769ca', 0, 'flow-s-in', 'lph', 'sensor', '/dev/flow_starboard_supply', NULL),
('00000000bfb769ca', 1, 'flow-s-out', 'lph', 'sensor', '/dev/flow_starboard_return', NULL),
('00000000bfb769ca', 2, 'gps', 'lat:lon', 'sensor', 'ShpManager', NULL),
('00000000bfb769ca', 3, 'rpm-p-eng', 'rpm', 'engine', 'Codesys', NULL),
('00000000bfb769ca', 4, 'load-p', '%', 'engine', 'Codesys', NULL),
('00000000bfb769ca', 5, 'turbopress-p', 'bar', 'engine', 'Codesys', NULL),
('00000000bfb769ca', 6, 'turbotemp-p', '°C', 'engine', 'Codesys', NULL),
('00000000bfb769ca', 7, 'turbopress-p-l', 'bar', 'engine', 'Codesys', NULL),
('00000000bfb769ca', 8, 'turbopress-p-r', 'bar', 'engine', 'Codesys', NULL),
('00000000bfb769ca', 9, 'eng-p-oiltemp', 'bar', 'engine', 'Codesys', NULL),
('00000000bfb769ca', 10, 'eng-p-oilpress', 'bar', 'engine', 'Codesys', NULL),
('00000000bfb769ca', 11, 'oilpress-p-filter', 'bar', 'engine', 'Codesys', NULL),
('00000000bfb769ca', 12, 'coolant-p', '°C', 'engine', 'Codesys', NULL),
('00000000bfb769ca', 13, 'coolant-p-after', '°C', 'engine', 'Codesys', NULL),
('00000000bfb769ca', 14, 'engine-p-fuelpress', 'bar', 'engine', 'Codesys', NULL);
INSERT INTO `instance_lookup` (`obm_id`, `instance_id`, `name`, `unit`, `type`, `device`, `config`) VALUES
('00000000bfb769ca', 15, 'fuelpress-p-filter', 'bar', 'engine', 'Codesys', NULL),
('00000000bfb769ca', 16, 'carterpress-p', 'bar', 'engine', 'Codesys', NULL),
('00000000bfb769ca', 17, 'gearoil-p-temp', '°C', 'engine', 'Codesys', NULL),
('00000000bfb769ca', 18, 'gearoil-p-press', 'bar', 'engine', 'Codesys', NULL),
('00000000bfb769ca', 19, 'inlettemp-s', '°C', 'sensor', '/sys/bus/iio/devices/iio:device0/in_voltage0_raw', NULL),
('00000000bfb769ca', 20, 'inlethum-s', 'count', 'sensor', '/sys/bus/iio/devices/iio:device0/in_voltage1_raw', NULL),
('00000000bfb769ca', 21, 'ambpress-s', 'hPa', 'sensor', 'ShpManager', NULL),
('00000000bfb769ca', 22, 'o2-s', '%', 'sensor', 'ShpManager', NULL),
('00000000bfb769ca', 23, 'co2-s', '%', 'sensor', 'ShpManager', NULL),
('00000000bfb769ca', 24, 'co-s', 'ppm', 'sensor', 'ShpManager', NULL),
('00000000bfb769ca', 25, 'nox-s', 'ppm', 'sensor', 'ShpManager', NULL),
('00000000bfb769ca', 26, 'no-s', 'ppm', 'sensor', 'ShpManager', NULL),
('00000000bfb769ca', 27, 'no2-s', 'ppm', 'sensor', 'ShpManager', NULL),
('00000000bfb769ca', 28, 'exhtemp-s-testo', '°C', 'sensor', 'ShpManager', NULL),
('00000000bfb769ca', 29, 'pumpcap-s-testo', 'l/min', 'sensor', 'ShpManager', NULL),
('00000000c1063dc1', 0, 'flow-p-in', 'lph', 'sensor', '/dev/flow_port_supply', 'ldis=yes,ldmin=5,mode=flow,ioinv=no,ppl=204.1,adp=1,min=0,max=2000'),
('00000000c1063dc1', 1, 'flow-s-in', 'lph', 'sensor', '/dev/flow_starboard_supply', 'ldis=yes,ldmin=5,mode=flow,ioinv=no,ppl=204.1,adp=0,min=0,max=2000'),
('00000000c1063dc1', 2, 'gps', 'lat:lon', 'sensor', 'ShpManager', 'device=/dev/ttyUSB0,baudrate=4800,stopbits=1,databits=8,parity=none,type=GPRMC,kalman=no,noise=1.0'),
('00000000c1063dc1', 3, 'rpm-s-eng', 'rpm', 'engine', 'Codesys', 'ldis=no,ldmin=250'),
('00000000c1063dc1', 4, 'rpm-p-eng', 'rpm', 'engine', 'Codesys', 'ldis=no,ldmin=250'),
('00000000c1063dc1', 5, 'load-s', '%', 'engine', 'Codesys', ''),
('00000000c1063dc1', 6, 'load-p', '%', 'engine', 'Codesys', ''),
('00000000c1063dc1', 7, 'exhtemp-s-l', '°C', 'engine', 'Codesys', ''),
('00000000c1063dc1', 8, 'exhtemp-p-l', '°C', 'engine', 'Codesys', ''),
('00000000c1063dc1', 9, 'exhtemp-s-r', '°C', 'engine', 'Codesys', ''),
('00000000c1063dc1', 10, 'exhtemp-p-r', '°C', 'engine', 'Codesys', ''),
('00000000c1063dc1', 11, 'turbopress-s', 'bar', 'engine', 'Codesys', ''),
('00000000c1063dc1', 12, 'turbopress-p', 'bar', 'engine', 'Codesys', ''),
('00000000c1063dc1', 13, 'eng-s-oiltemp', 'bar', 'engine', 'Codesys', ''),
('00000000c1063dc1', 14, 'eng-p-oiltemp', 'bar', 'engine', 'Codesys', ''),
('00000000c1063dc1', 15, 'eng-s-oilpress', 'bar', 'engine', 'Codesys', ''),
('00000000c1063dc1', 16, 'eng-p-oilpress', 'bar', 'engine', 'Codesys', ''),
('00000000c1063dc1', 17, 'oilpress-s-filter', 'bar', 'engine', 'Codesys', ''),
('00000000c1063dc1', 18, 'oilpress-p-filter', 'bar', 'engine', 'Codesys', ''),
('00000000c1063dc1', 19, 'coolant-s', '°C', 'engine', 'Codesys', ''),
('00000000c1063dc1', 20, 'coolant-p', '°C', 'engine', 'Codesys', ''),
('00000000c1063dc1', 21, 'coolant-s-after', '°C', 'engine', 'Codesys', ''),
('00000000c1063dc1', 22, 'coolant-p-after', '°C', 'engine', 'Codesys', ''),
('00000000c1063dc1', 23, 'engine-s-fuelpress', 'bar', 'engine', 'Codesys', ''),
('00000000c1063dc1', 24, 'engine-p-fuelpress', 'bar', 'engine', 'Codesys', ''),
('00000000c1063dc1', 25, 'fuelpress-s-filter', 'bar', 'engine', 'Codesys', ''),
('00000000c1063dc1', 26, 'fuelpress-p-filter', 'bar', 'engine', 'Codesys', ''),
('00000000c1063dc1', 27, 'gearoil-s-temp', '°C', 'engine', 'Codesys', ''),
('00000000c1063dc1', 28, 'gearoil-p-temp', '°C', 'engine', 'Codesys', ''),
('00000000c1063dc1', 29, 'gearoil-s-press', 'bar', 'engine', 'Codesys', ''),
('00000000c1063dc1', 30, 'gearoil-p-press', 'bar', 'engine', 'Codesys', ''),
('00000000c1063dc1', 31, 'inlettemp-s', '°C', 'sensor', '/sys/bus/iio/devices/iio:device0/in_voltage0_raw', 'mode=adv,adp=0,min=-20,max=70'),
('00000000c1063dc1', 32, 'inlettemp-p', '°C', 'sensor', '/sys/bus/iio/devices/iio:device0/in_voltage2_raw', 'mode=adv,adp=2,min=-20,max=70'),
('00000000c1063dc1', 33, 'inlethum-s', '%', 'sensor', '/sys/bus/iio/devices/iio:device0/in_voltage1_raw', 'mode=adv,adp=1,min=0,max=100'),
('00000000c1063dc1', 34, 'inlethum-p', '%', 'sensor', '/sys/bus/iio/devices/iio:device0/in_voltage3_raw', 'mode=adv,adp=3,min=0,max=100'),
('00000000c1063dc1', 35, 'ambpress-s', 'hPa', 'sensor', 'ShpManager', ''),
('00000000c1063dc1', 36, 'ambpress-p', 'hPa', 'sensor', 'ShpManager', ''),
('00000000c1063dc1', 37, 'o2-s', '%', 'sensor', 'ShpManager', ''),
('00000000c1063dc1', 38, 'o2-p', '%', 'sensor', 'ShpManager', ''),
('00000000c1063dc1', 39, 'co2-s', '%', 'sensor', 'ShpManager', ''),
('00000000c1063dc1', 40, 'co2-p', '%', 'sensor', 'ShpManager', ''),
('00000000c1063dc1', 41, 'co-s', 'ppm', 'sensor', 'ShpManager', ''),
('00000000c1063dc1', 42, 'co-p', 'ppm', 'sensor', 'ShpManager', ''),
('00000000c1063dc1', 43, 'nox-s', 'ppm', 'sensor', 'ShpManager', ''),
('00000000c1063dc1', 44, 'nox-p', 'ppm', 'sensor', 'ShpManager', ''),
('00000000c1063dc1', 45, 'no-s', 'ppm', 'sensor', 'ShpManager', ''),
('00000000c1063dc1', 46, 'no-p', 'ppm', 'sensor', 'ShpManager', ''),
('00000000c1063dc1', 47, 'no2-s', 'ppm', 'sensor', 'ShpManager', ''),
('00000000c1063dc1', 48, 'no2-p', 'ppm', 'sensor', 'ShpManager', ''),
('00000000c1063dc1', 49, 'exhtemp-s-testo', '°C', 'sensor', 'ShpManager', ''),
('00000000c1063dc1', 50, 'exhtemp-p-testo', '°C', 'sensor', 'ShpManager', ''),
('00000000c1063dc1', 51, 'pumpcap-s-testo', 'l/min', 'sensor', 'ShpManager', ''),
('00000000c1063dc1', 52, 'pumpcap-p-testo', 'l/min', 'sensor', 'ShpManager', ''),
('00000000c417cfc9', 0, 'flow-s-in', 'lph', 'sensor', '/dev/flow_starboard_supply', 'mode=flow,ppl=80'),
('00000000c417cfc9', 1, 'flow-s-out', 'lph', 'sensor', '/dev/flow_starboard_return', 'mode=flow,ppl=80'),
('00000000c417cfc9', 2, 'flow-p-in', 'lph', 'sensor', '/dev/flow_port_supply', 'mode=flow,ppl=80'),
('00000000c417cfc9', 3, 'flow-p-out', 'lph', 'sensor', '/dev/flow_port_return', 'mode=flow,ppl=80'),
('00000000c417cfc9', 4, 'gps', 'lat:lon', 'sensor', 'ShpManager', 'device=/dev/ttyUSB0,baudrate=4800,stopbits=1,databits=8,parity=none,type=GPRMC,noise=100.0'),
('00000000c417cfc9', 5, 'rpm-s-pcb', 'count', 'sensor', '/dev/rpm_starboard_rpm', 'mode=pu,adp=0,min=0,max=2000,teeth=182'),
('00000000c417cfc9', 6, 'rpm-p-pcb', 'count', 'sensor', '/dev/rpm_port_rpm', 'mode=pu,adp=1,min=0,max=2000,teeth=182'),
('00000000c417cfc9', 7, 'inlettemp-s', '°C', 'sensor', '/sys/bus/iio/devices/iio:device0/in_voltage0_raw', 'mode=adc,adp=0,min=-50,max=100'),
('00000000c417cfc9', 8, 'inlethum-s', '%', 'sensor', '/sys/bus/iio/devices/iio:device0/in_voltage1_raw', 'mode=adc,adp=1,min=0,max=100'),
('00000000c417cfc9', 9, 'ambpress-s', 'hPa', 'sensor', 'ShpManager', ''),
('00000000c417cfc9', 10, 'o2-s', '%', 'sensor', 'ShpManager', ''),
('00000000c417cfc9', 11, 'co2-s', '%', 'sensor', 'ShpManager', ''),
('00000000c417cfc9', 12, 'co-s', 'ppm', 'sensor', 'ShpManager', ''),
('00000000c417cfc9', 13, 'nox-s', 'ppm', 'sensor', 'ShpManager', ''),
('00000000c417cfc9', 14, 'no-s', 'ppm', 'sensor', 'ShpManager', ''),
('00000000c417cfc9', 15, 'no2-s', 'ppm', 'sensor', 'ShpManager', ''),
('00000000c417cfc9', 16, 'exhtemp-s-testo', '°C', 'sensor', 'ShpManager', ''),
('00000000c417cfc9', 17, 'pumpcap-s-testo', 'l/min', 'sensor', 'ShpManager', ''),
('00000000cbe8e1e1', 0, 'flow-p-in', 'lph', 'sensor', '/dev/flow_port_supply', 'ldis=yes,ldmin=10,mode=flow,ioinv=no,ppl=322.6,adp=1,min=0,max=2000'),
('00000000cbe8e1e1', 1, 'gps', 'lat:lon', 'sensor', 'ShpManager', 'device=/dev/USB-TR,baudrate=4800,stopbits=1,databits=8,parity=none,type=GPRMC,kalman=no,noise=1.0'),
('00000000cbe8e1e1', 2, 'rpm-p-pcb', 'count', 'sensor', '/dev/flow_starboard_supply', 'ldis=no,ldmin=1,mode=pu,ioinv=no,adp=1,min=0,max=2000,teeth=20'),
('00000000cbe8e1e1', 3, 'inlettemp-p', '°C', 'sensor', '/sys/bus/iio/devices/iio:device0/in_voltage2_raw', 'mode=adv,adp=2,min=-20,max=70'),
('00000000cbe8e1e1', 4, 'inlethum-p', '%', 'sensor', '/sys/bus/iio/devices/iio:device0/in_voltage3_raw', 'mode=adv,adp=3,min=0,max=100'),
('00000000cbe8e1e1', 5, 'ambpress-p', 'hPa', 'sensor', 'ShpManager', ''),
('00000000cbe8e1e1', 6, 'o2-p', '%', 'sensor', 'ShpManager', ''),
('00000000cbe8e1e1', 7, 'co2-p', '%', 'sensor', 'ShpManager', ''),
('00000000cbe8e1e1', 8, 'co-p', 'ppm', 'sensor', 'ShpManager', ''),
('00000000cbe8e1e1', 9, 'nox-p', 'ppm', 'sensor', 'ShpManager', ''),
('00000000cbe8e1e1', 10, 'no-p', 'ppm', 'sensor', 'ShpManager', ''),
('00000000cbe8e1e1', 11, 'no2-p', 'ppm', 'sensor', 'ShpManager', ''),
('00000000cbe8e1e1', 12, 'exhtemp-p-testo', '°C', 'sensor', 'ShpManager', ''),
('00000000cbe8e1e1', 13, 'pumpcap-p-testo', 'l/min', 'sensor', 'ShpManager', ''),
('00000000ccfb6343', 0, 'flow-p-in', 'lph', 'sensor', '/sys/bus/iio/devices/iio:device0/in_voltage1_raw', 'ldis=yes,mode=adc,ppl=80,adp=1,min=0,max=200'),
('00000000ccfb6343', 1, 'gps', 'lat:lon', 'sensor', 'ShpManager', 'device=/dev/ttyUSB0,baudrate=9600,stopbits=1,databits=8,parity=none,type=GPRMC,noise=100.0'),
('00000000ccfb6343', 2, 'trq-p-prop', 'kNm', 'sensor', '/sys/bus/iio/devices/iio:device0/in_voltage0_raw', 'mode=adc,adp=0,min=-16.17,max=16.17'),
('00000000ccfb6343', 3, 'rpm-p-pcb', 'count', 'sensor', '/dev/rpm_port_rpm', 'ldis=yes,mode=pu,adp=1,min=0,max=2000,teeth=136'),
('00000000ccfb6343', 4, 'inlettemp-p', '°C', 'sensor', '/sys/bus/iio/devices/iio:device0/in_voltage2_raw', 'mode=adc,adp=2,min=-20,max=70'),
('00000000ccfb6343', 5, 'inlethum-p', '%', 'sensor', '/sys/bus/iio/devices/iio:device0/in_voltage3_raw', 'mode=adc,adp=3,min=0,max=100'),
('00000000ccfb6343', 6, 'ambpress-p', 'hPa', 'sensor', 'ShpManager', ''),
('00000000ccfb6343', 7, 'o2-p', '%', 'sensor', 'ShpManager', ''),
('00000000ccfb6343', 8, 'co2-p', '%', 'sensor', 'ShpManager', ''),
('00000000ccfb6343', 9, 'co-p', 'ppm', 'sensor', 'ShpManager', ''),
('00000000ccfb6343', 10, 'nox-p', 'ppm', 'sensor', 'ShpManager', ''),
('00000000ccfb6343', 11, 'no-p', 'ppm', 'sensor', 'ShpManager', ''),
('00000000ccfb6343', 12, 'no2-p', 'ppm', 'sensor', 'ShpManager', ''),
('00000000ccfb6343', 13, 'exhtemp-p-testo', '°C', 'sensor', 'ShpManager', ''),
('00000000ccfb6343', 14, 'pumpcap-p-testo', 'l/min', 'sensor', 'ShpManager', ''),
('00000000dcb81b16', 0, 'flow-p-in', 'lph', 'sensor', '/dev/flow_port_supply', 'ldis=no,mode=flow,ppl=204.1,adp=1,min=0,max=2000'),
('00000000dcb81b16', 1, 'gps', 'lat:lon', 'sensor', 'ShpManager', 'device=/dev/ttyUSB0,baudrate=4800,stopbits=1,databits=8,parity=none,type=GPRMC,noise=100.0'),
('00000000dcb81b16', 2, 'rpm-p-pcb', 'count', 'sensor', '/dev/rpm_port_rpm', 'ldis=yes,mode=pu,adp=1,min=0,max=2000,teeth=142'),
('00000000dcb81b16', 3, 'inlettemp-p', '°C', 'sensor', '/sys/bus/iio/devices/iio:device0/in_voltage2_raw', 'mode=adc,adp=2,min=-20,max=70'),
('00000000dcb81b16', 4, 'inlethum-p', '%', 'sensor', '/sys/bus/iio/devices/iio:device0/in_voltage3_raw', 'mode=adc,adp=3,min=0,max=100'),
('00000000dcb81b16', 5, 'ambpress-p', 'hPa', 'sensor', 'ShpManager', ''),
('00000000dcb81b16', 6, 'o2-p', '%', 'sensor', 'ShpManager', ''),
('00000000dcb81b16', 7, 'co2-p', '%', 'sensor', 'ShpManager', ''),
('00000000dcb81b16', 8, 'co-p', 'ppm', 'sensor', 'ShpManager', ''),
('00000000dcb81b16', 9, 'nox-p', 'ppm', 'sensor', 'ShpManager', ''),
('00000000dcb81b16', 10, 'no-p', 'ppm', 'sensor', 'ShpManager', ''),
('00000000dcb81b16', 11, 'no2-p', 'ppm', 'sensor', 'ShpManager', ''),
('00000000dcb81b16', 12, 'exhtemp-p-testo', '°C', 'sensor', 'ShpManager', ''),
('00000000dcb81b16', 13, 'pumpcap-p-testo', 'l/min', 'sensor', 'ShpManager', ''),
('00000000de16d3e9', 0, 'flow-p-in', 'lph', 'sensor', '/dev/flow_port_supply', 'ldis=no,ldmin=1,mode=flow,ioinv=no,ppl=80,adp=1,min=0,max=2000'),
('00000000de16d3e9', 1, 'gps', 'lat:lon', 'sensor', 'ShpManager', 'device=/dev/USB-TR,baudrate=4800,stopbits=1,databits=8,parity=none,type=GPRMC,kalman=no,noise=1.0'),
('00000000de16d3e9', 2, 'rpm-p-eng', 'rpm', 'engine', 'Codesys', 'ldis=no,ldmin=1'),
('00000000de16d3e9', 3, 'load-p', '%', 'engine', 'Codesys', ''),
('00000000de16d3e9', 4, 'exhtemp-p', '°C', 'engine', 'Codesys', ''),
('00000000de16d3e9', 5, 'exhtemp-p-l', '°C', 'engine', 'Codesys', ''),
('00000000de16d3e9', 6, 'exhtemp-p-r', '°C', 'engine', 'Codesys', ''),
('00000000de16d3e9', 7, 'turbopress-p', 'bar', 'engine', 'Codesys', ''),
('00000000de16d3e9', 8, 'turbotemp-p', '°C', 'engine', 'Codesys', ''),
('00000000de16d3e9', 9, 'turbopress-p-l', 'bar', 'engine', 'Codesys', ''),
('00000000de16d3e9', 10, 'turbopress-p-r', 'bar', 'engine', 'Codesys', ''),
('00000000de16d3e9', 11, 'eng-p-oiltemp', 'bar', 'engine', 'Codesys', ''),
('00000000de16d3e9', 12, 'eng-p-oilpress', 'bar', 'engine', 'Codesys', ''),
('00000000de16d3e9', 13, 'oilpress-p-filter', 'bar', 'engine', 'Codesys', ''),
('00000000de16d3e9', 14, 'coolant-p', '°C', 'engine', 'Codesys', ''),
('00000000de16d3e9', 15, 'coolant-p-after', '°C', 'engine', 'Codesys', ''),
('00000000de16d3e9', 16, 'engine-p-fuelpress', 'bar', 'engine', 'Codesys', ''),
('00000000de16d3e9', 17, 'fuelpress-p-filter', 'bar', 'engine', 'Codesys', ''),
('00000000de16d3e9', 18, 'carterpress-p', 'bar', 'engine', 'Codesys', ''),
('00000000de16d3e9', 19, 'gearoil-p-temp', '°C', 'engine', 'Codesys', ''),
('00000000de16d3e9', 20, 'gearoil-p-press', 'bar', 'engine', 'Codesys', ''),
('00000000de16d3e9', 21, 'inlettemp-p', '°C', 'sensor', '/sys/bus/iio/devices/iio:device0/in_voltage2_raw', 'mode=adc,adp=2,min=-20,max=70'),
('00000000de16d3e9', 22, 'inlethum-p', '%', 'sensor', '/sys/bus/iio/devices/iio:device0/in_voltage3_raw', 'mode=adc,adp=3,min=0,max=100'),
('00000000de16d3e9', 23, 'ambpress-p', 'hPa', 'sensor', 'ShpManager', ''),
('00000000de16d3e9', 24, 'o2-p', '%', 'sensor', 'ShpManager', ''),
('00000000de16d3e9', 25, 'co2-p', '%', 'sensor', 'ShpManager', ''),
('00000000de16d3e9', 26, 'co-p', 'ppm', 'sensor', 'ShpManager', ''),
('00000000de16d3e9', 27, 'nox-p', 'ppm', 'sensor', 'ShpManager', ''),
('00000000de16d3e9', 28, 'no-p', 'ppm', 'sensor', 'ShpManager', ''),
('00000000de16d3e9', 29, 'no2-p', 'ppm', 'sensor', 'ShpManager', ''),
('00000000de16d3e9', 30, 'exhtemp-p-testo', '°C', 'sensor', 'ShpManager', ''),
('00000000de16d3e9', 31, 'pumpcap-p-testo', 'l/min', 'sensor', 'ShpManager', ''),
('00000000dec094f2', 0, 'flow-s-in', 'lph', 'sensor', '/dev/flow_starboard_supply', 'mode=flow,ppl=80'),
('00000000dec094f2', 1, 'flow-s-out', 'lph', 'sensor', '/dev/flow_starboard_return', 'mode=flow,ppl=80'),
('00000000dec094f2', 2, 'gps', 'lat:lon', 'sensor', 'ShpManager', 'device=/dev/ttyUSB0,baudrate=4800,stopbits=1,databits=8,parity=none,type=GPRMC,noise=100.0'),
('00000000dec094f2', 3, 'rpm-s-pcb', 'count', 'sensor', '/dev/rpm_starboard_rpm', 'mode=pu,adp=0,min=0,max=2000,teeth=136'),
('00000000dec094f2', 4, 'inlettemp-s', '°C', 'sensor', '/sys/bus/iio/devices/iio:device0/in_voltage0_raw', 'mode=adc,adp=0,min=-50,max=100'),
('00000000dec094f2', 5, 'inlethum-s', '%', 'sensor', '/sys/bus/iio/devices/iio:device0/in_voltage1_raw', 'mode=adc,adp=1,min=0,max=100'),
('00000000dec094f2', 6, 'ambpress-s', 'hPa', 'sensor', 'ShpManager', ''),
('00000000dec094f2', 7, 'o2-s', '%', 'sensor', 'ShpManager', ''),
('00000000dec094f2', 8, 'co2-s', '%', 'sensor', 'ShpManager', ''),
('00000000dec094f2', 9, 'co-s', 'ppm', 'sensor', 'ShpManager', ''),
('00000000dec094f2', 10, 'nox-s', 'ppm', 'sensor', 'ShpManager', ''),
('00000000dec094f2', 11, 'no-s', 'ppm', 'sensor', 'ShpManager', ''),
('00000000dec094f2', 12, 'no2-s', 'ppm', 'sensor', 'ShpManager', ''),
('00000000dec094f2', 13, 'exhtemp-s-testo', '°C', 'sensor', 'ShpManager', ''),
('00000000dec094f2', 14, 'pumpcap-s-testo', 'l/min', 'sensor', 'ShpManager', ''),
('00000000e1e9f07e', 0, 'flow-s-in', 'lph', 'sensor', '/dev/flow_starboard_supply', NULL),
('00000000e1e9f07e', 1, 'flow-s-out', 'lph', 'sensor', '/dev/flow_starboard_return', NULL),
('00000000e1e9f07e', 2, 'flow-p-in', 'lph', 'sensor', '/dev/flow_port_supply', NULL),
('00000000e1e9f07e', 3, 'flow-p-out', 'lph', 'sensor', '/dev/flow_port_return', NULL),
('00000000e1e9f07e', 4, 'gps', 'lat:lon', 'sensor', '/dev/ttyUSB0', NULL),
('00000000e1e9f07e', 5, 'temperature-s', 'count', 'sensor', '/sys/bus/iio/devices/iio:device0/in_voltage0_raw', NULL),
('00000000e1e9f07e', 6, 'humidity-s', 'count', 'sensor', '/sys/bus/iio/devices/iio:device0/in_voltage1_raw', NULL),
('00000000e1e9f07e', 7, 'temperature-p', 'count', 'sensor', '/sys/bus/iio/devices/iio:device0/in_voltage2_raw', NULL),
('00000000e1e9f07e', 8, 'humidity-s', 'count', 'sensor', '/sys/bus/iio/devices/iio:device0/in_voltage3_raw', NULL),
('00000000e1e9f07e', 9, 'rpm-p', 'count', 'sensor', '/sys/bus/iio/devices/iio:device0/in_voltage1_raw', NULL),
('00000000e1e9f07e', 10, 'rpm-s', 'count', 'sensor', '/sys/bus/iio/devices/iio:device0/in_voltage0_raw', NULL),
('00000000e1e9f07e', 11, 'flow-s-in', 'lph', 'engine', 'Codesys', NULL),
('00000000e1e9f07e', 12, 'flow-p-in', 'lph', 'engine', 'Codesys', NULL),
('00000000e1e9f07e', 13, 'flow-s-in', 'lph', 'sensor', 'Codesys', NULL),
('00000000e1e9f07e', 14, 'flow-s-out', 'lph', 'sensor', 'Codesys', NULL),
('00000000e1e9f07e', 15, 'flow-p-in', 'lph', 'sensor', 'Codesys', NULL),
('00000000e1e9f07e', 16, 'flow-p-out', 'lph', 'sensor', 'Codesys', NULL),
('00000000e1e9f07e', 17, 'rpm-s', 'rpm', 'engine', 'Codesys', NULL),
('00000000e1e9f07e', 18, 'rpm-p', 'rpm', 'engine', 'Codesys', NULL),
('00000000e1e9f07e', 19, 'load-s', '%', 'engine', 'Codesys', NULL),
('00000000e1e9f07e', 20, 'load-p', '%', 'engine', 'Codesys', NULL),
('00000000e1e9f07e', 21, 'exhtemp-s', '°C', 'engine', 'Codesys', NULL),
('00000000e1e9f07e', 22, 'exhtemp-p', '°C', 'engine', 'Codesys', NULL),
('00000000e1e9f07e', 23, 'turbopress-s', 'bar', 'engine', 'Codesys', NULL),
('00000000e1e9f07e', 24, 'turbopress-p', 'bar', 'engine', 'Codesys', NULL),
('00000000e1e9f07e', 25, 'turbotemp-s', '°C', 'engine', 'Codesys', NULL),
('00000000e1e9f07e', 26, 'turbotemp-p', '°C', 'engine', 'Codesys', NULL),
('00000000f53b1307', 0, 'flow-p-in', 'lph', 'sensor', '/dev/flow_port_supply', 'ldis=no,ldmin=1,mode=flow,ioinv=no,ppl=500,adp=1,min=0,max=2000'),
('00000000f53b1307', 1, 'flow-p-out', 'lph', 'sensor', '/dev/flow_port_return', 'ldis=no,ldmin=1,mode=flow,ioinv=no,ppl=500,adp=3,min=0,max=2000'),
('00000000f53b1307', 2, 'gps', 'lat:lon', 'sensor', 'ShpManager', 'device=/dev/USB-TR,baudrate=4800,stopbits=1,databits=8,parity=none,type=GPRMC,kalman=no,noise=1.0'),
('00000000f53b1307', 3, 'dbk', 'm', 'sensor', 'ShpManager', 'device=/dev/USB-TL,baudrate=4800,stopbits=1,databits=8,parity=none,type=SDDPT'),
('00000000f53b1307', 4, 'rpm-p-pcb', 'count', 'sensor', '/dev/rpm_port_rpm', 'ldis=no,ldmin=1,mode=pu,ioinv=no,adp=1,min=0,max=2000,teeth=113'),
('00000000f53b1307', 5, 'inlettemp-p', '°C', 'sensor', '/sys/bus/iio/devices/iio:device0/in_voltage2_raw', 'mode=adc,adp=2,min=-20,max=70'),
('00000000f53b1307', 6, 'inlethum-p', '%', 'sensor', '/sys/bus/iio/devices/iio:device0/in_voltage3_raw', 'mode=adc,adp=3,min=0,max=100'),
('00000000f53b1307', 7, 'ambpress-p', 'hPa', 'sensor', 'ShpManager', ''),
('00000000f53b1307', 8, 'o2-p', '%', 'sensor', 'ShpManager', ''),
('00000000f53b1307', 9, 'co2-p', '%', 'sensor', 'ShpManager', ''),
('00000000f53b1307', 10, 'co-p', 'ppm', 'sensor', 'ShpManager', ''),
('00000000f53b1307', 11, 'nox-p', 'ppm', 'sensor', 'ShpManager', ''),
('00000000f53b1307', 12, 'no-p', 'ppm', 'sensor', 'ShpManager', ''),
('00000000f53b1307', 13, 'no2-p', 'ppm', 'sensor', 'ShpManager', ''),
('00000000f53b1307', 14, 'exhtemp-p-testo', '°C', 'sensor', 'ShpManager', ''),
('00000000f53b1307', 15, 'pumpcap-p-testo', 'l/min', 'sensor', 'ShpManager', ''),
('00000000fc2e0ea2', 0, 'flow-p-in', 'lph', 'sensor', '/dev/flow_port_supply', 'ldis=no,ldmin=1,mode=flow,ioinv=no,ppl=80,adp=1,min=0,max=2000'),
('00000000fc2e0ea2', 1, 'gps', 'lat:lon', 'sensor', 'ShpManager', 'device=/dev/ttyUSB0,baudrate=4800,stopbits=1,databits=8,parity=none,type=GPRMC,kalman=no,noise=1.0'),
('00000000fc2e0ea2', 2, 'rpm-p-pcb', 'count', 'sensor', '/dev/flow_starboard_supply', 'ldis=yes,ldmin=200,mode=rpm,ioinv=no,adp=1,min=0,max=2000,teeth=60'),
('00000000fc2e0ea2', 3, 'inlettemp-p', '°C', 'sensor', '/sys/bus/iio/devices/iio:device0/in_voltage2_raw', 'mode=adc,adp=2,min=-20,max=70'),
('00000000fc2e0ea2', 4, 'inlethum-p', '%', 'sensor', '/sys/bus/iio/devices/iio:device0/in_voltage3_raw', 'mode=adc,adp=3,min=0,max=100'),
('00000000fc2e0ea2', 5, 'ambpress-p', 'hPa', 'sensor', 'ShpManager', ''),
('00000000fc2e0ea2', 6, 'o2-p', '%', 'sensor', 'ShpManager', ''),
('00000000fc2e0ea2', 7, 'co2-p', '%', 'sensor', 'ShpManager', ''),
('00000000fc2e0ea2', 8, 'co-p', 'ppm', 'sensor', 'ShpManager', ''),
('00000000fc2e0ea2', 9, 'nox-p', 'ppm', 'sensor', 'ShpManager', ''),
('00000000fc2e0ea2', 10, 'no-p', 'ppm', 'sensor', 'ShpManager', ''),
('00000000fc2e0ea2', 11, 'no2-p', 'ppm', 'sensor', 'ShpManager', ''),
('00000000fc2e0ea2', 12, 'exhtemp-p-testo', '°C', 'sensor', 'ShpManager', ''),
('00000000fc2e0ea2', 13, 'pumpcap-p-testo', 'l/min', 'sensor', 'ShpManager', '');

-- --------------------------------------------------------

--
-- Tabelstructuur voor tabel `migration`
--

CREATE TABLE `migration` (
  `version` varchar(180) COLLATE utf8_unicode_ci NOT NULL,
  `apply_time` int(11) DEFAULT NULL
) ENGINE=InnoDB DEFAULT CHARSET=utf8 COLLATE=utf8_unicode_ci;

--
-- Gegevens worden geëxporteerd voor tabel `migration`
--

INSERT INTO `migration` (`version`, `apply_time`) VALUES
('m000000_000000_base', 1435753331),
('m150701_120248_expand_vessel_data', 1435753356),
('m160816_083436_expand_ship_data', 1476102517),
('m161010_122625_ship_turbo', 1476103257),
('m161010_130638_engine_turbo', 1476104932),
('m161122_100102_marin_tripmanager', 1479809228),
('m170215_133259_imo_registration_to_varchar', 1487680172),
('m170315_132809_add_ship_has_teu_boolean', 1489584649),
('m180110_092605_create_user_preferences', 1515579292);

-- --------------------------------------------------------

--
-- Tabelstructuur voor tabel `obm`
--

CREATE TABLE `obm` (
  `obm_id` int(10) UNSIGNED NOT NULL,
  `name` varchar(255) COLLATE utf8_unicode_ci NOT NULL
) ENGINE=InnoDB DEFAULT CHARSET=utf8 COLLATE=utf8_unicode_ci;

--
-- Gegevens worden geëxporteerd voor tabel `obm`
--

INSERT INTO `obm` (`obm_id`, `name`) VALUES
(1, 'OBM Fuel'),
(2, 'OBM Engine'),
(3, 'OBM Emission');

-- --------------------------------------------------------

--
-- Tabelstructuur voor tabel `report_export`
--

CREATE TABLE `report_export` (
  `export_id` int(11) NOT NULL,
  `email` varchar(255) COLLATE utf8_unicode_ci NOT NULL,
  `code` varchar(255) COLLATE utf8_unicode_ci NOT NULL,
  `create_date_utc` datetime NOT NULL,
  `filename` varchar(255) COLLATE utf8_unicode_ci NOT NULL
) ENGINE=InnoDB DEFAULT CHARSET=utf8 COLLATE=utf8_unicode_ci;

--
-- Gegevens worden geëxporteerd voor tabel `report_export`
--

INSERT INTO `report_export` (`export_id`, `email`, `code`, `create_date_utc`, `filename`) VALUES
(308, 'jsteels@imperial-shipping.com', '5eQ9nY1X4XF-L3gr-uVmdLgkMaypP9aT', '2017-11-30 16:45:07', 'xFjW3DBW1B825_fv5hHj.csv');

-- --------------------------------------------------------

--
-- Tabelstructuur voor tabel `shipcategory`
--

CREATE TABLE `shipcategory` (
  `category_id` int(10) UNSIGNED NOT NULL,
  `company_id` int(10) UNSIGNED NOT NULL,
  `parent_category` int(11) DEFAULT '0',
  `name` varchar(255) COLLATE utf8_unicode_ci NOT NULL,
  `ordernumber` int(10) UNSIGNED NOT NULL
) ENGINE=InnoDB DEFAULT CHARSET=utf8 COLLATE=utf8_unicode_ci;

-- --------------------------------------------------------

--
-- Tabelstructuur voor tabel `ship_config`
--

CREATE TABLE `ship_config` (
  `ship_id` int(10) UNSIGNED NOT NULL,
  `config_key` varchar(255) COLLATE utf8_unicode_ci NOT NULL,
  `value` varchar(255) COLLATE utf8_unicode_ci DEFAULT NULL
) ENGINE=InnoDB DEFAULT CHARSET=utf8 COLLATE=utf8_unicode_ci;

--
-- Gegevens worden geëxporteerd voor tabel `ship_config`
--

INSERT INTO `ship_config` (`ship_id`, `config_key`, `value`) VALUES
(1, 'FLOWMETER_TYPE', 'blueco'),
(1, 'GPS_TYPE', 'GPRMC'),
(1, 'OBM_ENGINE_SOURCE', 'sensor'),
(2, 'FLOWMETER_TYPE', 'external'),
(2, 'GPS_TYPE', 'GPRMC'),
(2, 'OBM_ENGINE_SOURCE', 'sensor'),
(4, 'FLOWMETER_TYPE', 'blueco'),
(4, 'GPS_TYPE', 'GPRMC'),
(4, 'OBM_ENGINE_SOURCE', 'sensor'),
(5, 'FLOWMETER_TYPE', 'blueco'),
(5, 'GPS_TYPE', 'GPGGA'),
(5, 'OBM_ENGINE_SOURCE', 'sensor'),
(6, 'FLOWMETER_TYPE', 'blueco'),
(6, 'GPS_TYPE', 'GPRMC'),
(6, 'OBM_ENGINE_SOURCE', 'sensor'),
(7, 'FLOWMETER_TYPE', 'blueco'),
(7, 'GPS_TYPE', 'GPRMC'),
(7, 'OBM_ENGINE_SOURCE', 'sensor'),
(8, 'FLOWMETER_TYPE', 'blueco'),
(8, 'GPS_TYPE', 'GPRMC'),
(8, 'OBM_ENGINE_SOURCE', 'engine'),
(9, 'FLOWMETER_TYPE', 'blueco'),
(9, 'GPS_TYPE', 'GPRMC'),
(9, 'OBM_ENGINE_SOURCE', 'sensor'),
(10, 'FLOWMETER_TYPE', 'blueco'),
(10, 'GPS_TYPE', 'GPRMC'),
(10, 'OBM_ENGINE_SOURCE', 'sensor'),
(11, 'FLOWMETER_TYPE', 'blueco'),
(11, 'GPS_TYPE', 'GPRMC'),
(11, 'OBM_ENGINE_SOURCE', 'sensor'),
(12, 'FLOWMETER_TYPE', 'blueco'),
(12, 'GPS_TYPE', 'GPRMC'),
(12, 'OBM_ENGINE_SOURCE', 'engine'),
(13, 'FLOWMETER_TYPE', 'blueco'),
(13, 'GPS_TYPE', 'GPRMC'),
(13, 'OBM_ENGINE_SOURCE', 'engine'),
(14, 'FLOWMETER_TYPE', 'blueco'),
(14, 'GPS_TYPE', 'GPRMC'),
(14, 'OBM_ENGINE_SOURCE', 'sensor'),
(15, 'FLOWMETER_TYPE', 'blueco'),
(15, 'GPS_TYPE', 'GPRMC'),
(15, 'OBM_ENGINE_SOURCE', 'sensor'),
(16, 'FLOWMETER_TYPE', 'blueco'),
(16, 'GPS_TYPE', 'GPRMC'),
(16, 'OBM_ENGINE_SOURCE', 'sensor'),
(17, 'FLOWMETER_TYPE', 'engine'),
(17, 'GPS_TYPE', 'GPGGA'),
(17, 'OBM_ENGINE_SOURCE', 'engine'),
(18, 'FLOWMETER_TYPE', 'engine'),
(18, 'GPS_TYPE', 'GPRMC'),
(18, 'OBM_ENGINE_SOURCE', 'engine'),
(19, 'FLOWMETER_TYPE', 'blueco'),
(19, 'GPS_TYPE', 'GPRMC'),
(19, 'OBM_ENGINE_SOURCE', 'engine'),
(20, 'FLOWMETER_TYPE', 'blueco'),
(20, 'GPS_TYPE', 'GPRMC'),
(20, 'OBM_ENGINE_SOURCE', 'sensor'),
(21, 'FLOWMETER_TYPE', 'external'),
(21, 'GPS_TYPE', 'GPRMC'),
(21, 'OBM_ENGINE_SOURCE', 'sensor'),
(22, 'FLOWMETER_TYPE', 'blueco'),
(22, 'GPS_TYPE', 'GPRMC'),
(22, 'OBM_ENGINE_SOURCE', 'sensor'),
(23, 'FLOWMETER_TYPE', 'blueco'),
(23, 'GPS_TYPE', 'GPRMC'),
(23, 'OBM_ENGINE_SOURCE', 'engine'),
(24, 'FLOWMETER_TYPE', 'blueco'),
(24, 'GPS_TYPE', 'GPRMC'),
(24, 'OBM_ENGINE_SOURCE', 'engine'),
(25, 'FLOWMETER_TYPE', 'blueco'),
(25, 'GPS_TYPE', 'GPRMC'),
(25, 'OBM_ENGINE_SOURCE', 'engine'),
(26, 'FLOWMETER_TYPE', 'engine'),
(26, 'GPS_TYPE', 'GPRMC'),
(26, 'OBM_ENGINE_SOURCE', 'engine'),
(27, 'FLOWMETER_TYPE', 'blueco'),
(27, 'GPS_TYPE', 'GPRMC'),
(27, 'OBM_ENGINE_SOURCE', 'sensor'),
(28, 'FLOWMETER_TYPE', 'blueco'),
(28, 'GPS_TYPE', 'GPRMC'),
(28, 'OBM_ENGINE_SOURCE', 'sensor'),
(29, 'FLOWMETER_TYPE', 'blueco'),
(29, 'GPS_TYPE', 'GPRMC'),
(29, 'OBM_ENGINE_SOURCE', 'sensor'),
(30, 'FLOWMETER_TYPE', 'engine'),
(30, 'GPS_TYPE', 'GPRMC'),
(30, 'OBM_ENGINE_SOURCE', 'engine'),
(31, 'FLOWMETER_TYPE', 'blueco'),
(31, 'GPS_TYPE', 'GPRMC'),
(31, 'OBM_ENGINE_SOURCE', 'engine'),
(32, 'FLOWMETER_TYPE', 'blueco'),
(32, 'GPS_TYPE', 'GPRMC'),
(32, 'OBM_ENGINE_SOURCE', 'sensor'),
(33, 'FLOWMETER_TYPE', 'blueco'),
(33, 'GPS_TYPE', 'GPRMC'),
(33, 'OBM_ENGINE_SOURCE', 'engine');

-- --------------------------------------------------------

--
-- Tabelstructuur voor tabel `ship_note`
--

CREATE TABLE `ship_note` (
  `trip_note_id` int(10) UNSIGNED NOT NULL,
  `content` text COLLATE utf8_unicode_ci,
  `insert_date` datetime DEFAULT NULL,
  `ship_id` int(10) UNSIGNED NOT NULL
) ENGINE=InnoDB DEFAULT CHARSET=utf8 COLLATE=utf8_unicode_ci;

--
-- Gegevens worden geëxporteerd voor tabel `ship_note`
--

INSERT INTO `ship_note` (`trip_note_id`, `content`, `insert_date`, `ship_id`) VALUES
(1, 'Test 1', '2016-01-21 12:17:59', 1),
(2, 'Test 2', '2016-01-21 12:18:10', 1),
(3, 'Test 3', '2016-01-21 15:19:27', 1),
(4, 'Test 4', '2016-01-21 15:26:29', 1),
(5, 'STILGELEGEN VAN 22:00 TOT 06:30 UUR.', '2016-03-05 07:36:07', 1),
(6, 'tik in motor', '2016-03-25 11:19:47', 7),
(7, 'test', '2016-06-08 19:22:08', 10),
(8, 'Eerste echte proeftrip', '2016-06-30 13:58:52', 4),
(9, 'Doet ´t niet', '2016-07-02 13:08:22', 4),
(10, 'Router doet ´t wel.<br>Kastje met hard en software kan ik niet in kijken. <br>Flowmeter led flits keurig elke seconde op 900 toeren met nu geladen schip. Dus waarschijnlijk een software matig probleem.', '2016-07-02 13:22:15', 4),
(11, 'Geen wijziging in foutive weergave verbruik', '2016-07-03 05:58:56', 4),
(12, 'GPS werkt ook niet, zowel positie als snelheid', '2016-07-03 06:21:55', 4),
(13, 'Vol aan op de D\'Kil. Geen uitlezing. Led op de Florwmeter doetl het keurig, nu 1 flash per 1/2 seconde, regelmatig.', '2016-07-03 10:10:08', 4),
(14, 'Opstarten nieuwe triep geeft ook geen resultaat.<br>', '2016-07-03 10:14:34', 4),
(15, 'de hele zaak moet gereset worden, maar hoe?', '2016-07-03 13:22:00', 4),
(16, 'Tour gestartet in Duisburg Km 784<br>Pegel Oestrich: 223', '2016-07-13 16:59:04', 2),
(17, 'Pegel Oestrich:  273', '2016-07-16 06:12:01', 2),
(18, 'Pegel Oestrich:  267 (-10)', '2016-07-19 12:03:20', 2),
(19, 'Pegel Oestrich: 267 ( -10 )<br>', '2016-07-19 12:06:20', 2),
(20, 'Pegel Oestrich: 254 ( -13 )', '2016-07-20 12:08:43', 2),
(21, 'Pegel Oestrich: 242 ( -12 )', '2016-07-21 07:17:46', 2),
(22, 'Pegel Oestrich: 242 ( -12 )', '2016-07-21 07:17:56', 2),
(23, 'Pegel Oestrich: 242 ( -12 )', '2016-07-21 07:17:56', 2),
(24, 'Pegel Oestrich: 242 ( -12 )', '2016-07-21 07:17:57', 2),
(25, 'Pegel Oestrich: 242 ( -12 )', '2016-07-21 07:17:58', 2),
(26, 'Pegel Oestrich : 243 (  1 )', '2016-07-22 07:14:33', 2),
(27, 'Pegel Oestrich: 233 (-10 )', '2016-07-23 07:03:09', 2),
(28, 'Pegel Oestrich : 246 (  13 )', '2016-07-24 06:00:14', 2),
(29, 'De Rpm zijn weer dol', '2016-09-22 13:20:47', 15),
(30, 'nix gut', '2016-10-02 16:35:27', 2),
(31, 'bij deze reis is het schip gelijk lastig geladen.<br>het stuurd moeilijk en het loopt slechter.<br>bij andere reizen laden we 10 cm voor over en dan loopt het schip beter weg dus meer snelheid', '2016-11-30 07:21:04', 10),
(32, 'met vloed mee dus voor stroom half geladen', '2016-12-13 13:40:08', 10),
(33, '30-12-2016 Stuurboord motor geeft dubbele brandstof verbruik aan.<br>Omgevingsdruk staat altijd op 1013 HPA', '2016-12-30 07:37:19', 15),
(34, 'Trip   1       Wdam           Doel', '2017-01-25 15:31:36', 21),
(35, '2017     2', '2017-01-26 09:01:00', 21),
(36, '5    R Dam         Ravenswaaij', '2017-02-02 05:48:00', 21),
(37, 'Ravenswaaij           Heerewaarden', '2017-02-02 08:47:35', 21),
(38, '6   2017    heerewaarden        Rdam', '2017-02-02 14:03:19', 21),
(39, 'Reis 7     Rdam    Doel    Leeg', '2017-02-06 11:22:43', 21),
(40, 'reis  8  Hedel  Heerew     Schravendeel', '2017-02-07 12:32:56', 21),
(41, '2<br>', '2017-02-27 15:40:13', 11),
(42, 'diepte 7 meter', '2017-02-28 04:36:02', 11),
(43, 'diepte 6 meter<br>', '2017-02-28 04:46:27', 11),
(44, '1620 max', '2017-02-28 05:22:33', 11),
(45, '2 meter diep', '2017-02-28 07:47:50', 11),
(46, '4 meter diepte', '2017-02-28 08:11:50', 11),
(47, 'diepte 2.50 meter', '2017-02-28 08:22:55', 11),
(48, 'diepte 2 meter', '2017-02-28 08:29:22', 11),
(49, '1604 max', '2017-02-28 08:33:10', 11),
(50, 'met andere branstof gaan varen', '2017-04-07 11:10:18', 10),
(51, 'Op 09-04-2017 2773 ton containers bij geladen', '2017-04-09 14:03:32', 19),
(52, 'tonnen vergeten : tot liht oyen  was het 474', '2017-04-12 09:12:42', 10),
(53, 'geht nicht', '2017-06-07 16:52:14', 2),
(54, 'geht immer noch nicht', '2017-06-07 16:52:39', 2),
(55, 'leeg afvarig van de werf te heusden naar zwijndrecht om te bunkeren, aansluiten naar de geulhaven', '2017-09-05 13:27:36', 30),
(56, 'bij mpd de haven in voor ene korte instelling', '2017-09-05 15:55:23', 30),
(57, 'Neue Reise - Bergfahrt     Rotterdam-Worms   <br>Beladen mit 1300Ton        Tiefgang 208cm', '2017-09-06 18:54:13', 30),
(58, 'reise Rotterdam - Marl    mit   2000 Ton', '2017-10-04 12:43:11', 30),
(59, 'Reise Rotterdam - Frankfurt a/Main<br>mit 1500Ton', '2017-10-07 18:42:01', 30),
(60, 'uit val gehed', '2017-11-16 14:56:56', 10);

-- --------------------------------------------------------

--
-- Tabelstructuur voor tabel `ship_obm`
--

CREATE TABLE `ship_obm` (
  `ship_id` int(10) UNSIGNED NOT NULL,
  `obm_id` int(10) UNSIGNED NOT NULL
) ENGINE=InnoDB DEFAULT CHARSET=utf8 COLLATE=utf8_unicode_ci;

--
-- Gegevens worden geëxporteerd voor tabel `ship_obm`
--

INSERT INTO `ship_obm` (`ship_id`, `obm_id`) VALUES
(1, 1),
(2, 1),
(2, 2),
(4, 1),
(4, 2),
(4, 3),
(5, 1),
(5, 2),
(5, 3),
(6, 1),
(7, 1),
(8, 1),
(8, 2),
(8, 3),
(9, 1),
(9, 2),
(10, 1),
(10, 2),
(10, 3),
(11, 1),
(11, 2),
(11, 3),
(12, 1),
(12, 2),
(12, 3),
(13, 1),
(13, 2),
(13, 3),
(14, 1),
(14, 2),
(14, 3),
(15, 1),
(15, 2),
(15, 3),
(16, 1),
(17, 1),
(17, 2),
(17, 3),
(18, 1),
(18, 2),
(18, 3),
(19, 1),
(19, 2),
(19, 3),
(20, 1),
(20, 2),
(20, 3),
(21, 1),
(21, 2),
(21, 3),
(22, 1),
(22, 2),
(22, 3),
(23, 1),
(23, 2),
(24, 1),
(24, 2),
(25, 1),
(25, 2),
(25, 3),
(26, 1),
(26, 2),
(27, 3),
(28, 1),
(28, 2),
(29, 1),
(29, 2),
(29, 3),
(30, 1),
(30, 2),
(30, 3),
(31, 1),
(31, 2),
(31, 3),
(32, 1),
(32, 2),
(32, 3),
(33, 1),
(33, 2),
(33, 3);

-- --------------------------------------------------------

--
-- Tabelstructuur voor tabel `ship_user`
--

CREATE TABLE `ship_user` (
  `ship_id` int(10) UNSIGNED NOT NULL,
  `user_id` int(10) UNSIGNED NOT NULL
) ENGINE=InnoDB DEFAULT CHARSET=utf8 COLLATE=utf8_unicode_ci;

--
-- Gegevens worden geëxporteerd voor tabel `ship_user`
--

INSERT INTO `ship_user` (`ship_id`, `user_id`) VALUES
(2, 13),
(2, 35),
(2, 36),
(4, 48),
(4, 49),
(8, 25),
(10, 10),
(10, 12),
(12, 32),
(13, 32),
(23, 40),
(24, 40),
(25, 44),
(30, 52),
(30, 53),
(30, 54);

-- --------------------------------------------------------

--
-- Tabelstructuur voor tabel `trip`
--

CREATE TABLE `trip` (
  `trip_id` int(10) UNSIGNED NOT NULL,
  `ship_id` int(10) UNSIGNED DEFAULT NULL,
  `tripnumber` varchar(255) COLLATE utf8_unicode_ci NOT NULL,
  `trip_start` datetime DEFAULT NULL,
  `trip_stop` datetime DEFAULT NULL
) ENGINE=InnoDB DEFAULT CHARSET=utf8 COLLATE=utf8_unicode_ci;

--
-- Gegevens worden geëxporteerd voor tabel `trip`
--

INSERT INTO `trip` (`trip_id`, `ship_id`, `tripnumber`, `trip_start`, `trip_stop`) VALUES
(1, 1, 'test 1', '2015-10-01 00:00:00', NULL),
(3, 1, '12 wk 3', '2016-01-19 08:25:00', '2016-01-19 21:00:00'),
(4, 1, '13 wk 3', '2016-01-20 05:56:48', '2016-01-20 11:57:31'),
(5, 1, '14 wk 3', '2016-01-20 13:45:55', '2016-01-20 21:22:55'),
(6, 1, '15 wk 3', '2016-01-21 08:28:36', '2016-01-21 21:11:49'),
(7, 1, '22.6', '2016-01-22 01:51:33', '2016-01-22 12:22:04'),
(8, 1, '17 wk 3', '2016-01-22 15:52:26', '2016-01-23 01:33:35'),
(9, 1, '18 wk 3', '2016-01-23 04:36:37', '2016-01-23 11:29:56'),
(10, 1, '19 wk 3', '2016-01-23 13:29:24', '2016-01-23 21:05:31'),
(11, 1, '11 wk 4', '2016-01-23 21:06:07', '2016-01-24 04:08:49'),
(12, 1, '21 wk 4', '2016-01-24 09:03:21', '2016-01-24 15:53:20'),
(13, 1, '12/22 wk 4', '2016-01-24 20:45:44', '2016-01-25 15:42:05'),
(14, 1, '13 wk 4', '2016-01-25 16:09:13', '2016-01-26 01:38:09'),
(15, 1, '24 wk 4', '2016-01-26 07:55:45', '2016-01-26 15:37:48'),
(16, 1, '25 wk 4', '2016-01-26 17:32:24', '2016-01-27 01:03:14'),
(17, 1, 'wk 4 reis 16', '2016-01-27 01:12:53', '2016-01-27 07:49:59'),
(18, 1, '27 wk 5', '2016-02-01 11:51:57', '2016-02-01 18:59:46'),
(19, 1, '28 wk 5', '2016-02-01 20:22:55', '2016-02-02 06:09:43'),
(20, 1, '29 wk 5', '2016-02-02 13:09:43', '2016-02-02 19:12:33'),
(21, 1, '30 wk 5', '2016-02-02 21:48:13', '2016-02-03 04:55:39'),
(22, 1, '31 wk 5', '2016-02-03 14:39:10', '2016-02-03 21:16:00'),
(23, 1, '32/6 wk 5', '2016-02-03 23:02:07', '2016-02-04 09:50:15'),
(24, 1, '33 wk 5', '2016-02-04 14:56:08', '2016-02-04 22:25:59'),
(25, 1, '35/9 wk 5', '2016-02-05 01:17:36', '2016-02-05 08:18:14'),
(26, 1, '35 wk 5', '2016-02-05 15:39:05', '2016-02-05 22:14:54'),
(27, 1, '37-11-wk 5', '2016-02-06 00:50:14', '2016-02-06 08:40:28'),
(28, 1, '37 wk 5', '2016-02-06 14:44:04', '2016-02-06 22:36:28'),
(29, 1, '39/13 wk 6', '2016-02-07 00:29:51', '2016-02-07 07:40:11'),
(30, 1, '39 wk 6', '2016-02-07 09:33:25', '2016-02-07 15:28:13'),
(31, 1, '40-14 wk 6', '2016-02-07 21:02:37', '2016-02-08 08:25:26'),
(32, 1, '41 wk 6', '2016-02-09 08:32:23', '2016-02-09 16:32:08'),
(33, 1, '42 wk 6', '2016-02-09 20:24:09', '2016-02-10 05:19:33'),
(34, 1, '43 wk 7', '2016-02-15 14:52:08', '2016-02-16 04:51:32'),
(35, 1, '44/2 wk 7', '2016-02-16 04:52:17', '2016-02-16 12:08:35'),
(36, 1, '46/4 wk 7', '2016-02-16 16:38:31', '2016-02-16 23:48:49'),
(37, 1, '46 wk 7', '2016-02-17 10:24:17', '2016-02-17 18:42:29'),
(38, 1, '47/5 wk 7', '2016-02-18 11:29:15', '2016-02-18 20:25:07'),
(39, 1, '48/6 wk 7', '2016-02-19 00:11:01', '2016-02-19 07:54:19'),
(40, 1, '49 wk 7', '2016-02-19 12:10:23', '2016-02-19 18:58:02'),
(41, 1, '52/10 wk 7', '2016-02-20 00:17:41', '2016-02-20 06:38:58'),
(42, 1, '51 wk 7', '2016-02-20 12:41:45', '2016-02-20 20:30:52'),
(43, 1, '52/10 wk 7', '2016-02-21 04:06:59', '2016-02-21 13:06:42'),
(44, 1, '53 wk 8', '2016-02-21 15:30:12', '2016-02-21 23:10:37'),
(45, 1, '54 wk 8', '2016-02-22 04:03:57', '2016-02-22 12:55:07'),
(46, 1, '13 wk 8', '2016-02-22 17:28:55', '2016-02-23 00:55:30'),
(47, 1, '56/14 wk 8', '2016-02-23 00:56:12', '2016-02-23 08:45:04'),
(48, 1, '57 wk 8', '2016-02-23 15:48:07', '2016-02-23 21:33:16'),
(49, 1, '58/ wk 8', '2016-02-24 13:07:16', '2016-02-24 19:41:39'),
(50, 1, '59 wk 9', '2016-02-29 13:54:16', '2016-02-29 22:42:37'),
(51, 1, '60 wk 9', '2016-03-01 10:08:28', '2016-03-01 18:37:39'),
(52, 1, '61 wk 9', '2016-03-02 10:55:44', '2016-03-02 19:41:01'),
(53, 1, '62 wk 9', '2016-03-03 15:00:23', '2016-03-03 22:38:23'),
(54, 1, '64/6 wjk 9', '2016-03-04 02:05:48', '2016-03-04 07:54:42'),
(55, 1, '64 wk 9', '2016-03-04 09:29:38', '2016-03-04 15:18:42'),
(56, 1, '65 wk 9', '2016-03-04 18:58:25', '2016-03-05 13:01:39'),
(57, 1, '66 wk 9', '2016-03-05 15:57:21', '2016-03-06 05:46:29'),
(58, 1, '67 wk 10', '2016-03-06 05:46:45', '2016-03-06 17:46:42'),
(59, 1, '68 wk 10', '2016-03-06 17:47:04', '2016-03-07 05:44:03'),
(60, 1, '69 wk 10', '2016-03-07 12:10:33', '2016-03-07 20:45:54'),
(61, 1, '70 wk 10', '2016-03-08 05:02:32', '2016-03-08 17:52:49'),
(62, 1, '71 wk 10', '2016-03-08 17:53:13', '2016-03-09 02:12:13'),
(63, 1, '72 wk 10', '2016-03-09 02:12:35', '2016-03-09 09:58:31'),
(65, 1, '73 wk 11', '2016-03-14 12:53:39', '2016-03-15 01:51:13'),
(66, 1, '74 wk 11', '2016-03-15 04:51:50', '2016-03-15 17:20:26'),
(68, 1, '75 wk 11', '2016-03-15 17:21:12', '2016-03-16 03:34:07'),
(69, 1, '76 wk 11', '2016-03-16 04:04:48', '2016-03-16 15:36:00'),
(70, 1, '77 wk 11', '2016-03-16 17:25:56', '2016-03-17 00:44:14'),
(71, 1, '78 wk 11', '2016-03-17 10:33:16', '2016-03-17 16:57:04'),
(72, 1, '79 wk 11', '2016-03-18 03:34:39', '2016-03-18 10:45:17'),
(73, 1, '80 wk 11', '2016-03-18 16:47:39', '2016-03-19 00:54:09'),
(76, 1, '81/9 wk 11', '2016-03-19 01:14:19', '2016-03-19 06:44:45'),
(77, 1, '82 wk 12', '2016-03-20 10:43:41', '2016-03-20 16:17:26'),
(78, 1, '83 wk 12', '2016-03-20 17:48:40', '2016-03-20 23:22:02'),
(79, 1, '84 wk 12', '2016-03-21 03:58:37', '2016-03-21 13:47:21'),
(80, 1, '85 wk 12', '2016-03-21 18:41:05', '2016-03-22 05:57:13'),
(81, 1, '86 wk 12', '2016-03-22 08:46:51', '2016-03-22 16:23:50'),
(82, 1, '87 wk 12', '2016-03-22 17:57:45', '2016-03-23 00:21:41'),
(83, 1, '88 wk 12', '2016-03-23 05:10:50', '2016-03-23 13:41:59'),
(85, 7, 'test', '2016-03-25 11:19:07', '2016-03-25 11:20:57'),
(86, 7, 'test 1', '2016-03-26 12:44:17', '2016-03-26 14:40:20'),
(87, 1, '90/2 wk 18', '2016-03-30 01:13:48', '2016-03-30 08:26:22'),
(88, 7, 'test2', '2016-03-30 13:33:35', '2016-03-30 14:00:30'),
(89, 1, '91 wk 13', '2016-03-30 15:24:13', '2016-03-30 22:01:15'),
(90, 1, '92/3 wk 13 leeg', '2016-03-30 22:02:23', '2016-03-31 11:52:57'),
(91, 1, '93 wk 13', '2016-03-31 11:53:19', '2016-03-31 20:03:14'),
(92, 1, '94 wk 13', '2016-04-01 03:51:58', '2016-04-01 10:40:29'),
(93, 7, 'test2', '2016-04-01 07:24:19', '2016-04-04 19:49:54'),
(94, 2, '', '2016-04-01 09:14:16', '2016-07-13 10:19:12'),
(95, 1, '95 wk 13', '2016-04-01 16:43:01', '2016-04-02 05:38:48'),
(96, 1, '96 wk 13', '2016-04-02 05:39:06', '2016-04-02 11:44:36'),
(97, 1, '97 wk 13', '2016-04-02 13:38:08', '2016-04-04 01:27:25'),
(98, 1, '98 wk 14', '2016-04-04 01:30:15', '2016-04-04 14:17:18'),
(100, 1, '99 wk 14', '2016-04-04 16:16:34', '2016-04-04 23:14:08'),
(101, 1, '100 wk 14', '2016-04-05 04:19:57', '2016-04-05 13:10:28'),
(102, 1, '102 wk 15', '2016-04-11 15:45:49', '2016-04-12 03:27:31'),
(103, 1, '102 wk 15', '2016-04-12 04:28:45', '2016-04-12 10:56:34'),
(104, 1, '103 wk 15', '2016-04-12 15:41:21', '2016-04-13 04:46:12'),
(105, 1, '104 wk 15', '2016-04-13 07:06:20', '2016-04-13 13:44:38'),
(106, 1, '105 wk 15', '2016-04-13 15:52:39', '2016-04-13 22:03:10'),
(107, 1, '106 wk 15', '2016-04-14 06:44:05', '2016-04-14 12:22:36'),
(108, 1, '107 wk 15', '2016-04-14 17:59:37', NULL),
(109, 7, '1 Henglo-Adam', '2016-04-20 10:30:13', '2016-04-21 16:36:16'),
(111, 8, 'test2', '2016-04-25 20:18:59', '2016-04-26 18:18:03'),
(112, 7, '2', '2016-04-26 03:22:11', '2016-04-27 10:45:14'),
(113, 8, 'test4', '2016-04-27 13:30:52', '2016-05-09 17:16:56'),
(119, 8, '1', '2016-05-09 17:30:29', '2016-05-10 15:32:37'),
(120, 8, '2', '2016-05-10 18:25:29', '2016-05-11 15:15:37'),
(121, 2, '', '2016-04-01 09:14:16', '2016-07-13 10:19:12'),
(122, 2, '', '2016-04-01 09:14:16', '2016-07-13 10:19:12'),
(123, 2, '', '2016-04-01 09:14:16', '2016-07-13 10:19:12'),
(124, 8, '3', '2016-05-11 15:56:47', '2016-05-12 15:00:50'),
(125, 8, '4', '2016-05-12 15:49:44', '2016-05-13 15:54:43'),
(126, 8, '5', '2016-05-13 15:58:00', '2016-05-17 16:00:00'),
(127, 7, '4', '2016-05-10 04:21:38', '2016-05-23 13:57:58'),
(128, 8, '6', '2016-05-17 17:00:00', '2016-05-18 15:55:00'),
(129, 8, '7', '2016-05-18 16:00:00', '2016-05-19 16:55:18'),
(130, 8, '8', '2016-05-19 16:55:43', '2016-05-20 18:30:00'),
(131, 8, '9', '2016-05-20 18:30:44', '2016-05-23 16:45:00'),
(132, 8, '10', '2016-05-24 18:00:27', '2016-05-26 18:46:59'),
(133, 8, '11', '2016-05-26 19:00:00', '2016-05-28 12:09:54'),
(134, 8, '12', '2016-05-28 12:15:00', '2016-05-30 20:00:00'),
(135, 8, '13', '2016-05-30 20:30:00', '2016-06-02 12:00:00'),
(136, 9, '354523', '2016-05-31 20:17:56', '2016-06-04 18:04:04'),
(137, 8, '14', '2016-06-02 12:31:00', '2016-06-03 18:54:23'),
(138, 8, '15', '2016-06-03 21:01:31', '2016-06-10 11:15:00'),
(139, 7, '4', '2016-06-03 12:48:03', '2016-06-08 16:15:00'),
(140, 8, '16', '2016-06-10 11:15:45', '2016-06-13 13:30:00'),
(141, 1, '163 / 1 wk 23', '2016-06-06 12:57:48', '2016-06-06 19:34:51'),
(142, 1, '164/2 wk 23', '2016-06-07 10:31:49', '2016-06-07 20:51:22'),
(143, 9, '354528', '2016-06-07 11:13:40', '2016-06-10 17:43:48'),
(144, 1, '166/4 wk 23', '2016-06-07 20:52:32', '2016-06-08 07:38:45'),
(145, 1, '166/4 wk 23', '2016-06-08 09:44:51', '2016-06-08 18:09:41'),
(146, 10, 'test', '2016-06-08 19:21:12', '2016-06-08 19:22:30'),
(147, 10, '38', '2016-06-08 19:58:28', '2016-06-10 05:33:12'),
(148, 1, '168/6 wk 23', '2016-06-09 13:19:43', '2016-06-24 21:19:15'),
(149, 10, '38', '2016-06-10 05:33:41', '2016-06-15 07:46:42'),
(150, 9, '354846', '2016-06-12 07:47:11', '2016-06-26 12:08:51'),
(152, 8, '17', '2016-06-13 14:10:05', '2016-06-17 14:30:00'),
(153, 7, 'test5', '2016-06-15 03:19:07', '2016-06-17 09:22:23'),
(154, 10, '39', '2016-06-15 07:47:06', '2016-06-17 07:31:21'),
(155, 10, '40', '2016-06-17 07:31:48', '2016-06-21 07:38:29'),
(156, 8, '18', '2016-06-17 14:30:00', '2016-06-20 22:00:00'),
(157, 10, '41', '2016-06-21 07:38:58', '2016-06-23 06:04:59'),
(158, 10, '42', '2016-06-23 06:05:25', '2016-06-29 08:35:00'),
(159, 2, 'test', '2016-06-24 06:12:50', '2016-06-24 07:14:23'),
(160, 8, '20', '2016-06-24 15:29:48', '2016-06-29 12:15:00'),
(161, 1, '169 wk 25', '2016-06-24 21:19:49', '2016-06-25 06:55:27'),
(162, 1, '170 wk 25', '2016-06-25 06:55:50', '2016-06-25 19:26:45'),
(163, 1, '171 wk 25', '2016-06-25 20:03:43', '2016-06-26 09:55:06'),
(164, 1, '172 wk 26', '2016-06-26 11:53:19', '2016-06-27 03:13:45'),
(165, 9, '355295', '2016-06-26 12:10:55', '2016-07-01 10:23:11'),
(166, 1, '173 wk 26', '2016-06-27 14:42:59', '2016-06-27 20:58:43'),
(167, 1, '174 wk 26', '2016-06-28 10:22:49', '2016-06-28 20:34:31'),
(168, 1, '174 wk 26', '2016-06-28 10:22:49', '2016-06-28 20:34:31'),
(169, 1, '176 wk 26', '2016-06-28 20:36:00', '2016-06-29 04:03:11'),
(170, 10, '44', '2016-06-29 06:59:25', '2016-07-05 13:39:10'),
(171, 8, '19', '2016-06-21 06:00:00', '2016-06-24 13:15:00'),
(173, 8, '21', '2016-06-29 12:30:22', '2016-07-04 13:30:38'),
(174, 2, '1', '2016-06-30 12:32:31', '2016-06-30 13:55:44'),
(175, 4, '24 L', '2016-06-30 13:58:22', '2016-07-02 11:45:44'),
(176, 9, '355274', '2016-07-01 10:23:46', '2016-07-08 06:46:09'),
(177, 2, '2', '2016-07-01 21:45:35', '2016-07-04 20:32:58'),
(179, 4, '24g2', '2016-07-03 10:13:27', '2016-07-04 14:00:00'),
(180, 1, '177 wk 27', '2016-07-04 17:42:02', '2016-07-05 07:24:33'),
(181, 8, '22', '2016-07-04 13:38:21', '2016-07-12 08:08:58'),
(182, 1, '178 wk 27', '2016-07-05 07:24:50', '2016-07-05 16:37:56'),
(183, 10, '45', '2016-07-05 13:40:01', '2016-07-11 05:01:59'),
(184, 1, '179 wk 27', '2016-07-05 16:38:19', '2016-07-06 06:52:54'),
(185, 2, '2', '2016-07-06 06:05:33', '2016-07-13 06:11:32'),
(186, 1, '180 wk 27', '2016-07-06 06:55:33', '2016-07-06 17:38:56'),
(187, 4, '25L', '2016-07-06 10:45:08', '2016-07-07 15:00:00'),
(188, 1, '', '2016-07-06 17:39:13', NULL),
(189, 4, '25G', '2016-07-07 13:10:07', '2016-07-11 07:32:19'),
(190, 1, '182 wk 27', '2016-07-07 15:42:51', '2016-07-08 04:45:41'),
(191, 1, '183 wk 27', '2016-07-08 04:46:08', '2016-07-08 11:07:24'),
(192, 1, '184 wk 27', '2016-07-08 18:25:58', '2016-07-09 10:46:37'),
(193, 1, '185 wk 27', '2016-07-09 10:46:54', '2016-07-09 19:15:47'),
(194, 1, '186 wk 28', '2016-07-10 04:01:33', '2016-07-10 09:42:47'),
(195, 1, '187 wk 28', '2016-07-10 11:39:39', '2016-07-10 19:08:13'),
(196, 10, '46', '2016-07-11 05:03:26', '2016-07-14 06:57:43'),
(197, 1, '188 wk 28', '2016-07-11 16:29:02', '2016-07-11 21:59:00'),
(198, 1, '189 wk 28', '2016-07-12 04:30:51', '2016-07-12 11:43:57'),
(199, 8, '23', '2016-07-12 08:10:43', '2016-07-15 14:06:11'),
(201, 4, '26L', '2016-07-12 11:45:14', '2016-08-03 14:03:33'),
(202, 2, '1', '2016-07-13 08:46:39', '2016-07-13 10:19:09'),
(203, 2, '2', '2016-07-13 10:19:55', '2016-07-13 16:56:28'),
(204, 2, '2018003', '2016-07-13 16:57:05', '2016-07-19 12:04:52'),
(205, 10, '47', '2016-07-14 06:58:37', '2016-07-21 08:07:31'),
(206, 8, '24', '2016-07-15 14:07:07', '2016-07-21 11:30:26'),
(207, 2, '2018004', '2016-07-19 12:05:48', '2016-08-18 07:21:59'),
(208, 9, '355425', '2016-07-19 11:37:48', '2016-07-25 00:51:03'),
(209, 10, '48', '2016-07-21 08:07:56', '2016-07-25 15:24:22'),
(210, 8, '25', '2016-07-21 11:38:05', '2016-07-26 12:21:56'),
(211, 9, '355445', '2016-07-25 00:52:09', '2016-08-02 17:15:44'),
(212, 10, '49', '2016-07-25 15:24:43', '2016-07-28 12:13:57'),
(213, 8, '26', '2016-07-26 12:22:43', '2016-08-01 10:15:19'),
(214, 10, '50', '2016-07-28 12:14:21', '2016-08-01 11:51:02'),
(215, 8, '27', '2016-08-01 10:16:55', '2016-08-06 10:31:55'),
(219, 10, '52', '2016-08-01 11:51:23', '2016-08-02 08:13:30'),
(220, 10, '53', '2016-08-02 08:13:58', '2016-08-05 08:20:28'),
(221, 9, '355543', '2016-08-02 17:16:16', '2016-08-18 13:55:51'),
(222, 4, '26', '2016-08-03 14:04:11', '2016-08-05 14:51:17'),
(223, 10, '55', '2016-08-05 08:21:28', '2016-08-08 08:55:24'),
(225, 8, '28', '2016-08-06 10:33:12', '2016-08-12 13:12:01'),
(226, 10, '56', '2016-08-08 08:56:12', '2016-08-09 09:36:00'),
(227, 4, '27', '2016-08-08 10:20:31', '2016-08-09 08:04:20'),
(228, 4, '27G', '2016-08-09 08:08:48', '2016-08-10 11:38:33'),
(229, 10, '57', '2016-08-09 09:36:21', '2016-08-10 13:29:05'),
(230, 4, '', '2016-08-10 11:38:57', NULL),
(231, 10, '58', '2016-08-10 13:29:28', '2016-08-11 14:33:57'),
(232, 10, '59', '2016-08-11 14:34:18', '2016-08-31 10:09:17'),
(233, 4, '28G', '2016-08-11 15:42:44', '2016-08-14 13:17:50'),
(234, 8, '29', '2016-08-12 13:13:59', '2016-08-22 21:45:19'),
(235, 8, '30', '2016-08-22 21:50:59', '2016-08-27 17:00:19'),
(236, 4, '29L', '2016-08-16 06:08:41', '2016-08-16 17:19:25'),
(237, 4, '29G', '2016-08-16 17:19:48', '2016-08-19 09:49:15'),
(238, 4, '30L', '2016-08-19 09:49:43', '2016-08-29 15:32:02'),
(239, 2, '09', '2016-08-23 13:34:10', NULL),
(240, 8, '31', '2016-08-27 17:00:29', '2016-08-30 20:30:15'),
(241, 8, '32', '2016-08-30 20:30:30', '2016-08-31 18:00:00'),
(242, 9, '356436', '2016-08-24 19:39:23', '2016-09-04 09:41:40'),
(243, 8, '33', '2016-08-31 18:00:00', '2016-09-01 18:20:00'),
(244, 8, '34', '2016-09-01 18:00:00', '2016-09-02 16:00:00'),
(245, 8, '35', '2016-09-02 16:00:00', '2016-09-04 17:15:36'),
(246, 8, '36', '2016-09-05 17:15:36', '2016-09-06 18:15:36'),
(247, 4, '30G', '2016-08-29 15:33:10', '2016-09-01 14:42:08'),
(248, 8, '37', '2016-09-06 18:15:36', '2016-09-07 15:20:00'),
(249, 8, '38', '2016-09-07 15:20:00', '2016-09-08 16:05:00'),
(250, 8, '39', '2016-09-08 16:05:00', '2016-09-09 17:08:00'),
(251, 10, '60', '2016-08-31 10:09:39', '2016-09-06 14:27:31'),
(252, 4, '31L', '2016-09-01 14:42:30', '2016-09-04 14:57:24'),
(253, 9, '354664', '2016-09-04 09:42:12', '2016-09-20 23:44:10'),
(254, 4, '31G', '2016-09-04 14:57:53', '2016-09-08 10:31:11'),
(255, 2, '10', '2016-09-04 15:26:40', '2016-09-22 14:21:45'),
(256, 2, '10', '2016-09-04 15:28:26', '2016-09-22 14:21:45'),
(257, 8, '40', '2016-09-09 17:08:00', '2016-09-12 17:55:00'),
(258, 8, '41', '2016-09-12 17:55:00', '2016-09-13 16:45:00'),
(259, 8, '42', '2016-09-13 17:55:00', '2016-09-19 11:15:00'),
(260, 10, '61', '2016-09-06 14:28:34', '2016-09-12 12:55:56'),
(261, 4, '32G', '2016-09-08 10:31:38', '2016-09-14 06:05:52'),
(262, 10, '62', '2016-09-12 12:56:27', '2016-09-15 19:22:15'),
(263, 4, '33L', '2016-09-14 06:06:16', '2016-09-14 18:27:22'),
(264, 4, '33G', '2016-09-15 16:34:25', '2016-09-20 07:58:10'),
(265, 8, '43', '2016-09-19 11:15:00', '2016-09-25 07:30:00'),
(266, 10, '63', '2016-09-15 19:22:50', '2016-09-27 07:16:58'),
(267, 8, '44', '2016-09-25 07:30:00', '2016-10-01 11:10:00'),
(268, 4, '34L', '2016-09-20 07:58:28', '2016-09-20 15:35:44'),
(269, 4, '34G', '2016-09-20 15:36:08', '2016-09-22 08:36:36'),
(270, 9, '356495', '2016-09-20 23:45:04', '2016-09-25 11:40:55'),
(271, 16, '1', '2016-09-21 09:52:11', '2016-09-21 09:54:26'),
(272, 16, 'Test', '2016-09-21 10:21:17', NULL),
(273, 15, '0', '2016-09-21 12:46:36', NULL),
(274, 4, '35L', '2016-09-22 08:37:04', '2016-09-23 15:07:21'),
(275, 2, '13', '2016-09-22 14:22:25', '2016-10-01 16:33:55'),
(276, 11, '1', '2016-09-23 03:06:22', NULL),
(277, 4, '34G', '2016-09-23 15:07:48', '2016-09-28 08:10:13'),
(278, 9, '356500', '2016-09-25 11:41:17', '2016-10-01 05:37:26'),
(279, 10, '', '2016-09-27 07:17:25', '2017-10-16 12:49:43'),
(280, 10, '65', '2016-09-28 05:48:36', '2016-09-30 07:14:42'),
(281, 4, '36L', '2016-09-28 12:35:22', '2016-10-03 17:01:53'),
(282, 10, '66', '2016-09-30 07:15:26', '2016-10-04 07:22:38'),
(283, 9, '356504', '2016-10-01 05:38:06', '2016-10-05 05:39:57'),
(284, 2, '14', '2016-10-02 16:33:27', '2017-01-12 14:04:16'),
(285, 10, '67', '2016-10-04 07:22:56', '2016-10-06 08:48:20'),
(286, 9, '356508', '2016-10-05 05:40:31', '2016-10-15 21:47:14'),
(287, 4, '36G', '2016-10-05 08:06:03', '2016-10-06 13:32:01'),
(288, 10, '', '2016-10-06 08:48:47', '2017-10-16 12:49:43'),
(289, 4, '37L', '2016-10-06 13:33:17', '2016-10-14 19:51:30'),
(290, 17, 'Couach Test', '2016-10-07 06:00:29', '2016-10-07 07:10:00'),
(291, 10, '69', '2016-10-07 12:15:47', '2016-10-17 13:20:42'),
(292, 11, 'Test', '2016-10-10 09:01:25', '2016-10-10 09:08:26'),
(293, 11, 'test', '2016-10-10 10:21:13', '2016-10-10 10:21:25'),
(294, 11, 'Test', '2016-10-10 10:46:44', '2016-10-18 08:14:11'),
(295, 12, 'Test', '2016-10-10 18:50:34', '2016-10-18 18:03:07'),
(296, 8, '45', '2016-10-01 11:10:00', '2016-10-04 18:10:00'),
(297, 8, '46', '2016-10-04 18:10:00', '2016-10-10 14:45:00'),
(298, 8, '47', '2016-10-10 14:45:00', '2016-10-13 12:28:00'),
(299, 8, '48', '2016-10-13 10:30:45', '2016-10-17 11:39:56'),
(300, 9, '356826', '2016-10-15 21:48:01', '2016-10-26 14:35:44'),
(301, 8, '49', '2016-10-17 11:40:11', '2016-10-25 19:45:21'),
(302, 10, '70', '2016-10-17 13:20:59', '2016-10-20 07:39:23'),
(303, 8, '49', '2016-10-18 13:11:08', '2016-10-25 19:45:21'),
(304, 12, 'Test', '2016-10-18 18:00:39', '2016-10-18 18:03:07'),
(305, 12, 'Test2', '2016-10-18 18:04:23', '2016-11-01 10:18:35'),
(306, 11, 'Test', '2016-10-18 17:54:58', '2016-10-18 17:55:48'),
(307, 13, 'Reis Spaas', '2017-02-16 00:00:00', '2017-02-16 23:05:39'),
(308, 11, 'Test', '2016-10-19 18:41:00', '2017-02-24 15:56:39'),
(309, 10, '71', '2016-10-20 07:39:41', '2016-10-28 08:12:35'),
(310, 4, '38g', '2016-10-24 19:17:16', '2016-10-28 06:29:49'),
(311, 8, '51', '2016-10-25 19:45:42', NULL),
(312, 9, '356911', '2016-10-26 14:36:06', NULL),
(313, 4, '39L', '2016-10-28 06:30:08', '2016-10-29 13:14:33'),
(314, 10, '72', '2016-10-28 08:13:18', '2016-11-01 11:10:28'),
(315, 12, 't', '2016-11-01 11:09:39', '2016-11-01 11:10:33'),
(316, 10, '73', '2016-11-01 11:10:51', '2016-11-03 10:41:46'),
(317, 12, 't', '2016-11-01 12:15:48', '2016-11-01 12:18:12'),
(318, 12, '9234 op', '2016-11-02 08:44:47', NULL),
(319, 13, 'reis spaas terug', '2017-02-19 00:01:32', '2017-02-19 16:00:00'),
(320, 20, '1', '2016-11-02 17:59:04', '2016-11-08 12:01:41'),
(321, 10, '74', '2016-11-03 10:42:38', '2016-11-08 08:20:40'),
(322, 4, '39G', '2016-11-04 08:26:10', '2016-11-05 11:07:42'),
(323, 4, '40L', '2016-11-05 11:07:59', '2016-11-14 14:18:25'),
(324, 8, '53', '2016-11-07 17:46:35', '2016-11-09 14:01:47'),
(325, 10, '74', '2016-11-08 08:21:13', '2016-11-15 14:25:38'),
(326, 20, '1635', '2016-11-08 12:16:47', '2016-11-08 23:16:15'),
(327, 20, '', '2016-11-08 23:19:11', NULL),
(328, 8, '55', '2016-11-09 14:02:09', '2016-11-17 23:20:08'),
(329, 20, '1635', '2016-11-12 10:14:45', '2016-11-15 18:42:06'),
(330, 4, '40G', '2016-11-14 14:19:11', '2016-11-15 19:23:44'),
(331, 10, '75', '2016-11-15 14:25:57', '2016-11-17 08:22:22'),
(332, 4, '41L', '2016-11-16 07:31:53', '2016-11-17 11:21:30'),
(333, 10, '76', '2016-11-17 08:22:44', '2016-11-21 07:25:01'),
(334, 4, '41G', '2016-11-17 14:48:41', '2016-11-22 13:55:58'),
(335, 20, '1637', '2016-11-17 08:58:24', '2016-11-22 16:53:36'),
(336, 10, '76', '2016-11-17 17:56:45', '2016-11-21 07:25:01'),
(337, 8, '56', '2016-11-17 23:21:02', '2016-11-22 07:29:03'),
(338, 9, '357046', '2016-11-18 12:39:33', '2016-11-21 14:44:48'),
(339, 10, '37789', '2016-11-21 07:49:17', '2016-11-22 20:13:14'),
(340, 8, '57', '2016-11-22 07:29:26', '2016-11-29 07:16:09'),
(341, 4, '42l', '2016-11-22 15:00:50', '2016-11-30 09:25:28'),
(342, 20, '1638', '2016-11-22 16:54:17', '2016-12-03 04:43:35'),
(343, 15, '1', '2016-11-22 17:44:38', '2016-11-22 17:50:22'),
(344, 15, '1', '2016-11-22 17:50:47', '2016-11-27 18:15:22'),
(345, 10, '37789', '2016-11-23 04:54:12', '2016-11-24 07:33:31'),
(346, 9, '357051', '2016-11-23 13:55:12', '2016-11-27 16:58:41'),
(347, 10, '3', '2016-11-24 07:44:46', '2016-11-28 22:02:28'),
(348, 9, '357052', '2016-11-27 16:59:17', '2016-12-04 06:05:21'),
(349, 15, '16.40.1', '2016-11-27 18:16:15', '2016-12-03 07:26:58'),
(350, 10, '77', '2016-11-28 22:03:08', '2016-12-01 10:06:53'),
(351, 8, '59', '2016-11-29 07:16:24', '2016-12-03 09:43:52'),
(352, 4, '42G', '2016-11-30 09:25:55', '2016-12-06 14:04:54'),
(353, 10, '78', '2016-12-01 10:07:13', '2016-12-06 09:57:51'),
(354, 20, '1639', '2016-12-03 04:00:12', '2016-12-07 14:15:39'),
(355, 8, '60', '2016-12-03 09:44:18', '2016-12-07 14:04:11'),
(356, 9, '357245', '2016-12-04 06:06:54', '2016-12-10 08:31:47'),
(357, 15, '16.41.0', '2016-12-05 10:31:19', '2016-12-07 11:02:59'),
(358, 10, '79', '2016-12-06 09:58:26', '2016-12-07 09:06:28'),
(359, 4, '43L', '2016-12-06 14:05:13', '2016-12-07 10:32:37'),
(360, 10, '80', '2016-12-07 09:06:46', '2016-12-08 07:35:52'),
(361, 4, '43G', '2016-12-07 10:33:13', '2016-12-10 13:12:58'),
(362, 15, '16.41,1', '2016-12-07 11:03:35', '2016-12-09 13:01:16'),
(363, 8, '62', '2016-12-07 14:04:35', '2016-12-12 17:45:36'),
(364, 20, '1640', '2016-12-07 13:58:47', '2016-12-14 17:21:26'),
(365, 10, '81', '2016-12-08 07:36:31', '2016-12-12 13:59:42'),
(366, 15, '16.42.0', '2016-12-09 16:13:58', '2016-12-12 20:48:55'),
(367, 9, '', '2016-12-10 08:55:13', '2017-09-16 18:12:15'),
(368, 10, '82', '2016-12-12 13:59:59', '2016-12-14 07:28:10'),
(369, 8, '', '2016-12-12 17:48:22', '2017-02-02 15:23:48'),
(370, 15, '16.42.1', '2016-12-12 20:49:39', '2016-12-14 10:20:57'),
(371, 4, '44L', '2016-12-13 09:08:09', '2016-12-13 19:26:18'),
(372, 4, '44G', '2016-12-13 19:26:39', '2016-12-16 10:37:32'),
(373, 10, '83', '2016-12-14 07:28:37', '2016-12-15 08:33:24'),
(374, 20, '1641', '2016-12-14 17:22:03', '2016-12-21 05:30:41'),
(375, 10, '84', '2016-12-15 08:33:43', '2016-12-19 10:27:09'),
(376, 15, '16.43.1', '2016-12-15 18:35:55', '2016-12-20 08:09:42'),
(377, 21, 'test', '2016-12-15 18:44:15', '2016-12-15 20:13:24'),
(378, 4, '45L', '2016-12-16 10:37:53', '2016-12-17 18:51:29'),
(379, 9, '357322', '2016-12-18 07:31:12', NULL),
(380, 10, '85', '2016-12-19 10:27:23', '2016-12-21 05:04:02'),
(381, 4, '45G', '2016-12-19 12:09:01', '2016-12-21 06:56:28'),
(382, 8, '70', '2016-12-19 17:24:14', '2017-01-02 21:05:39'),
(383, 10, '86', '2016-12-21 05:04:34', '2017-01-03 08:34:25'),
(384, 20, '1642', '2016-12-21 05:31:10', '2016-12-27 11:47:56'),
(385, 4, '46L', '2016-12-21 06:56:49', '2017-01-09 14:24:03'),
(386, 15, '16.43.0', '2016-12-21 08:01:54', '2016-12-23 07:25:01'),
(387, 15, '16.43.1', '2016-12-23 07:25:38', '2016-12-28 13:34:45'),
(388, 20, '1643', '2016-12-27 11:48:17', '2017-01-03 09:48:28'),
(389, 15, '16.44.1', '2016-12-29 12:56:15', '2017-01-03 09:00:00'),
(390, 8, '2-2017', '2017-01-02 21:06:19', '2017-01-10 15:06:26'),
(391, 10, '1', '2017-01-03 08:34:42', '2017-01-16 13:02:56'),
(392, 20, '1701', '2017-01-03 09:49:11', '2017-01-10 11:58:43'),
(393, 22, '01 2017', '2017-01-03 13:52:04', '2017-01-18 05:05:34'),
(394, 15, '17.01.0', '2017-01-07 08:56:44', '2017-01-09 10:06:10'),
(395, 15, '17.01.1', '2017-01-09 12:33:47', '2017-01-13 12:21:16'),
(396, 4, '1 2017', '2017-01-09 14:24:25', '2017-01-10 13:07:02'),
(397, 20, '1702', '2017-01-10 11:59:06', NULL),
(398, 4, '2 L 17', '2017-01-10 13:07:42', '2017-01-17 11:38:34'),
(399, 8, '3-2017', '2017-01-10 15:07:03', '2017-01-16 11:10:45'),
(400, 2, '26', '2017-01-12 14:15:04', NULL),
(401, 2, '15', '2017-01-12 14:18:04', '2017-01-15 09:07:45'),
(402, 15, '17.02.1', '2017-01-13 12:21:57', '2017-01-19 15:31:57'),
(403, 2, '2018027', '2017-01-15 09:08:26', NULL),
(404, 8, '4-2017', '2017-01-16 11:12:03', '2017-01-23 18:45:09'),
(405, 10, '2', '2017-01-16 13:03:25', '2017-01-24 09:29:48'),
(406, 4, '0217', '2017-01-17 11:38:53', '2017-01-19 18:19:58'),
(407, 22, '02-2017', '2017-01-18 06:48:27', '2017-01-20 12:12:06'),
(408, 20, '1703', '2017-01-19 05:37:57', '2017-01-26 16:47:27'),
(409, 15, '17.03.0', '2017-01-19 15:32:31', '2017-01-20 16:16:35'),
(410, 9, '', '2017-01-20 04:24:06', '2017-09-16 18:12:15'),
(411, 22, '03-2017', '2017-01-20 12:14:42', '2017-01-24 09:35:34'),
(412, 16, '', '2017-01-20 14:13:19', NULL),
(413, 4, '0317L', '2017-01-21 09:02:46', NULL),
(414, 15, '17.03.1', '2017-01-21 20:21:55', '2017-01-25 09:57:37'),
(415, 8, '5-2017', '2017-01-24 09:37:49', NULL),
(416, 22, '04-2017', '2017-01-24 09:37:44', '2017-01-24 09:57:11'),
(417, 10, '3', '2017-01-24 09:30:10', '2017-02-01 06:18:19'),
(418, 22, '03-2017', '2017-01-24 09:58:52', '2017-02-08 08:24:51'),
(419, 21, '2017-01', '2017-01-24 12:34:09', '2017-01-25 09:03:26'),
(420, 21, '2017      2', '2017-01-25 09:30:01', '2017-01-25 19:04:51'),
(421, 15, '17.04.0', '2017-01-25 13:54:28', '2017-01-26 12:26:24'),
(422, 21, '2017      3', '2017-01-26 09:00:40', '2017-01-27 08:16:46'),
(423, 15, '17.04.1', '2017-01-26 12:26:58', '2017-02-01 09:15:00'),
(424, 20, '1704', '2017-01-26 16:48:32', '2017-02-01 22:27:32'),
(425, 21, '2017        4', '2017-01-27 10:55:39', NULL),
(426, 8, 'test 2017', '2017-01-28 16:45:41', '2017-01-30 10:16:58'),
(427, 8, '6-2017', '2017-01-30 10:17:59', '2017-02-02 15:23:47'),
(428, 4, '417G', '2017-01-27 10:32:32', '2017-02-02 06:50:36'),
(429, 10, '4', '2017-02-01 06:18:41', '2017-02-06 09:21:21'),
(430, 21, '5', '2017-02-01 19:57:47', '2017-02-02 05:46:38'),
(431, 20, '1705', '2017-02-01 22:28:10', '2017-02-15 17:48:12'),
(432, 15, '17.05.0', '2017-02-02 05:48:16', '2017-02-02 11:05:09'),
(433, 21, '2017     6', '2017-02-02 05:47:22', '2017-02-02 14:01:48'),
(434, 4, '0417L', '2017-02-02 06:51:13', '2017-02-04 07:28:32'),
(435, 21, '6       2017', '2017-02-02 14:02:20', '2017-02-03 08:05:17'),
(436, 8, '7-2017', '2017-02-02 15:24:25', '2017-02-10 04:33:27'),
(437, 21, '7          2017', '2017-02-03 08:08:18', '2017-02-06 11:23:05'),
(438, 15, '17.05.1', '2017-02-03 12:24:47', '2017-02-08 18:39:39'),
(439, 9, '358806', '2017-02-04 07:31:37', '2017-02-07 15:14:03'),
(440, 4, '0517G', '2017-02-04 07:29:09', '2017-02-06 10:36:05'),
(441, 10, '5', '2017-02-06 09:21:43', '2017-02-08 04:59:50'),
(442, 4, '0617L', '2017-02-06 10:36:23', '2017-02-09 11:07:36'),
(443, 21, '8  2017    Doel   Hedel', '2017-02-06 11:24:06', '2017-02-07 12:30:50'),
(444, 21, '9    2017Heer   Gravendeel', '2017-02-07 12:31:52', '2017-02-07 12:35:49'),
(445, 21, '9  Hedel   Heere   Schravendeel', '2017-02-07 12:36:59', '2017-03-07 06:38:36'),
(446, 9, '358844', '2017-02-07 15:14:23', '2017-02-15 00:10:36'),
(447, 10, '6', '2017-02-08 05:00:22', '2017-02-09 13:04:23'),
(448, 22, '03-2017', '2017-02-08 08:28:05', '2017-02-23 08:29:01'),
(449, 4, '0617G', '2017-02-09 11:08:15', '2017-02-14 09:18:23'),
(450, 10, '7', '2017-02-09 13:04:41', '2017-02-15 12:40:28'),
(451, 8, '8-2017', '2017-02-10 04:33:57', '2017-02-14 04:53:58'),
(452, 15, '17.06.1', '2017-02-10 08:06:33', NULL),
(453, 8, '9-2017', '2017-02-14 04:54:44', '2017-02-17 13:51:40'),
(454, 4, '0717L', '2017-02-14 09:18:47', '2017-02-22 14:25:02'),
(455, 9, '358849', '2017-02-15 00:11:18', '2017-02-25 13:12:28'),
(456, 10, '8', '2017-02-15 12:41:40', '2017-02-20 17:41:19'),
(457, 20, '1706', '2017-02-15 17:48:41', '2017-02-21 21:14:16'),
(458, 13, '9234 op1', '2017-02-16 00:26:36', NULL),
(459, 8, '10-2017', '2017-02-17 13:52:12', '2017-02-21 14:59:25'),
(460, 10, '9', '2017-02-20 17:41:40', '2017-02-23 13:35:54'),
(461, 8, '11-2017', '2017-02-21 14:59:41', '2017-02-24 12:28:52'),
(462, 20, '1707', '2017-02-21 21:16:28', '2017-03-01 13:42:15'),
(463, 4, '0817', '2017-02-22 14:25:42', '2017-02-27 12:19:51'),
(464, 22, '04-2017', '2017-02-23 08:29:38', '2017-02-28 11:29:19'),
(465, 10, '10', '2017-02-23 13:36:18', '2017-03-09 08:39:06'),
(466, 23, '20 op', '2017-02-24 12:22:19', '2017-02-28 12:29:15'),
(467, 24, '20 op', '2017-02-24 12:32:40', '2017-02-28 12:30:07'),
(468, 8, '12-2017', '2017-02-24 12:29:14', '2017-03-07 17:51:08'),
(469, 9, '358883', '2017-02-25 13:12:53', '2017-03-07 23:56:29'),
(470, 4, '0817G', '2017-02-27 12:20:18', '2017-03-03 16:25:28'),
(471, 11, '11', '2017-02-27 15:39:49', '2017-02-28 04:32:46'),
(472, 11, 'test leeg', '2017-02-28 04:33:55', '2017-02-28 05:24:31'),
(473, 11, 'test geladen opvaart', '2017-02-28 07:46:26', '2017-02-28 08:37:38'),
(474, 22, '04-2017', '2017-02-28 11:30:03', '2017-02-28 11:30:03'),
(475, 24, '20 Leeg', '2017-02-28 12:30:23', '2017-03-02 22:30:49'),
(476, 23, '20 Leeg', '2017-02-28 12:29:42', '2017-03-02 22:30:07'),
(477, 13, '1', '2017-03-01 09:54:29', '2017-03-01 09:54:54'),
(478, 20, '1708', '2017-03-01 13:42:48', '2017-03-07 11:55:25'),
(479, 12, '9883', '2017-03-01 19:59:59', NULL),
(480, 13, '9883', '2017-03-01 20:00:20', NULL),
(481, 24, '21 Op', '2017-03-02 22:31:11', '2017-03-05 18:15:53'),
(482, 23, '21 Op', '2017-03-02 22:30:32', '2017-03-05 18:15:22'),
(483, 4, '0917L', '2017-03-03 16:26:02', '2017-03-06 15:58:49'),
(484, 23, '21 op Leeg', '2017-03-05 18:15:46', '2017-03-06 12:12:44'),
(485, 24, '21 op Leeg', '2017-03-05 18:16:14', '2017-03-06 12:13:15'),
(486, 4, '0917G', '2017-03-06 15:59:14', '2017-03-09 09:57:22'),
(487, 21, '9', '2017-03-07 06:39:13', NULL),
(488, 21, '9', '2017-03-07 06:40:30', NULL),
(489, 21, '10', '2017-03-07 06:42:59', '2017-03-07 21:10:25'),
(490, 20, '1709', '2017-03-07 11:56:04', '2017-03-13 13:57:49'),
(491, 24, '22 Af', '2017-03-06 12:13:48', '2017-03-12 02:20:36'),
(492, 23, '22 Af', '2017-03-06 12:13:10', '2017-03-12 02:20:11'),
(493, 21, '10', '2017-03-07 21:11:04', '2017-03-08 09:22:06'),
(494, 21, '10', '2017-03-07 21:11:58', '2017-03-08 09:22:06'),
(495, 9, '358895', '2017-03-07 23:56:59', '2017-03-14 10:15:47'),
(496, 21, '11   Aduard   Wijde   Ee', '2017-03-08 09:23:11', '2017-03-09 05:49:01'),
(497, 15, '10', '2017-03-08 11:58:21', '2017-03-12 18:44:00'),
(498, 21, '11   Aduard   Wijde   Ee', '2017-03-09 05:49:32', '2017-03-13 17:40:51'),
(499, 10, '11', '2017-03-09 08:39:24', '2017-03-14 08:58:25'),
(500, 4, '1017L', '2017-03-09 09:57:42', '2017-03-16 13:59:53'),
(501, 2, '32', '2017-03-10 15:54:03', '2017-06-07 16:49:44'),
(502, 8, '13-2017', '2017-03-11 08:10:54', '2017-03-15 21:14:42'),
(503, 24, '23', '2017-03-12 02:21:58', '2017-03-21 15:24:07'),
(504, 23, '23', '2017-03-12 02:22:23', '2017-04-07 08:12:42'),
(505, 15, '17.10.1', '2017-03-12 18:45:04', '2017-03-17 11:09:10'),
(506, 20, '1710', '2017-03-13 13:58:23', '2017-03-21 05:32:04'),
(507, 21, '12 Beverwijk  Val  urk', '2017-03-13 17:41:55', '2017-03-15 16:24:45'),
(508, 10, '12', '2017-03-14 08:58:44', '2017-03-15 16:05:19'),
(509, 9, '359021', '2017-03-14 10:16:33', '2017-03-21 22:04:05'),
(510, 10, '13', '2017-03-15 16:05:38', '2017-03-21 12:06:05'),
(511, 21, '13 Valv urk   Elburg', '2017-03-15 16:25:26', '2017-03-17 09:40:41'),
(512, 8, '14-2017', '2017-03-15 21:15:09', '2017-03-20 19:04:58'),
(513, 4, '1017L1', '2017-03-16 14:00:38', '2017-03-17 07:16:53'),
(514, 4, '10G2', '2017-03-17 07:20:17', '2017-03-17 10:01:32'),
(515, 21, '13Elburg   Val v urk', '2017-03-17 09:41:34', '2017-03-20 11:03:38'),
(516, 4, '1117G', '2017-03-17 10:01:54', '2017-03-18 14:47:51'),
(517, 21, '14 Val v urk  Baarn', '2017-03-20 11:04:15', '2017-03-21 07:09:51'),
(518, 15, '', '2017-03-20 11:22:17', NULL),
(519, 8, '15-2017', '2017-03-20 19:05:20', '2017-03-21 20:58:24'),
(520, 20, '1711', '2017-03-21 05:32:58', '2017-03-27 06:57:26'),
(521, 21, '15 Baarn  V v urk', '2017-03-21 07:10:36', '2017-03-21 17:43:30'),
(522, 4, '1217l', '2017-03-21 07:35:50', '2017-03-28 07:04:38'),
(523, 10, '14', '2017-03-21 12:06:21', '2017-03-24 08:46:27'),
(524, 24, '24 af', '2017-03-21 15:25:01', '2017-03-23 18:18:16'),
(525, 21, '16  V v urk     Adam', '2017-03-21 17:44:03', '2017-03-22 09:13:14'),
(526, 8, '16-2017', '2017-03-21 20:59:06', '2017-03-28 11:38:19'),
(527, 9, '359059', '2017-03-21 22:04:32', '2017-04-03 12:35:04'),
(528, 21, '16 Adam  V v  Urk', '2017-03-22 09:13:55', '2017-03-23 08:31:14'),
(529, 21, '16Adam   V v Urk', '2017-03-23 08:31:59', '2017-03-23 15:22:23'),
(530, 21, '17V v urk   Elburg', '2017-03-23 15:23:00', '2017-03-27 09:43:26'),
(531, 24, '25 Op', '2017-03-23 18:18:55', NULL),
(532, 10, '15', '2017-03-24 08:46:59', '2017-04-12 14:55:04'),
(533, 15, '1', '2017-03-24 13:41:44', '2017-03-28 10:40:59'),
(534, 20, '1712', '2017-03-27 06:58:21', '2017-04-11 08:57:34'),
(535, 21, '16  V v urk     Adam', '2017-03-27 09:44:05', '2017-03-28 08:16:32'),
(536, 4, '1217lG', '2017-03-28 07:05:48', '2017-03-30 12:39:57'),
(537, 21, '18 Bever    Houtrib', '2017-03-28 08:17:39', '2017-03-31 05:47:24'),
(538, 8, '17-2017', '2017-03-28 11:38:41', '2017-04-04 14:24:57'),
(539, 15, '1', '2017-03-29 04:17:15', '2017-03-31 09:52:01'),
(540, 4, '1317L', '2017-03-30 12:40:18', '2017-04-03 17:45:48'),
(541, 21, '19Houtrib    Adam', '2017-03-31 05:48:25', '2017-04-03 07:53:42'),
(542, 15, '17.12.0', '2017-03-31 09:52:37', '2017-04-05 07:34:31'),
(543, 19, '1', '2017-03-31 13:16:20', '2017-04-03 16:17:19'),
(544, 21, '19 Adam   V v Urk', '2017-04-03 07:54:25', '2017-04-03 15:56:43'),
(545, 9, '359152', '2017-04-03 12:35:37', '2017-04-07 12:28:36'),
(546, 7, '17001', '2017-04-03 12:55:40', '2017-04-06 06:05:05'),
(547, 21, '20  V v urk     Elburg', '2017-04-03 15:57:19', '2017-04-04 08:04:30'),
(548, 19, '2017-04-03', '2017-04-03 16:21:02', '2017-04-06 13:14:26'),
(549, 4, '1317G', '2017-04-03 17:46:12', '2017-04-05 16:07:45'),
(550, 21, '21 Elburg    V v urk', '2017-04-04 08:05:06', '2017-04-05 09:12:46'),
(551, 8, '18-2017', '2017-04-04 14:25:26', '2017-04-11 17:02:27'),
(552, 15, '17.13.1', '2017-04-05 07:35:05', '2017-04-07 13:09:27'),
(553, 21, '22   A dam   V v urk', '2017-04-05 09:13:44', '2017-04-07 10:09:50'),
(554, 4, '1417l', '2017-04-05 16:08:02', '2017-04-07 15:59:10'),
(555, 25, '6-4', '2017-04-06 04:02:14', '2017-04-07 05:05:46'),
(556, 23, '27 op', '2017-04-07 08:13:24', '2017-04-11 08:53:08'),
(557, 25, '7-4-', '2017-04-07 10:02:54', '2017-04-08 06:47:53'),
(558, 21, '22  Diemen V v Urk1', '2017-04-07 10:10:32', '2017-04-10 08:26:41'),
(559, 4, '1417G', '2017-04-07 16:00:22', '2017-04-21 14:40:28'),
(560, 19, '2017-04-08', '2017-04-07 22:49:02', '2017-04-09 14:00:58'),
(561, 15, '17.14.1', '2017-04-08 05:18:40', '2017-04-10 04:52:53'),
(562, 25, '8-4', '2017-04-08 09:18:08', '2017-04-10 08:06:28'),
(563, 19, '2017-04-09', '2017-04-09 14:01:28', '2017-04-12 22:23:49'),
(564, 19, '2017-04-09', '2017-04-09 14:04:19', '2017-04-12 22:23:49'),
(565, 25, '10-4', '2017-04-10 08:07:09', '2017-04-11 07:43:52'),
(566, 21, '23   Hol     V v Urk', '2017-04-10 08:27:24', '2017-04-12 06:23:01'),
(567, 7, '17002', '2017-04-10 13:16:25', '2017-04-12 11:02:02'),
(568, 15, '17.14.0', '2017-04-10 13:29:53', '2017-04-12 15:12:30'),
(569, 25, '114', '2017-04-11 07:44:21', '2017-04-12 05:16:15'),
(570, 20, '1713', '2017-04-11 10:58:13', '2017-04-14 12:51:38'),
(571, 23, '28 aF', '2017-04-11 08:53:49', '2017-04-16 07:34:25'),
(572, 8, '19-2017', '2017-04-11 17:03:11', '2017-04-19 05:52:57'),
(573, 12, '10174', '2017-04-12 04:06:40', '2017-04-18 19:16:26'),
(574, 25, '124', '2017-04-12 05:16:58', '2017-04-12 17:35:25'),
(575, 21, '24 Hol  V vurk', '2017-04-12 06:23:36', '2017-04-13 04:21:54'),
(576, 10, '16', '2017-04-12 14:55:30', '2017-04-21 11:31:49'),
(577, 15, '17.15.1', '2017-04-12 15:13:02', '2017-04-20 13:58:40'),
(578, 25, '124 retour', '2017-04-12 17:36:01', '2017-04-13 22:16:15'),
(579, 19, '2017-04-12', '2017-04-12 22:24:15', '2017-04-24 08:40:48'),
(580, 21, '25   Hol B    V v Urk', '2017-04-13 04:22:56', '2017-04-18 05:50:20'),
(581, 25, '134', '2017-04-13 22:53:31', '2017-04-14 05:59:58'),
(582, 25, '144 retour', '2017-04-14 08:47:44', '2017-04-24 04:16:51'),
(583, 20, '1714', '2017-04-14 10:52:28', '2017-04-24 22:20:02'),
(584, 26, 'Test', '2017-04-14 12:14:45', '2017-04-14 12:16:18'),
(585, 7, '17003', '2017-04-14 18:56:47', '2017-04-18 20:36:15'),
(586, 23, '29 op', '2017-04-16 07:37:52', '2017-04-21 19:47:43'),
(587, 21, '26  Hol      V v Urk', '2017-04-18 05:51:07', '2017-04-18 07:46:13'),
(588, 26, '18-4-2017', '2017-04-18 07:46:29', '2017-04-19 15:48:15'),
(589, 21, '26 HOL   V v Urk', '2017-04-18 07:59:12', '2017-04-18 13:14:12'),
(590, 21, '27V v Urk   Hol Brug', '2017-04-18 13:14:50', '2017-04-20 19:49:38'),
(591, 8, '20-2017', '2017-04-19 05:53:47', '2017-04-22 10:23:23'),
(592, 12, '10176', '2017-04-19 06:45:18', '2017-04-23 18:25:45'),
(593, 10, '16', '2017-04-19 13:19:09', '2017-04-21 11:31:49'),
(594, 26, '19-4-2017', '2017-04-19 15:48:34', '2017-04-26 09:36:39'),
(595, 21, '27Hol   V v urk', '2017-04-20 19:50:25', '2017-07-17 08:16:34'),
(596, 10, '17', '2017-04-21 11:32:22', '2017-05-01 10:11:40'),
(597, 7, '17004', '2017-04-21 13:16:28', '2017-04-27 15:07:49'),
(598, 4, '1517L', '2017-04-21 14:41:00', '2017-04-22 16:31:55'),
(599, 23, 'Reis 30 af.', '2017-04-21 19:48:15', '2017-04-25 12:08:28'),
(600, 8, '21-2017', '2017-04-22 10:23:46', '2017-04-25 18:54:46'),
(601, 4, '1517G', '2017-04-22 16:32:21', '2017-04-26 18:03:54'),
(602, 15, '17.16.1', '2017-04-23 06:01:29', '2017-04-27 11:02:39'),
(603, 19, '', '2017-04-24 08:41:22', NULL),
(604, 20, '1715', '2017-04-24 22:20:38', '2017-05-15 14:33:06'),
(605, 25, '25-4', '2017-04-25 06:29:35', '2017-04-25 22:17:48'),
(606, 23, '31 Op', '2017-04-25 12:08:53', '2017-04-28 19:59:45'),
(607, 8, '22-2017', '2017-04-25 18:55:08', '2017-05-02 11:08:57'),
(608, 25, '26-4', '2017-04-25 22:18:41', '2017-04-27 02:21:14'),
(609, 12, '10178', '2017-04-26 07:08:52', '2017-04-28 17:52:15'),
(610, 26, '26-4-2017', '2017-04-26 09:36:56', '2017-05-02 22:21:18'),
(611, 4, '1617L', '2017-04-26 18:04:23', '2017-05-02 07:32:16'),
(612, 25, '27-4', '2017-04-27 02:21:53', '2017-04-27 17:38:54'),
(613, 15, '17.17.1', '2017-04-27 11:03:19', '2017-05-03 10:03:09'),
(614, 25, '27-4/2', '2017-04-27 17:39:58', '2017-05-01 03:56:43'),
(615, 12, '10179', '2017-04-28 17:52:31', '2017-04-30 20:00:06'),
(616, 23, '32 Op', '2017-04-28 20:00:08', NULL),
(617, 19, '2017-04-28', '2017-04-28 22:05:23', '2017-05-04 07:28:26'),
(618, 7, '17005', '2017-04-29 06:00:24', '2017-04-30 16:15:46'),
(619, 10, '18', '2017-05-01 10:12:18', '2017-05-05 03:55:16'),
(620, 7, '17006', '2017-05-01 18:59:25', '2017-05-02 17:51:44'),
(621, 25, '', '2017-05-01 19:39:46', NULL),
(622, 4, '16G', '2017-05-02 07:32:40', '2017-05-05 16:03:10'),
(623, 25, '2-5', '2017-05-02 10:32:48', '2017-05-03 20:55:00'),
(624, 8, '23-2017`', '2017-05-02 11:09:35', '2017-05-05 18:32:32'),
(625, 12, '10180', '2017-05-02 22:16:38', '2017-05-05 12:26:49'),
(626, 26, '4-5', '2017-05-02 22:21:34', '2017-05-05 07:58:18'),
(627, 25, '3-5', '2017-05-03 20:55:25', '2017-05-04 10:49:45'),
(628, 22, '08-2017', '2017-05-04 06:49:54', '2017-05-23 05:56:45'),
(629, 19, '2017-05-04', '2017-05-04 07:28:53', '2017-05-16 13:35:36'),
(630, 7, '17007', '2017-05-04 09:34:10', '2017-05-05 06:15:01'),
(631, 25, '4-5', '2017-05-04 10:51:09', '2017-05-05 11:59:38'),
(632, 15, '17.18.0', '2017-05-04 13:59:34', '2017-05-06 09:05:06'),
(633, 10, '', '2017-05-05 03:55:42', '2017-10-16 12:49:43'),
(634, 26, '5-5-2017', '2017-05-05 07:58:32', '2017-05-09 13:24:09'),
(635, 25, '5-5', '2017-05-05 12:00:59', '2017-05-08 09:29:56'),
(636, 4, '', '2017-05-05 16:05:13', NULL),
(637, 8, '24-2017', '2017-05-05 18:33:11', '2017-05-11 12:38:59'),
(638, 15, '17.18.1', '2017-05-06 09:05:33', '2017-05-09 05:10:09'),
(639, 4, '1717G', '2017-05-06 10:01:30', '2017-05-12 06:46:28'),
(640, 12, '10181', '2017-05-06 21:10:42', '2017-05-11 08:05:08'),
(641, 25, '0805', '2017-05-08 09:30:36', '2017-05-09 15:34:01'),
(642, 26, '9-5-2017', '2017-05-09 13:24:21', '2017-05-11 12:31:33'),
(643, 25, '95', '2017-05-09 15:34:22', '2017-05-10 09:05:14'),
(644, 7, '17007', '2017-05-10 03:59:49', '2017-05-11 09:30:31'),
(645, 25, '105', '2017-05-10 09:05:51', '2017-05-13 09:59:52'),
(646, 10, '20', '2017-05-10 10:33:52', '2017-05-15 11:49:04'),
(647, 12, '10182', '2017-05-11 08:06:04', '2017-05-17 21:35:03'),
(648, 26, '11-5-2017', '2017-05-11 12:31:45', '2017-05-12 11:26:58'),
(649, 8, '25-2017', '2017-05-11 12:39:26', '2017-05-15 12:44:45'),
(650, 4, '1717g', '2017-05-12 06:47:10', '2017-05-14 13:38:37'),
(651, 26, '12-5-2017', '2017-05-12 11:27:13', '2017-05-15 11:13:17'),
(652, 7, '17008', '2017-05-12 15:46:19', '2017-05-15 10:25:39'),
(653, 15, '17.19.0', '2017-05-13 07:57:40', '2017-05-14 02:49:45'),
(654, 25, '135', '2017-05-13 10:00:14', '2017-05-14 17:13:57'),
(655, 15, '17.19.1', '2017-05-14 02:53:02', '2017-05-15 09:48:49'),
(656, 4, '1817L', '2017-05-14 13:39:08', '2017-05-16 15:55:17'),
(657, 25, '145', '2017-05-14 17:14:16', '2017-05-16 08:09:15'),
(658, 9, '359865', '2017-05-14 18:50:16', '2017-05-19 14:17:17'),
(659, 26, '15-5-2017', '2017-05-15 11:13:29', '2017-05-16 13:02:53'),
(660, 10, '21', '2017-05-15 11:49:25', '2017-05-19 09:04:38'),
(661, 8, '26-2017-', '2017-05-15 12:45:31', '2017-05-17 17:03:22'),
(662, 20, '1716', '2017-05-15 14:33:32', '2017-05-19 06:42:17'),
(663, 25, '165', '2017-05-16 08:09:42', '2017-05-17 05:21:25'),
(664, 15, '17.20.0', '2017-05-16 09:07:22', '2017-05-17 07:48:49'),
(665, 26, '16-5-2017', '2017-05-16 13:03:09', '2017-05-17 06:39:46'),
(666, 4, '', '2017-05-16 15:55:44', NULL),
(667, 19, '', '2017-05-16 21:10:44', NULL),
(668, 25, '175', '2017-05-17 05:21:52', '2017-05-18 15:26:51'),
(669, 26, '17-5-2017', '2017-05-17 06:39:57', '2017-05-19 12:19:03'),
(670, 15, '17.20.1', '2017-05-17 07:49:07', '2017-05-23 13:54:35'),
(671, 7, '17008', '2017-05-17 12:10:13', '2017-05-19 08:19:42'),
(672, 8, '26b-2017', '2017-05-17 17:03:53', '2017-05-23 07:09:31'),
(673, 12, '10184', '2017-05-17 21:36:33', '2017-06-14 12:13:31'),
(674, 25, '185', '2017-05-18 15:27:11', '2017-05-22 13:07:06'),
(675, 20, '1717', '2017-05-19 06:42:49', '2017-05-23 13:11:43'),
(676, 10, '22', '2017-05-19 09:05:03', '2017-05-29 08:28:04'),
(677, 26, '19-5-2017', '2017-05-19 12:19:16', '2017-05-23 06:59:54'),
(678, 9, '359987', '2017-05-19 18:26:00', '2017-05-23 10:17:02'),
(679, 25, '22-5', '2017-05-22 13:08:06', '2017-05-23 15:58:06'),
(680, 19, '2017-05-22', '2017-05-23 05:28:22', '2017-05-26 06:42:35'),
(681, 26, '23-5-20107', '2017-05-23 07:00:07', '2017-05-29 09:54:13'),
(682, 8, '27-2017', '2017-05-23 07:10:16', '2017-05-27 16:09:35'),
(683, 20, '1718', '2017-05-23 13:12:29', '2017-05-29 12:50:32'),
(684, 15, '17.21.0', '2017-05-23 13:55:14', '2017-05-27 17:36:57'),
(685, 22, '09-2017', '2017-05-23 05:58:01', '2017-06-30 06:58:43'),
(686, 25, '23-5', '2017-05-23 15:58:52', '2017-05-25 09:27:43'),
(687, 9, '360004', '2017-05-24 06:19:07', '2017-05-29 21:17:53'),
(688, 25, '25-5', '2017-05-25 12:37:31', '2017-05-26 15:43:06'),
(689, 4, '1917L', '2017-05-25 13:53:11', '2017-05-31 12:05:15'),
(690, 25, '26-5', '2017-05-26 15:44:34', '2017-05-29 04:22:48'),
(691, 8, '28-2017', '2017-05-27 16:09:59', '2017-05-31 09:54:34'),
(692, 15, '17.21.1', '2017-05-27 17:37:27', '2017-06-01 05:09:38'),
(693, 25, '29-5', '2017-05-29 04:23:27', '2017-05-30 09:41:05'),
(694, 10, '23', '2017-05-29 08:28:28', '2017-05-31 09:36:05'),
(695, 26, '29-5-2017', '2017-05-29 09:54:24', '2017-05-30 13:17:22'),
(696, 20, '1719', '2017-05-29 12:50:59', '2017-06-03 01:58:47'),
(697, 9, '360010', '2017-05-29 21:18:38', '2017-06-03 06:15:57'),
(698, 25, '30-5', '2017-05-30 09:42:05', '2017-06-01 13:58:52'),
(699, 26, '30-5-2017', '2017-05-30 13:17:33', '2017-05-31 07:23:24'),
(700, 26, '31-5-2017', '2017-05-31 07:23:37', '2017-06-01 14:16:48'),
(701, 10, '24', '2017-05-31 09:36:25', '2017-06-02 10:40:44'),
(702, 8, '29-2017', '2017-05-31 09:55:06', '2017-06-06 21:35:48'),
(703, 4, '21-17', '2017-05-31 12:05:42', '2017-06-07 05:23:22'),
(704, 15, '17.22.0', '2017-06-01 10:03:12', '2017-06-04 12:16:48'),
(705, 25, '1-6', '2017-06-01 13:59:42', '2017-06-03 10:32:07'),
(706, 26, '1-6-2017', '2017-06-01 14:17:00', '2017-06-02 11:56:02'),
(707, 10, '25', '2017-06-02 10:41:10', '2017-06-12 09:39:41'),
(708, 26, '2-6-2017', '2017-06-02 11:56:16', '2017-06-07 11:05:24'),
(709, 7, '17008', '2017-06-02 15:23:09', '2017-06-06 07:13:37'),
(710, 20, '1720', '2017-06-03 01:59:49', '2017-06-09 04:58:42'),
(711, 9, '360061', '2017-06-03 06:17:01', '2017-06-09 08:08:29'),
(712, 25, '3-6', '2017-06-03 10:32:50', '2017-06-03 16:03:30'),
(713, 25, '3-6 retour', '2017-06-03 19:27:54', '2017-06-04 10:42:21'),
(714, 25, '5-6', '2017-06-04 10:58:49', '2017-06-05 07:39:52'),
(715, 15, '17.22.1', '2017-06-04 12:17:22', '2017-06-07 16:31:56'),
(716, 25, '5-6', '2017-06-05 07:40:16', '2017-06-06 04:42:29'),
(717, 25, '66', '2017-06-06 04:42:54', '2017-06-07 08:37:29'),
(718, 8, '30-2017', '2017-06-06 21:36:06', '2017-06-13 04:15:22'),
(719, 4, '21-17', '2017-06-07 05:23:50', '2017-06-08 16:26:01'),
(720, 25, '7-6', '2017-06-07 08:38:08', '2017-06-08 04:51:18'),
(721, 26, '', '2017-06-07 11:05:38', NULL),
(722, 25, '8-6', '2017-06-08 04:51:55', '2017-06-08 21:38:48'),
(723, 26, '8-6-2017', '2017-06-08 08:25:06', '2017-06-14 13:23:55'),
(724, 15, '17.23.0', '2017-06-08 10:10:38', '2017-06-08 19:19:27'),
(725, 4, '2217L', '2017-06-08 16:26:21', '2017-06-13 10:30:30'),
(726, 15, '17.23.1', '2017-06-08 19:20:06', '2017-06-17 05:08:09'),
(727, 25, '9-6', '2017-06-08 21:39:19', '2017-06-09 15:38:23'),
(728, 20, '1721', '2017-06-09 04:59:11', '2017-06-20 10:28:37'),
(729, 25, '96 rt', '2017-06-09 15:38:50', '2017-06-10 06:33:18'),
(730, 9, '360105', '2017-06-09 19:53:53', '2017-06-14 09:30:42'),
(731, 25, '10-6', '2017-06-10 06:33:45', '2017-06-11 09:03:07'),
(732, 25, '11-6', '2017-06-11 09:03:40', '2017-06-11 16:20:31'),
(733, 25, '12-6', '2017-06-11 16:21:00', '2017-06-13 11:04:32'),
(734, 10, '26', '2017-06-12 09:40:06', '2017-06-15 14:04:15'),
(735, 8, '31-2017', '2017-06-13 09:08:04', '2017-06-19 15:50:58'),
(736, 4, '2217G', '2017-06-13 10:30:56', '2017-06-16 06:45:55'),
(737, 25, '13-6 rt', '2017-06-13 11:05:01', '2017-06-14 05:25:13'),
(738, 25, '14-6', '2017-06-14 05:25:49', '2017-06-15 00:15:56'),
(739, 9, '360131', '2017-06-14 09:31:26', '2017-06-20 15:55:27'),
(740, 12, '10192', '2017-06-14 12:14:25', '2017-08-04 12:32:31'),
(741, 26, '14-6-2017', '2017-06-14 13:24:04', '2017-06-16 12:17:29'),
(742, 25, '14=6rt', '2017-06-15 00:16:31', '2017-06-17 20:42:58'),
(743, 10, '27', '2017-06-15 14:04:35', '2017-06-20 07:28:36'),
(744, 4, '2317L', '2017-06-16 06:46:21', '2017-07-10 15:05:46'),
(745, 28, 'test', '2017-06-16 11:40:17', '2017-06-16 11:48:17'),
(746, 26, '16-6-2017', '2017-06-16 12:17:37', '2017-06-20 05:04:41'),
(747, 25, '176', '2017-06-17 20:43:23', '2017-07-07 14:58:33'),
(748, 8, '32-2017', '2017-06-19 15:51:27', '2017-06-26 12:13:30'),
(749, 26, '20-06-2017', '2017-06-20 05:05:15', '2017-06-22 14:08:45'),
(750, 10, '28', '2017-06-20 07:28:52', '2017-06-23 06:08:31'),
(751, 20, '1722', '2017-06-20 10:29:24', '2017-06-27 13:00:11'),
(752, 15, '17.24.1', '2017-06-20 14:57:57', '2017-06-25 16:47:10'),
(753, 9, '', '2017-06-20 23:37:47', '2017-09-16 18:12:15'),
(754, 26, '22-6-2017', '2017-06-22 14:08:56', '2017-06-27 06:26:56'),
(755, 10, '29', '2017-06-23 06:08:46', '2017-06-28 09:27:13'),
(756, 15, '17.25.1', '2017-06-25 16:47:57', '2017-07-02 14:02:52'),
(757, 9, '360159', '2017-06-25 17:55:10', NULL),
(758, 8, '33-2017', '2017-06-26 12:14:01', '2017-06-29 14:33:16'),
(759, 26, '27-6-2017', '2017-06-27 06:27:11', '2017-06-28 17:15:07'),
(760, 20, '1723', '2017-06-27 13:00:39', '2017-07-01 18:48:19'),
(761, 10, '30', '2017-06-28 09:27:28', '2017-07-05 10:11:09'),
(762, 26, '28-6-2017', '2017-06-28 17:15:22', '2017-07-03 15:32:19'),
(763, 28, '', '2017-06-29 05:35:22', NULL),
(764, 28, '', '2017-06-29 05:35:27', NULL),
(765, 28, '', '2017-06-29 05:35:45', NULL),
(766, 8, '', '2017-06-29 14:33:52', '2017-07-19 16:33:42'),
(767, 22, '10-2017', '2017-06-30 07:03:44', '2017-08-09 08:40:17'),
(768, 20, '1724', '2017-07-01 18:48:59', '2017-07-07 05:47:11'),
(769, 15, '17.26.0', '2017-07-02 14:03:19', '2017-07-04 08:39:11'),
(770, 26, '3-7-2017', '2017-07-03 15:32:29', '2017-07-06 06:43:11'),
(771, 28, 'nog niet binnen', '2017-07-04 06:39:27', '2017-07-05 16:32:14'),
(772, 15, '17.26.1', '2017-07-04 08:39:46', '2017-07-11 17:43:46'),
(773, 10, '31', '2017-07-05 10:11:32', '2017-07-10 09:21:48'),
(774, 8, '35-2017', '2017-07-05 15:37:11', '2017-07-12 12:14:26'),
(775, 26, '6-7-2017', '2017-07-06 06:43:19', '2017-07-07 14:39:17'),
(776, 2, '49', '2017-07-06 13:40:45', '2017-07-06 13:47:39'),
(777, 2, '49', '2017-07-06 13:46:49', '2017-07-06 13:47:39'),
(778, 2, '', '2017-07-06 13:48:32', NULL),
(779, 20, '1125', '2017-07-07 05:47:59', '2017-07-17 08:42:08'),
(780, 26, '7-7-2017', '2017-07-07 14:39:28', '2017-07-12 18:11:56'),
(781, 25, '77', '2017-07-07 18:59:51', '2017-07-08 15:59:59'),
(782, 25, '87', '2017-07-08 16:00:21', '2017-07-17 09:21:12'),
(783, 10, '32', '2017-07-10 09:22:12', '2017-07-12 10:26:06'),
(784, 4, '2317G', '2017-07-10 15:06:18', '2017-07-12 14:51:37'),
(785, 15, '17.26.0', '2017-07-11 17:46:08', '2017-07-11 17:52:27'),
(786, 15, '17.27.0', '2017-07-11 17:52:38', '2017-07-18 09:03:38'),
(787, 10, '33', '2017-07-12 10:26:29', '2017-07-18 11:54:12'),
(788, 8, '36-2017', '2017-07-12 12:15:38', '2017-07-16 01:13:56'),
(789, 4, '2417L', '2017-07-12 14:52:14', '2017-07-14 15:16:02'),
(790, 26, '13-7-2017', '2017-07-12 18:12:10', '2017-07-20 08:58:45'),
(791, 8, '37-2017', '2017-07-16 01:14:43', '2017-07-17 14:45:15'),
(792, 20, '1727', '2017-07-17 08:42:36', '2017-07-21 15:31:36'),
(793, 4, '24G2', '2017-07-17 10:30:23', '2017-07-18 18:04:38'),
(794, 25, '177', '2017-07-17 14:24:46', '2017-07-18 14:00:13'),
(795, 8, '38-2017', '2017-07-17 14:45:32', '2017-07-19 16:25:37'),
(796, 15, '17.27.1', '2017-07-18 09:04:08', '2017-07-26 06:10:53'),
(797, 10, '34', '2017-07-18 11:54:34', '2017-07-24 16:10:57'),
(798, 25, '187', '2017-07-18 14:00:40', '2017-07-19 10:03:32'),
(799, 4, '251L', '2017-07-19 10:26:52', '2017-07-24 11:12:13'),
(800, 8, '39-2017', '2017-07-19 16:34:14', '2017-07-21 13:26:59'),
(801, 25, '207', '2017-07-19 18:51:21', '2017-07-21 10:31:29'),
(802, 26, '', '2017-07-20 08:58:57', NULL),
(803, 25, '217', '2017-07-21 10:31:59', '2017-07-22 10:36:24'),
(804, 8, '40-2017', '2017-07-21 13:27:28', '2017-07-28 13:37:47'),
(805, 20, '1728', '2017-07-21 15:33:06', '2017-07-29 12:13:12'),
(806, 25, '227', '2017-07-22 10:36:49', '2017-07-23 11:34:34'),
(807, 25, '237', '2017-07-23 11:34:56', '2017-07-24 05:25:42'),
(808, 25, '247', '2017-07-24 05:26:16', NULL),
(809, 4, '2517G', '2017-07-24 11:15:04', '2017-07-31 13:07:25'),
(810, 10, '35', '2017-07-24 16:11:17', '2017-08-01 11:49:08'),
(811, 19, '2017-43', '2017-07-25 10:17:32', '2017-11-01 15:59:58'),
(812, 26, '25-7-2017', '2017-07-25 10:48:44', '2017-07-27 08:45:06'),
(813, 15, '17.27.0', '2017-07-26 06:11:20', '2017-07-27 11:02:18');
INSERT INTO `trip` (`trip_id`, `ship_id`, `tripnumber`, `trip_start`, `trip_stop`) VALUES
(814, 26, '7-7-2017', '2017-07-27 08:45:18', '2017-08-02 14:10:49'),
(815, 15, '17.32.1', '2017-08-15 06:00:43', '2017-08-22 13:45:14'),
(816, 8, '41-2017', '2017-07-28 13:38:02', '2017-08-04 10:36:05'),
(817, 20, '1729', '2017-07-29 12:13:46', '2017-08-04 11:45:32'),
(818, 4, '2617', '2017-07-31 13:08:45', '2017-08-01 06:41:08'),
(819, 15, '17.29.1', '2017-07-31 14:41:18', '2017-08-04 13:12:43'),
(820, 4, '2617G', '2017-08-01 06:41:37', '2017-08-02 15:05:03'),
(821, 10, '36', '2017-08-01 11:49:26', '2017-08-03 13:04:45'),
(822, 26, '2-8-2017', '2017-08-02 14:10:58', '2017-08-08 10:59:48'),
(823, 4, '2717L', '2017-08-02 16:42:22', '2017-08-06 10:18:24'),
(824, 10, '37', '2017-08-03 13:05:01', '2017-08-14 12:38:21'),
(825, 8, '43-2017', '2017-08-04 11:24:22', '2017-08-05 15:55:08'),
(826, 20, '1730', '2017-08-04 11:46:28', '2017-08-11 09:19:59'),
(827, 12, '10557', '2017-08-04 12:34:30', NULL),
(828, 15, '17.30.1', '2017-08-04 13:13:33', '2017-08-10 08:19:44'),
(829, 8, '', '2017-08-05 15:55:29', NULL),
(830, 4, '2717G', '2017-08-06 10:18:53', '2017-08-07 12:00:35'),
(831, 26, '8-8-2017', '2017-08-08 10:59:57', '2017-08-14 07:52:57'),
(832, 4, '', '2017-08-08 15:39:49', NULL),
(833, 22, '13-2017', '2017-08-09 08:40:55', '2017-09-22 13:24:10'),
(834, 20, '1731', '2017-08-11 09:20:48', '2017-09-05 05:17:26'),
(835, 8, '46-2017', '2017-08-11 13:36:20', '2017-08-16 19:05:18'),
(836, 26, '14-8-2017', '2017-08-14 07:53:10', '2017-08-15 09:48:31'),
(837, 10, '38', '2017-08-14 12:39:28', '2017-08-17 13:27:32'),
(838, 26, '15-8-2017', '2017-08-15 09:48:49', '2017-08-16 10:27:41'),
(839, 7, '17009', '2017-08-15 13:14:58', '2017-08-22 12:13:10'),
(840, 9, '361221', '2017-08-16 09:57:26', '2017-08-22 14:07:48'),
(841, 26, '16-8-2017', '2017-08-16 10:27:49', '2017-08-17 09:11:14'),
(842, 8, '47-2017', '2017-08-16 19:05:35', '2017-08-21 18:08:22'),
(843, 26, '17-8-2017', '2017-08-17 09:11:22', '2017-08-21 15:14:01'),
(844, 10, '39', '2017-08-17 13:27:55', '2017-09-05 11:02:38'),
(845, 26, '21-8-2017', '2017-08-21 15:15:17', '2017-08-23 11:28:32'),
(846, 8, '48-2017', '2017-08-21 18:08:37', '2017-08-25 18:25:36'),
(847, 15, 'Test 22082017', '2017-08-22 11:54:37', '2017-08-22 11:56:31'),
(848, 9, '361226', '2017-08-22 14:08:30', '2017-08-26 08:20:42'),
(849, 26, '23-8-2017', '2017-08-23 11:28:40', '2017-08-25 06:04:44'),
(850, 26, '25-8-2017', '2017-08-25 06:04:54', '2017-08-30 04:08:51'),
(851, 7, '177010', '2017-08-25 14:22:18', '2017-08-30 14:34:13'),
(852, 15, '17.33.1', '2017-08-25 17:15:33', '2017-08-29 15:45:00'),
(853, 8, '49-2017', '2017-08-25 18:25:54', '2017-09-04 17:02:56'),
(854, 9, '361231', '2017-08-27 07:09:58', '2017-09-01 18:52:24'),
(855, 15, '17.34.0', '2017-08-29 15:45:12', '2017-09-01 13:05:39'),
(856, 26, '30-8-2017', '2017-08-30 04:09:05', '2017-09-01 11:37:37'),
(857, 26, '', '2017-09-01 11:37:46', NULL),
(858, 15, '17.34.1', '2017-09-01 13:05:50', '2017-09-05 10:52:18'),
(859, 9, '361236', '2017-09-01 18:52:56', '2017-09-09 04:20:46'),
(860, 8, '50-2017', '2017-09-04 17:03:07', '2017-09-10 07:16:00'),
(861, 20, '1732', '2017-09-05 10:21:27', '2017-09-13 08:47:46'),
(862, 15, '17.35.0', '2017-09-05 10:52:29', '2017-09-06 06:36:50'),
(863, 10, '40', '2017-09-05 11:03:01', '2017-09-08 10:01:36'),
(864, 30, '42', '2017-09-05 11:57:40', '2017-09-06 18:46:36'),
(865, 15, '17.35.1', '2017-09-06 06:37:05', '2017-09-12 08:31:16'),
(866, 30, '42', '2017-09-06 18:47:30', '2017-09-11 12:01:32'),
(867, 10, '41', '2017-09-08 10:02:08', '2017-09-13 10:05:20'),
(868, 9, '361362', '2017-09-09 04:21:16', '2017-09-12 18:01:56'),
(869, 8, '51-2017', '2017-09-10 07:16:29', '2017-09-14 12:46:51'),
(870, 4, '2817G', '2017-09-10 14:59:11', '2017-09-12 13:42:45'),
(871, 30, '43', '2017-09-11 12:02:45', '2017-09-13 13:00:37'),
(872, 15, '17.36.1', '2017-09-12 08:31:47', '2017-09-19 06:21:43'),
(873, 4, '2917L', '2017-09-12 13:43:20', '2017-09-12 18:01:00'),
(874, 4, '2917G', '2017-09-12 18:01:30', '2017-09-15 10:46:33'),
(875, 9, '361367', '2017-09-13 07:56:07', '2017-09-16 18:12:14'),
(876, 20, '1733', '2017-09-13 08:48:24', '2017-10-06 06:07:16'),
(877, 10, '42', '2017-09-13 10:05:41', '2017-09-18 10:13:40'),
(878, 30, '43', '2017-09-14 08:24:39', '2017-09-15 07:37:08'),
(879, 8, '52-2017', '2017-09-14 12:47:15', '2017-09-17 15:30:49'),
(880, 4, '3017G', '2017-09-15 10:47:00', '2017-09-17 13:34:47'),
(881, 30, '4311', '2017-09-15 23:00:51', '2017-09-16 11:45:06'),
(882, 9, '361394', '2017-09-17 00:55:52', '2017-09-21 19:35:08'),
(883, 30, '43', '2017-09-17 09:29:50', '2017-09-18 06:24:03'),
(884, 4, '3017G2', '2017-09-17 13:36:37', '2017-09-19 14:56:16'),
(885, 8, '53-2017', '2017-09-17 15:31:02', '2017-09-21 17:05:08'),
(886, 10, '43', '2017-09-18 10:14:06', '2017-09-20 11:46:22'),
(887, 30, '46', '2017-09-18 21:43:31', '2017-09-22 05:54:28'),
(888, 15, '17.37.0', '2017-09-19 06:21:56', '2017-09-20 13:09:55'),
(889, 26, '19-9-2017', '2017-09-19 09:12:26', NULL),
(890, 4, '3117L', '2017-09-19 14:56:53', '2017-09-21 09:16:01'),
(891, 10, '44', '2017-09-20 11:46:50', '2017-09-25 12:50:03'),
(892, 10, '', '2017-09-20 11:46:53', '2017-10-16 12:49:43'),
(893, 10, '44', '2017-09-20 11:46:56', '2017-09-25 12:50:03'),
(894, 10, '', '2017-09-20 11:46:59', '2017-10-16 12:49:43'),
(895, 15, '17.37.1', '2017-09-20 13:10:07', '2017-09-26 13:23:03'),
(896, 4, '3117G', '2017-09-21 09:16:30', '2017-09-28 16:52:50'),
(897, 8, '54-2017', '2017-09-21 17:05:31', '2017-09-25 10:31:01'),
(898, 22, '17-201177', '2017-09-22 13:25:56', '2017-10-06 08:02:39'),
(899, 30, '47', '2017-09-22 05:55:15', '2017-09-24 01:57:48'),
(900, 9, '361604', '2017-09-22 20:16:50', '2017-10-02 12:45:24'),
(901, 30, '48', '2017-09-24 01:58:42', '2017-09-25 04:53:59'),
(902, 8, '55-2017', '2017-09-25 10:31:43', '2017-10-03 05:56:22'),
(903, 10, '45', '2017-09-25 12:50:27', '2017-09-28 06:58:55'),
(904, 15, '17.39.0', '2017-09-26 13:23:42', '2017-09-27 17:23:41'),
(905, 30, '49', '2017-09-27 10:06:24', '2017-09-30 07:06:38'),
(906, 15, '17.39.1', '2017-09-27 17:24:12', '2017-09-30 06:51:25'),
(907, 10, '46', '2017-09-28 06:59:15', '2017-10-02 13:32:57'),
(908, 26, '28-9-2017', '2017-09-28 08:57:08', '2017-10-02 09:41:44'),
(909, 4, '3217G', '2017-09-28 16:53:19', '2017-09-30 17:06:31'),
(910, 15, '17.40.0', '2017-09-30 06:53:51', '2017-10-10 10:23:00'),
(911, 26, '2-10-2017', '2017-10-02 09:41:51', '2017-10-04 06:32:56'),
(912, 10, '47', '2017-10-02 13:33:13', '2017-10-03 14:40:07'),
(913, 8, '57-2017', '2017-10-03 05:56:45', '2017-10-22 00:39:27'),
(914, 10, '48', '2017-10-03 14:40:31', '2017-10-09 08:51:47'),
(915, 30, '50', '2017-10-03 07:47:12', '2017-10-04 02:28:19'),
(916, 26, '4-10-2017', '2017-10-04 06:33:23', NULL),
(917, 30, '51', '2017-10-04 12:41:57', '2017-10-06 03:53:39'),
(918, 4, '3317L', '2017-10-05 06:18:00', '2017-10-05 11:42:15'),
(919, 26, '5-10-2017', '2017-10-05 06:55:02', '2017-10-05 12:08:21'),
(920, 26, '5-10-2017', '2017-10-05 12:08:28', '2017-10-06 10:09:49'),
(921, 20, '1737', '2017-10-06 06:07:47', '2017-10-11 03:48:56'),
(922, 22, '19-2017', '2017-10-06 08:07:08', NULL),
(923, 26, '6-10-2017', '2017-10-06 10:10:03', '2017-10-10 09:52:14'),
(924, 30, '52', '2017-10-06 03:54:11', '2017-10-07 18:39:52'),
(925, 30, '53', '2017-10-07 18:40:50', '2017-10-10 20:05:35'),
(926, 9, '361833', '2017-10-08 14:03:16', '2017-10-12 10:32:43'),
(927, 4, '3317L2', '2017-10-09 08:05:24', '2017-10-09 13:55:31'),
(928, 10, '49', '2017-10-09 08:52:17', '2017-10-10 11:37:43'),
(929, 4, '3317G', '2017-10-09 13:55:54', '2017-10-12 16:21:06'),
(930, 26, '10-10-2017', '2017-10-10 09:52:22', '2017-10-16 04:38:01'),
(931, 10, '49 A', '2017-10-10 11:38:13', '2017-10-12 12:54:56'),
(932, 15, '17.40.1', '2017-10-10 10:23:49', '2017-10-18 14:35:13'),
(933, 30, '54', '2017-10-10 20:05:58', '2017-10-11 13:17:58'),
(934, 20, '1738', '2017-10-11 03:49:51', '2017-10-17 09:32:06'),
(935, 30, '54', '2017-10-11 13:18:28', '2017-10-13 06:40:48'),
(936, 10, '50', '2017-10-12 12:55:15', '2017-10-16 12:49:40'),
(937, 30, '55', '2017-10-13 06:41:27', '2017-10-18 12:24:08'),
(938, 9, '361902', '2017-10-13 17:33:01', '2017-10-18 07:45:09'),
(939, 26, '16-10-2017', '2017-10-16 04:38:13', '2017-10-19 07:15:51'),
(940, 10, '', '2017-10-16 12:50:01', NULL),
(941, 4, '3417G', '2017-10-16 13:15:49', '2017-10-18 11:31:47'),
(942, 20, '1739', '2017-10-17 09:32:34', '2017-10-22 18:10:28'),
(943, 9, '361906', '2017-10-18 07:45:55', '2017-10-23 17:06:30'),
(944, 21, 'Test', '2017-10-18 11:17:20', '2017-10-18 11:18:48'),
(945, 30, '56', '2017-10-18 12:25:04', '2017-10-21 10:14:59'),
(946, 10, '52', '2017-10-18 13:30:53', '2017-10-24 15:34:00'),
(947, 15, '17.40.1', '2017-10-18 14:35:51', '2017-11-11 06:10:03'),
(948, 4, '3517L', '2017-10-18 17:48:16', '2017-10-19 15:00:00'),
(949, 21, '10 val  rdam', '2017-10-19 04:27:51', '2017-10-23 12:25:37'),
(950, 26, '19-10-2017', '2017-10-19 07:16:02', '2017-10-23 07:33:41'),
(951, 30, '57', '2017-10-21 10:16:21', '2017-10-21 18:04:04'),
(952, 30, '57', '2017-10-21 18:04:47', '2017-10-24 23:59:09'),
(953, 8, '58-2017', '2017-10-22 00:39:47', '2017-10-25 11:44:44'),
(954, 20, '1740', '2017-10-22 18:11:15', '2017-10-26 16:18:31'),
(955, 26, '23-10-2017', '2017-10-23 07:33:55', '2017-10-26 10:20:37'),
(956, 4, '3317L3', '2017-10-23 08:53:06', '2017-10-23 09:40:23'),
(957, 21, '30', '2017-10-23 12:27:15', '2017-10-24 06:38:42'),
(958, 4, '3517G', '2017-10-23 19:11:19', '2017-10-26 11:38:27'),
(959, 9, '361911', '2017-10-23 19:33:43', '2017-10-29 07:42:40'),
(960, 21, '31  Ing   Zwijnd', '2017-10-24 06:41:40', '2017-10-24 16:54:55'),
(961, 10, '', '2017-10-24 15:34:24', NULL),
(962, 30, '58', '2017-10-25 00:00:00', '2017-10-26 19:44:04'),
(963, 8, '59-2017', '2017-10-25 15:31:59', '2017-10-28 14:55:42'),
(964, 26, '26-10-2017', '2017-10-26 10:20:55', '2017-10-31 12:35:03'),
(965, 4, '3617L', '2017-10-26 11:38:47', '2017-10-27 09:59:45'),
(966, 10, '54', '2017-10-26 12:44:50', '2017-10-31 13:16:35'),
(967, 20, '1741', '2017-10-26 16:19:15', '2017-11-07 08:53:31'),
(968, 30, '59', '2017-10-27 06:35:18', '2017-10-29 18:53:41'),
(969, 22, '21-2017', '2017-10-27 10:02:57', NULL),
(970, 4, '3617G', '2017-10-27 10:00:29', '2017-10-30 16:04:06'),
(971, 21, '32 zwijn  ingen', '2017-10-27 14:35:03', '2017-11-02 19:34:22'),
(972, 8, '59-2017', '2017-10-28 14:56:01', '2017-10-29 13:13:30'),
(973, 8, '60-2017', '2017-10-29 13:13:54', '2017-11-06 16:56:12'),
(974, 30, '60', '2017-10-29 18:54:43', '2017-10-31 11:45:30'),
(975, 9, '361944', '2017-10-30 01:38:22', '2017-11-02 20:31:23'),
(976, 26, '31-10-2017', '2017-10-31 12:35:13', '2017-11-03 12:11:19'),
(977, 10, '55', '2017-10-31 13:16:51', '2017-11-01 18:05:18'),
(978, 30, '61', '2017-10-31 19:22:35', '2017-11-04 09:30:17'),
(979, 4, '3717L', '2017-11-01 13:15:17', '2017-11-04 07:27:01'),
(980, 10, '56', '2017-11-01 18:05:41', '2017-11-13 14:58:54'),
(981, 21, '33', '2017-11-02 19:35:07', NULL),
(982, 21, '33  Kaliwaal  P drecht', '2017-11-02 19:36:26', '2017-11-08 08:04:53'),
(983, 26, '3-11-2017', '2017-11-03 12:11:27', '2017-11-08 09:38:35'),
(984, 9, '', '2017-11-04 08:53:18', NULL),
(985, 30, '62', '2017-11-04 09:30:37', '2017-11-06 05:26:07'),
(986, 19, '01', '2017-11-04 09:12:30', '2017-11-07 01:42:49'),
(987, 30, '63', '2017-11-06 08:53:55', '2017-11-11 13:13:20'),
(988, 8, '-', '2017-11-06 16:56:35', '2017-11-11 11:41:23'),
(989, 20, '1742', '2017-11-07 09:06:52', '2017-11-10 19:33:23'),
(990, 4, '3817l', '2017-11-07 10:12:11', '2017-11-16 16:11:17'),
(991, 9, '362236', '2017-11-07 23:42:26', '2017-11-13 12:26:21'),
(992, 26, '8-11-2017', '2017-11-08 09:38:42', '2017-11-09 09:58:36'),
(993, 21, '34Pdrecht  Moerdijk', '2017-11-08 08:06:29', '2017-11-10 13:07:54'),
(994, 19, '', '2017-11-08 09:56:24', NULL),
(995, 26, '9-11-2017', '2017-11-09 09:58:50', '2017-11-10 09:50:24'),
(996, 4, '3712G', '2017-11-04 07:27:34', NULL),
(997, 15, '17.31.1', '2017-08-12 05:00:08', NULL),
(998, 15, '17.32.1', '2017-08-17 03:57:51', NULL),
(999, 25, '1-5', '2017-05-01 03:58:09', NULL),
(1000, 26, '10-11-2017', '2017-11-10 09:50:35', '2017-11-13 10:13:08'),
(1001, 21, '35Pdrecht   Ingen', '2017-11-10 13:08:54', '2017-11-27 09:52:04'),
(1002, 20, '1743', '2017-11-10 19:35:29', '2017-11-14 07:28:13'),
(1003, 15, '43.17.1', '2017-11-11 06:10:57', NULL),
(1004, 8, '62-2017', '2017-11-11 11:41:49', '2017-11-15 10:40:34'),
(1005, 30, '64', '2017-11-11 13:13:46', '2017-11-21 18:01:42'),
(1006, 19, '003', '2017-11-12 15:13:43', '2017-11-18 14:07:14'),
(1007, 26, '13-11-2017', '2017-11-13 10:13:19', '2017-11-14 12:32:55'),
(1008, 10, '57', '2017-11-13 14:59:24', '2017-11-13 14:59:27'),
(1009, 10, '58', '2017-11-13 14:59:40', NULL),
(1010, 9, '362241', '2017-11-14 04:48:08', '2017-11-18 09:55:38'),
(1011, 20, '1744', '2017-11-14 07:28:53', '2017-11-20 12:27:36'),
(1012, 26, '14-11', '2017-11-14 12:33:06', '2017-11-15 13:52:34'),
(1013, 8, '63-2017', '2017-11-15 10:41:02', '2017-11-22 22:55:35'),
(1014, 26, '15-11-2017', '2017-11-15 13:52:44', '2017-11-22 15:40:27'),
(1015, 10, '59', '2017-11-16 14:56:30', '2017-11-17 10:32:10'),
(1016, 4, '3817G', '2017-11-16 16:11:59', '2017-11-20 10:01:11'),
(1017, 10, '60', '2017-11-17 10:32:32', '2017-11-21 08:46:45'),
(1018, 19, '4', '2017-11-18 14:07:29', '2017-11-23 10:21:46'),
(1019, 20, '1745', '2017-11-20 12:28:10', '2017-11-24 05:37:28'),
(1020, 4, '3917L', '2017-11-20 14:33:13', '2017-11-21 16:21:53'),
(1021, 10, '61', '2017-11-21 08:46:59', '2017-11-24 10:12:44'),
(1022, 4, '3917G', '2017-11-21 16:22:20', '2017-11-23 16:25:29'),
(1023, 30, '65', '2017-11-21 18:02:19', NULL),
(1024, 26, '22-11-2017', '2017-11-22 15:40:35', '2017-11-28 06:15:37'),
(1025, 8, '64-2017', '2017-11-22 22:57:50', '2017-11-27 11:59:05'),
(1026, 19, '5', '2017-11-23 10:21:58', '2017-11-29 15:14:19'),
(1027, 4, '4017L', '2017-11-23 16:25:57', '2017-11-27 11:23:38'),
(1028, 20, '1û46', '2017-11-24 05:38:11', '2017-11-29 22:08:10'),
(1029, 10, '62', '2017-11-24 10:13:11', '2017-11-29 13:58:09'),
(1030, 21, '36   Wanty  Ingen', '2017-11-27 09:53:08', NULL),
(1031, 4, '4017G', '2017-11-27 11:26:21', NULL),
(1032, 8, '65-2017', '2017-11-27 11:59:25', '2017-11-30 13:18:12'),
(1033, 26, '28-11-2017', '2017-11-28 06:15:47', NULL),
(1034, 10, '63', '2017-11-29 13:58:42', NULL),
(1035, 20, '1747', '2017-11-29 22:08:44', NULL),
(1036, 8, '66-2017', '2017-11-30 13:18:54', NULL),
(1037, 19, '7', '2017-12-01 12:40:55', '2017-12-02 21:10:50'),
(1038, 19, '8', '2017-12-02 21:11:49', NULL),
(1039, 19, '4', '2017-11-18 14:07:29', NULL),
(1040, 10, '60', '2017-11-17 10:32:32', '2017-11-21 08:46:45'),
(1041, 30, '65', '2017-11-21 18:02:19', NULL),
(1042, 20, '1745', '2017-11-20 12:28:10', NULL),
(1043, 10, '61', '2017-11-21 08:46:59', NULL),
(1044, 4, '3917L', '2017-11-20 14:33:13', '2017-11-21 16:21:53'),
(1045, 4, '3917G', '2017-11-21 16:22:20', NULL);

-- --------------------------------------------------------

--
-- Tabelstructuur voor tabel `user_role`
--

CREATE TABLE `user_role` (
  `user_role_id` int(10) UNSIGNED NOT NULL,
  `name` varchar(255) COLLATE utf8_unicode_ci NOT NULL
) ENGINE=InnoDB DEFAULT CHARSET=utf8 COLLATE=utf8_unicode_ci;

--
-- Gegevens worden geëxporteerd voor tabel `user_role`
--

INSERT INTO `user_role` (`user_role_id`, `name`) VALUES
(1, 'Gebruiker'),
(2, 'Rederij beheerder'),
(3, 'Blueco Admin'),
(4, 'Schip login');

-- --------------------------------------------------------

--
-- Tabelstructuur voor tabel `yii_session`
--

CREATE TABLE `yii_session` (
  `id` char(40) COLLATE utf8_unicode_ci NOT NULL,
  `expire` int(11) DEFAULT NULL,
  `data` longblob
) ENGINE=InnoDB DEFAULT CHARSET=utf8 COLLATE=utf8_unicode_ci;

--
-- Gegevens worden geëxporteerd voor tabel `yii_session`
--

INSERT INTO `yii_session` (`id`, `expire`, `data`) VALUES
('0hp0fg1gbm4mjhtij3iknu6v47', 1518538326, 0x5f5f666c6173687c613a303a7b7d),
('aplctpal6a6an5rv69c6iaaul0', 1518540106, 0x[BLOB]),
('jlo6750t4cki8tc39fnhob8ha3', 1518539495, 0x5f5f666c6173687c613a303a7b7d);

--
-- Indexen voor tabel `company`
--
ALTER TABLE `company`
  ADD PRIMARY KEY (`company_id`);

--
-- Indexen voor tabel `crew`
--
ALTER TABLE `crew`
  ADD PRIMARY KEY (`crew_id`),
  ADD KEY `fk_crew_company1_idx` (`company_id`),
  ADD KEY `name` (`name`);

--
-- Indexen voor tabel `crew_activity`
--
ALTER TABLE `crew_activity`
  ADD PRIMARY KEY (`trip_crew_id`),
  ADD KEY `crew_id` (`crew_id`),
  ADD KEY `crew_name_from_tripmanager` (`crew_name_from_tripmanager`),
  ADD KEY `ship_id_date_start` (`ship_id`,`date_start`) USING BTREE,
  ADD KEY `date_start` (`date_start`),
  ADD KEY `ship_id` (`ship_id`);

--
-- Indexen voor tabel `engine`
--
ALTER TABLE `engine`
  ADD PRIMARY KEY (`engine_id`),
  ADD KEY `fk_engine_engine_brand1_idx` (`engine_brand_id`);

--
-- Indexen voor tabel `engine_brand`
--
ALTER TABLE `engine_brand`
  ADD PRIMARY KEY (`engine_brand_id`);

--
-- Indexen voor tabel `instance_lookup`
--
ALTER TABLE `instance_lookup`
  ADD PRIMARY KEY (`obm_id`,`instance_id`);

--
-- Indexen voor tabel `migration`
--
ALTER TABLE `migration`
  ADD PRIMARY KEY (`version`);

--
-- Indexen voor tabel `obm`
--
ALTER TABLE `obm`
  ADD PRIMARY KEY (`obm_id`);

--
-- Indexen voor tabel `report_export`
--
ALTER TABLE `report_export`
  ADD PRIMARY KEY (`export_id`);

--
-- Indexen voor tabel `shipcategory`
--
ALTER TABLE `shipcategory`
  ADD PRIMARY KEY (`category_id`),
  ADD KEY `fk_shipcategory_company1_idx` (`company_id`),
  ADD KEY `parent_cat_idx` (`parent_category`);

--
-- Indexen voor tabel `ship_config`
--
ALTER TABLE `ship_config`
  ADD PRIMARY KEY (`ship_id`,`config_key`);

--
-- Indexen voor tabel `ship_note`
--
ALTER TABLE `ship_note`
  ADD PRIMARY KEY (`trip_note_id`),
  ADD KEY `fk_trip_note_ship1_idx` (`ship_id`),
  ADD KEY `insert_date_idx` (`insert_date`),
  ADD KEY `insert_date_ship_idx` (`insert_date`,`ship_id`);

--
-- Indexen voor tabel `ship_obm`
--
ALTER TABLE `ship_obm`
  ADD PRIMARY KEY (`ship_id`,`obm_id`),
  ADD KEY `fk_ship_module_module1_idx` (`obm_id`),
  ADD KEY `fk_ship_module_ship1_idx` (`ship_id`);

--
-- Indexen voor tabel `ship_user`
--
ALTER TABLE `ship_user`
  ADD KEY `ship_id` (`ship_id`,`user_id`),
  ADD KEY `user_id` (`user_id`);

--
-- Indexen voor tabel `trip`
--
ALTER TABLE `trip`
  ADD PRIMARY KEY (`trip_id`),
  ADD KEY `fk_trip_ship_idx` (`ship_id`),
  ADD KEY `trip_start_stop_idx` (`trip_start`,`trip_stop`),
  ADD KEY `tripnumber` (`tripnumber`);

--
-- Indexen voor tabel `user_role`
--
ALTER TABLE `user_role`
  ADD PRIMARY KEY (`user_role_id`);

--
-- Indexen voor tabel `yii_session`
--
ALTER TABLE `yii_session`
  ADD PRIMARY KEY (`id`),
  ADD KEY `expire` (`expire`);

--
-- AUTO_INCREMENT voor geëxporteerde tabellen
--

--
-- AUTO_INCREMENT voor een tabel `company`
--
ALTER TABLE `company`
  MODIFY `company_id` int(10) UNSIGNED NOT NULL AUTO_INCREMENT, AUTO_INCREMENT=26;

--
-- AUTO_INCREMENT voor een tabel `crew`
--
ALTER TABLE `crew`
  MODIFY `crew_id` int(10) UNSIGNED NOT NULL AUTO_INCREMENT, AUTO_INCREMENT=7;

--
-- AUTO_INCREMENT voor een tabel `crew_activity`
--
ALTER TABLE `crew_activity`
  MODIFY `trip_crew_id` int(11) NOT NULL AUTO_INCREMENT, AUTO_INCREMENT=1058;

--
-- AUTO_INCREMENT voor een tabel `engine`
--
ALTER TABLE `engine`
  MODIFY `engine_id` int(10) UNSIGNED NOT NULL AUTO_INCREMENT, AUTO_INCREMENT=20;

--
-- AUTO_INCREMENT voor een tabel `engine_brand`
--
ALTER TABLE `engine_brand`
  MODIFY `engine_brand_id` int(10) UNSIGNED NOT NULL AUTO_INCREMENT, AUTO_INCREMENT=16;

--
-- AUTO_INCREMENT voor een tabel `obm`
--
ALTER TABLE `obm`
  MODIFY `obm_id` int(10) UNSIGNED NOT NULL AUTO_INCREMENT, AUTO_INCREMENT=4;

--
-- AUTO_INCREMENT voor een tabel `report_export`
--
ALTER TABLE `report_export`
  MODIFY `export_id` int(11) NOT NULL AUTO_INCREMENT, AUTO_INCREMENT=309;

--
-- AUTO_INCREMENT voor een tabel `shipcategory`
--
ALTER TABLE `shipcategory`
  MODIFY `category_id` int(10) UNSIGNED NOT NULL AUTO_INCREMENT;

--
-- AUTO_INCREMENT voor een tabel `ship_note`
--
ALTER TABLE `ship_note`
  MODIFY `trip_note_id` int(10) UNSIGNED NOT NULL AUTO_INCREMENT, AUTO_INCREMENT=61;

--
-- AUTO_INCREMENT voor een tabel `trip`
--
ALTER TABLE `trip`
  MODIFY `trip_id` int(10) UNSIGNED NOT NULL AUTO_INCREMENT, AUTO_INCREMENT=1046;

--
-- AUTO_INCREMENT voor een tabel `user_role`
--
ALTER TABLE `user_role`
  MODIFY `user_role_id` int(10) UNSIGNED NOT NULL AUTO_INCREMENT, AUTO_INCREMENT=5;

--
-- Beperkingen voor tabel `crew`
--
ALTER TABLE `crew`
  ADD CONSTRAINT `fk_crew_company1` FOREIGN KEY (`company_id`) REFERENCES `company` (`company_id`) ON DELETE NO ACTION ON UPDATE NO ACTION;

--
-- Beperkingen voor tabel `crew_activity`
--
ALTER TABLE `crew_activity`
  ADD CONSTRAINT `crew_activity_ibfk_1` FOREIGN KEY (`crew_id`) REFERENCES `crew` (`crew_id`) ON DELETE CASCADE ON UPDATE CASCADE;

--
-- Beperkingen voor tabel `engine`
--
ALTER TABLE `engine`
  ADD CONSTRAINT `fk_engine_engine_brand1` FOREIGN KEY (`engine_brand_id`) REFERENCES `engine_brand` (`engine_brand_id`) ON DELETE SET NULL ON UPDATE NO ACTION;

--
-- Beperkingen voor tabel `shipcategory`
--
ALTER TABLE `shipcategory`
  ADD CONSTRAINT `fk_shipcategory_company1` FOREIGN KEY (`company_id`) REFERENCES `company` (`company_id`) ON DELETE NO ACTION ON UPDATE NO ACTION;

--
-- Beperkingen voor tabel `ship_config`
--
ALTER TABLE `ship_config`
  ADD CONSTRAINT `ship_config_ibfk_1` FOREIGN KEY (`ship_id`) REFERENCES `ship` (`ship_id`) ON DELETE CASCADE ON UPDATE CASCADE;

--
-- Beperkingen voor tabel `ship_note`
--
ALTER TABLE `ship_note`
  ADD CONSTRAINT `fk_trip_note_ship1` FOREIGN KEY (`ship_id`) REFERENCES `ship` (`ship_id`) ON DELETE CASCADE ON UPDATE CASCADE;

--
-- Beperkingen voor tabel `ship_obm`
--
ALTER TABLE `ship_obm`
  ADD CONSTRAINT `fk_ship_module_module1` FOREIGN KEY (`obm_id`) REFERENCES `obm` (`obm_id`) ON DELETE NO ACTION ON UPDATE NO ACTION,
  ADD CONSTRAINT `fk_ship_module_ship1` FOREIGN KEY (`ship_id`) REFERENCES `ship` (`ship_id`) ON DELETE CASCADE ON UPDATE CASCADE;

--
-- Beperkingen voor tabel `ship_user`
--
ALTER TABLE `ship_user`
  ADD CONSTRAINT `ship_user_ibfk_1` FOREIGN KEY (`ship_id`) REFERENCES `ship` (`ship_id`) ON DELETE CASCADE ON UPDATE CASCADE,
  ADD CONSTRAINT `ship_user_ibfk_2` FOREIGN KEY (`user_id`) REFERENCES `user` (`user_id`) ON DELETE CASCADE ON UPDATE CASCADE;

--
-- Beperkingen voor tabel `trip`
--
ALTER TABLE `trip`
  ADD CONSTRAINT `fk_trip_ship` FOREIGN KEY (`ship_id`) REFERENCES `ship` (`ship_id`) ON DELETE CASCADE ON UPDATE CASCADE;
COMMIT;

